000
CXUS56 KLOX 011725
CF6SBA
PRELIMINARY LOCAL CLIMATOLOGICAL DATA (WS FORM: F-6)
STATION: SANTA BARBARA AIRPORT CA
MONTH: AUGUST
YEAR: 2020
LATITUDE: 34 25 N
LONGITUDE: 119 50 W
TEMPERATURE IN F: :PCPN: SNOW: WIND :SUNSHINE: SKY :PK WND
================================================================================
1 2 3 4 5 6A 6B 7 8 9 10 11 12 13 14 15 16 17 18
12Z AVG MX 2MIN
DY MAX MIN AVG DEP HDD CDD WTR SNW DPTH SPD SPD DIR MIN PSBL S-S WX SPD DR
================================================================================
1 74 54 64 -2 1 0 0.00 0.0 0 4.9 16 160 M M 0 18 21 150
2 75 54 65 -1 0 0 0.00 0.0 0 4.3 9 210 M M 0 12 210
3 69 57 63 -3 2 0 0.00 0.0 0 4.9 10 140 M M 3 18 17 130
4 71 58 65 -1 0 0 0.00 0.0 0 5.2 10 110 M M 4 1 16 90
5 71 54 63 -3 2 0 0.00 0.0 0 5.6 15 140 M M 2 20 130
6 72 55 64 -2 1 0 0.00 0.0 0 5.3 16 250 M M 4 20 260
7 74 54 64 -2 1 0 0.00 0.0 0 5.5 13 250 M M 0 17 180
8 72 55 64 -2 1 0 0.00 0.0 0 5.1 14 260 M M 2 18 21 160
9 69 53 61 -5 4 0 0.00 0.0 0 5.0 13 260 M M 3 1 18 320
10 68 53 61 -5 4 0 0.00 0.0 0 5.5 15 260 M M 5 1 20 270
11 69 53 61 -5 4 0 0.00 0.0 0 5.0 14 250 M M 5 128 17 250
12 77 52 65 -1 0 0 0.00 0.0 0 4.9 13 240 M M 2 12 14 250
13 84 58 71 5 0 6 0.00 0.0 0 5.1 21 260 M M 4 18 27 260
14 82 62 72 6 0 7 0.00 0.0 0 7.5 18 130 M M 0 21 130
15 85 61 73 7 0 8 T 0.0 0 5.0 20 170 M M 1 138 29 180
16 83 64 74 8 0 9 0.00 0.0 0 5.3 16 100 M M 0 20 100
17 82 62 72 6 0 7 0.00 0.0 0 4.4 16 260 M M 1 18 20 260
18 85 65 75 9 0 10 0.00 0.0 0 7.1 16 260 M M 0 18 20 250
19 87 64 76 10 0 11 0.00 0.0 0 3.7 14 250 M M 1 18 23 30
20 82 62 72 6 0 7 0.00 0.0 0 4.0 14 80 M M 2 18 17 90
21 81 62 72 6 0 7 0.00 0.0 0 4.1 14 160 M M 1 18 19 140
22 85 64 75 9 0 10 0.00 0.0 0 5.1 12 190 M M 0 18 15 140
23 80 66 73 7 0 8 0.00 0.0 0 5.5 14 250 M M 4 128 19 280
24 77 66 72 6 0 7 0.00 0.0 0 6.5 18 270 M M 5 128 25 270
25 79 63 71 5 0 6 0.00 0.0 0 4.9 14 250 M M 3 1 17 240
26 78 62 70 4 0 5 0.00 0.0 0 4.1 12 110 M M 3 1 16 170
27 82 59 71 5 0 6 0.00 0.0 0 4.8 12 140 M M 0 1 16 120
28 70 55 63 -3 2 0 0.00 0.0 0 5.6 16 260 M M 3 18 19 250
29 71 58 65 -1 0 0 0.00 0.0 0 4.5 16 260 M M 5 18 19 250
30 72 57 65 -1 0 0 0.00 0.0 0 5.6 16 260 M M 6 20 270
31 72 59 66 0 0 1 0.00 0.0 0 5.0 15 260 M M 5 1 17 260
================================================================================
SM 2378 1821 22 115 T 0.0 159.0 M 74
================================================================================
AV 76.7 58.7 5.1 FASTST M M 2 MAX(MPH)
MISC ----> # 21 260 # 29 180
================================================================================
NOTES:
# LAST OF SEVERAL OCCURRENCES
COLUMN 17 PEAK WIND IN M.P.H.
PRELIMINARY LOCAL CLIMATOLOGICAL DATA (WS FORM: F-6) , PAGE 2
STATION: SANTA BARBARA AIRPORT CA
MONTH: AUGUST
YEAR: 2020
LATITUDE: 34 25 N
LONGITUDE: 119 50 W
[TEMPERATURE DATA] [PRECIPITATION DATA] SYMBOLS USED IN COLUMN 16
AVERAGE MONTHLY: 67.7 TOTAL FOR MONTH: T 1 = FOG OR MIST
DPTR FM NORMAL: 1.7 DPTR FM NORMAL: -0.12 2 = FOG REDUCING VISIBILITY
HIGHEST: 87 ON 19 GRTST 24HR T ON 15-15 TO 1/4 MILE OR LESS
LOWEST: 52 ON 12 3 = THUNDER
SNOW, ICE PELLETS, HAIL 4 = ICE PELLETS
TOTAL MONTH: 0.0 INCH 5 = HAIL
GRTST 24HR 0.0 6 = FREEZING RAIN OR DRIZZLE
GRTST DEPTH: 0 7 = DUSTSTORM OR SANDSTORM:
VSBY 1/2 MILE OR LESS
8 = SMOKE OR HAZE
[NO. OF DAYS WITH] [WEATHER - DAYS WITH] 9 = BLOWING SNOW
X = TORNADO
MAX 32 OR BELOW: 0 0.01 INCH OR MORE: 0
MAX 90 OR ABOVE: 0 0.10 INCH OR MORE: 0
MIN 32 OR BELOW: 0 0.50 INCH OR MORE: 0
MIN 0 OR BELOW: 0 1.00 INCH OR MORE: 0
[HDD (BASE 65) ]
TOTAL THIS MO. 22 CLEAR (SCALE 0-3) 20
DPTR FM NORMAL -2 PTCLDY (SCALE 4-7) 11
TOTAL FM JUL 1 54 CLOUDY (SCALE 8-10) 0
DPTR FM NORMAL 3
[CDD (BASE 65) ]
TOTAL THIS MO. 115
DPTR FM NORMAL 60 [PRESSURE DATA]
TOTAL FM JAN 1 219 HIGHEST SLP 30.01 ON 8
DPTR FM NORMAL 92 LOWEST SLP 29.68 ON 20
[REMARKS]
#FINAL-08-20#