000
CXUS53 KIWX 010810
CF6SBN
PRELIMINARY LOCAL CLIMATOLOGICAL DATA (WS FORM: F-6)
STATION: SOUTH BEND
MONTH: JUNE
YEAR: 2021
LATITUDE: 41 42 N
LONGITUDE: 86 19 W
TEMPERATURE IN F: :PCPN: SNOW: WIND :SUNSHINE: SKY :PK WND
================================================================================
1 2 3 4 5 6A 6B 7 8 9 10 11 12 13 14 15 16 17 18
12Z AVG MX 2MIN
DY MAX MIN AVG DEP HDD CDD WTR SNW DPTH SPD SPD DIR MIN PSBL S-S WX SPD DR
================================================================================
1 77 49 63 -1 2 0 0.00 0.0 0 1.8 9 150 M M 2 13 200
2 75 53 64 -1 1 0 0.00 0.0 0 5.8 16 100 M M 3 21 110
3 83 52 68 3 0 3 0.00 0.0 0 4.3 10 290 M M 1 128 16 280
4 89 66 78 12 0 13 T 0.0 0 10.5 21 260 M M 2 28 290
5 90 66 78 12 0 13 0.00 0.0 0 11.0 22 230 M M 2 37 190
6 88 68 78 12 0 13 T 0.0 0 9.4 24 190 M M 2 32 200
7 79 71 75 9 0 10 0.91 0.0 0 5.6 13 190 M M 7 18 19 200
8 87 69 78 11 0 13 0.20 0.0 0 4.3 15 10 M M 4 38 18 30
9 87 69 78 11 0 13 0.02 0.0 0 3.9 15 350 M M 3 13 20 360
10 88 70 79 12 0 14 T 0.0 0 4.6 10 30 M M 3 1 19 150
11 90 68 79 11 0 14 0.00 0.0 0 5.1 13 350 M M 1 18 18 330
12 92 66 79 11 0 14 0.00 0.0 0 4.3 15 310 M M 0 3 18 320
13 83 63 73 5 0 8 0.00 0.0 0 8.6 20 360 M M 1 25 330
14 77 59 68 -1 0 3 0.00 0.0 0 11.3 24 350 M M 1 33 360
15 78 55 67 -2 0 2 0.00 0.0 0 9.6 22 320 M M 0 30 320
16 81 52 67 -2 0 2 0.00 0.0 0 5.9 18 310 M M 0 22 310
17 87 47 67 -2 0 2 0.00 0.0 0 4.9 14 190 M M 0 18 180
18 87 66 77 7 0 12 0.04 0.0 0 8.2 28 330 M M 2 3 39 330
19 87 66 77 7 0 12 0.12 0.0 0 8.3 23 230 M M 4 138 33 250
20 87 64 76 6 0 11 0.65 0.0 0 3.2 26 240 M M 3 123 36 230
21 77 49 63 -7 2 0 0.67 0.0 0 13.5 36 340 M M 6 13 49 340
22 74 46 60 -11 5 0 T 0.0 0 5.3 18 310 M M 3 26 310
23 77 59 68 -3 0 3 T 0.0 0 11.4 22 180 M M 6 30 190
24 83 63 73 2 0 8 0.01 0.0 0 11.4 24 200 M M 5 32 200
25 77 69 73 2 0 8 1.84 0.0 0 10.7 23 210 M M 8 13 33 210
26 84 71 78 7 0 13 4.30 0.0 0 11.3 35 240 M M 8 1238 49 250
27 87 70 79 7 0 14 T 0.0 0 11.7 22 220 M M 7 34 200
28 86 69 78 6 0 13 0.03 0.0 0 5.2 18 220 M M 6 3 24 220
29 87 71 79 7 0 14 0.82 0.0 M 4.9 41 300 M M 3 138 55 290
30 80 71 76 4 0 11 0.06 0.0 0 4.7 13 300 M M 6 1 16 280
================================================================================
SM 2504 1877 10 256 9.67 0.0 220.7 M 99
================================================================================
AV 83.5 62.6 7.4 FASTST M M 3 MAX(MPH)
MISC ----> 41 300 55 290
================================================================================
NOTES:
# LAST OF SEVERAL OCCURRENCES
COLUMN 17 PEAK WIND IN M.P.H.
PRELIMINARY LOCAL CLIMATOLOGICAL DATA (WS FORM: F-6) , PAGE 2
STATION: SOUTH BEND
MONTH: JUNE
YEAR: 2021
LATITUDE: 41 42 N
LONGITUDE: 86 19 W
[TEMPERATURE DATA] [PRECIPITATION DATA] SYMBOLS USED IN COLUMN 16
AVERAGE MONTHLY: 73.0 TOTAL FOR MONTH: 9.67 1 = FOG OR MIST
DPTR FM NORMAL: 4.2 DPTR FM NORMAL: 5.63 2 = FOG REDUCING VISIBILITY
HIGHEST: 92 ON 12 GRTST 24HR 4.63 ON 25-26 TO 1/4 MILE OR LESS
LOWEST: 46 ON 22 3 = THUNDER
SNOW, ICE PELLETS, HAIL 4 = ICE PELLETS
TOTAL MONTH: 0.0 INCH 5 = HAIL
GRTST 24HR 0.0 6 = FREEZING RAIN OR DRIZZLE
GRTST DEPTH: 0 7 = DUSTSTORM OR SANDSTORM:
VSBY 1/2 MILE OR LESS
8 = SMOKE OR HAZE
[NO. OF DAYS WITH] [WEATHER - DAYS WITH] 9 = BLOWING SNOW
X = TORNADO
MAX 32 OR BELOW: 0 0.01 INCH OR MORE: 13
MAX 90 OR ABOVE: 3 0.10 INCH OR MORE: 8
MIN 32 OR BELOW: 0 0.50 INCH OR MORE: 6
MIN 0 OR BELOW: 0 1.00 INCH OR MORE: 2
[HDD (BASE 65) ]
TOTAL THIS MO. 10 CLEAR (SCALE 0-3) 19
DPTR FM NORMAL -34 PTCLDY (SCALE 4-7) 11
TOTAL FM JUL 1 5802 CLOUDY (SCALE 8-10) 0
DPTR FM NORMAL -600
[CDD (BASE 65) ]
TOTAL THIS MO. 256
DPTR FM NORMAL 100 [PRESSURE DATA]
TOTAL FM JAN 1 350 HIGHEST SLP 30.26 ON 1
DPTR FM NORMAL 138 LOWEST SLP 29.46 ON 21
[REMARKS]
#FINAL-06-21#