000
CXUS56 KLOX 011155
CF6SBP
PRELIMINARY LOCAL CLIMATOLOGICAL DATA (WS FORM: F-6)
STATION: SAN LUIS OBISPO AIRPORT CA
MONTH: JULY
YEAR: 2021
LATITUDE: 35 13 N
LONGITUDE: 120 38 W
TEMPERATURE IN F: :PCPN: SNOW: WIND :SUNSHINE: SKY :PK WND
================================================================================
1 2 3 4 5 6A 6B 7 8 9 10 11 12 13 14 15 16 17 18
12Z AVG MX 2MIN
DY MAX MIN AVG DEP HDD CDD WTR SNW DPTH SPD SPD DIR MIN PSBL S-S WX SPD DR
================================================================================
1 77 59 68 3 0 3 0.00 M M 7.2 18 310 M M 6 1 23 310
2 78 58 68 3 0 3 0.00 M M 7.8 20 300 M M 5 1 24 320
3 77 57 67 2 0 2 0.00 M M 9.2 22 300 M M 5 1 24 300
4 75 56 66 1 0 1 T M M 8.8 20 310 M M 6 1 24 310
5 77 57 67 2 0 2 0.00 M M 9.0 21 310 M M 6 26 310
6 76 56 66 0 0 1 0.00 M M 12.3 23 310 M M 4 28 310
7 74 55 65 -1 0 0 0.00 M M 15.0 24 310 M M 0 28 310
8 86 54 70 4 0 5 0.00 M M 5.5 15 320 M M 3 1 18 320
9 90 62 76 10 0 11 0.00 M M 4.6 12 300 M M 0 16 240
10 85 58 72 6 0 7 0.00 M M 5.0 16 310 M M 0 1 18 310
11 86 58 72 6 0 7 0.00 M M 6.8 21 310 M M 1 1 24 310
12 82 57 70 4 0 5 0.00 M M 6.0 16 310 M M 4 18 19 310
13 77 57 67 1 0 2 0.00 M M 7.8 15 310 M M 4 1 18 300
14 75 57 66 0 0 1 0.00 M M 5.6 12 220 M M 4 15 200
15 77 57 67 1 0 2 0.00 M M 7.9 18 310 M M 5 23 300
16 77 55 66 0 0 1 0.00 M M 6.6 15 310 M M 5 1 17 300
17 80 56 68 2 0 3 0.00 M M 6.2 15 310 M M 4 18 300
18 84 57 71 5 0 6 0.00 M M 5.3 15 320 M M 3 20 340
19 87 57 72 6 0 7 0.00 M M 6.3 15 310 M M 0 1 18 310
20 82 57 70 4 0 5 0.00 M M 7.2 18 300 M M 3 1 21 300
21 78 54 66 0 0 1 0.00 M M 8.8 23 300 M M 0 26 320
22 79 54 67 0 0 2 0.00 M M 5.6 16 310 M M 3 18 20 320
23 80 55 68 1 0 3 0.00 M M 4.7 13 300 M M 4 1 16 320
24 78 55 67 0 0 2 0.00 M M 3.8 12 310 M M 4 16 300
25 77 57 67 0 0 2 0.00 M M 4.5 15 320 M M 4 18 330
26 73 56 65 -2 0 0 0.01 M M 3.6 10 310 M M 5 1 11 320
27 80 59 70 3 0 5 0.00 M M 6.7 15 300 M M 4 1 18 320
28 78 58 68 1 0 3 0.00 M M 8.4 22 310 M M 4 1 24 310
29 78 57 68 1 0 3 0.00 M M 9.2 20 300 M M 5 1 22 300
30 82 57 70 3 0 5 0.00 M M 5.5 16 300 M M 5 22 330
31 81 57 69 2 0 4 0.00 M M 6.0 17 300 M M 4 20 300
================================================================================
SM 2466 1759 0 104 0.01 M 216.9 M 110
================================================================================
AV 79.5 56.7 7.0 FASTST M M 4 MAX(MPH)
MISC ----> 24 310 # 28 310
================================================================================
NOTES:
# LAST OF SEVERAL OCCURRENCES
COLUMN 17 PEAK WIND IN M.P.H.
PRELIMINARY LOCAL CLIMATOLOGICAL DATA (WS FORM: F-6) , PAGE 2
STATION: SAN LUIS OBISPO AIRPORT CA
MONTH: JULY
YEAR: 2021
LATITUDE: 35 13 N
LONGITUDE: 120 38 W
[TEMPERATURE DATA] [PRECIPITATION DATA] SYMBOLS USED IN COLUMN 16
AVERAGE MONTHLY: 68.1 TOTAL FOR MONTH: 0.01 1 = FOG OR MIST
DPTR FM NORMAL: 2.0 DPTR FM NORMAL: -0.07 2 = FOG REDUCING VISIBILITY
HIGHEST: 90 ON 9 GRTST 24HR 0.01 ON 26-26 TO 1/4 MILE OR LESS
LOWEST: 54 ON 22,21 3 = THUNDER
SNOW, ICE PELLETS, HAIL 4 = ICE PELLETS
TOTAL MONTH: M 5 = HAIL
GRTST 24HR M ON M 6 = FREEZING RAIN OR DRIZZLE
GRTST DEPTH: M ON M 7 = DUSTSTORM OR SANDSTORM:
VSBY 1/2 MILE OR LESS
8 = SMOKE OR HAZE
[NO. OF DAYS WITH] [WEATHER - DAYS WITH] 9 = BLOWING SNOW
X = TORNADO
MAX 32 OR BELOW: 0 0.01 INCH OR MORE: 1
MAX 90 OR ABOVE: 1 0.10 INCH OR MORE: 0
MIN 32 OR BELOW: 0 0.50 INCH OR MORE: 0
MIN 0 OR BELOW: 0 1.00 INCH OR MORE: 0
[HDD (BASE 65) ]
TOTAL THIS MO. 0 CLEAR (SCALE 0-3) 10
DPTR FM NORMAL -24 PTCLDY (SCALE 4-7) 21
TOTAL FM JUL 1 0 CLOUDY (SCALE 8-10) 0
DPTR FM NORMAL -21
[CDD (BASE 65) ]
TOTAL THIS MO. 104
DPTR FM NORMAL 45 [PRESSURE DATA]
TOTAL FM JAN 1 201 HIGHEST SLP 30.07 ON 31
DPTR FM NORMAL 90 LOWEST SLP 29.80 ON 8
[REMARKS]
#FINAL-07-21#