000
CXUS56 KLOX 012054
CF6SDB
PRELIMINARY LOCAL CLIMATOLOGICAL DATA (WS FORM: F-6)
STATION: SANDBERG CA
MONTH: MAY
YEAR: 2022
LATITUDE: 34 45 N
LONGITUDE: 118 44 W
TEMPERATURE IN F: :PCPN: SNOW: WIND :SUNSHINE: SKY :PK WND
================================================================================
1 2 3 4 5 6A 6B 7 8 9 10 11 12 13 14 15 16 17 18
12Z AVG MX 2MIN
DY MAX MIN AVG DEP HDD CDD WTR SNW DPTH SPD SPD DIR MIN PSBL S-S WX SPD DR
================================================================================
1 62 45 54 -2 11 0 0.00 M M M M M M M 0 M M
2 69 50 60 4 5 0 0.00 M M M M M M M 0 M M
3 68 40 54 -2 11 0 0.00 M M 18.8 38 330 M M 0 M M
4 78 53 66 10 0 1 0.00 M M 8.4 16 320 M M 0 M M
5 77 57 67 10 0 2 0.00 M M 12.0 32 320 M M 0 M M
6 71 50 61 4 4 0 0.00 M M 15.7 26 330 M M 0 47 340
7 71 49 60 3 5 0 0.00 M M 20.0 30 320 M M 3 M M
8 58 36 47 -11 18 0 0.00 M M 22.3 30 330 M M 0 50 320
9 52 31 42 -16 23 0 0.00 M M M 28 340 M M 2 36 340
10 51 31 41 -17 24 0 0.00 M M 17.0 30 310 M M 1 39 310
11 50 32 41 -17 24 0 0.00 M M 18.9 37 330 M M 3 52 290
12 69 40 55 -4 10 0 0.00 M M 15.3 33 330 M M 0 46 320
13 75 44 60 1 5 0 0.00 M M M 33 340 M M 0 45 350
14 88 55 72 13 0 7 0.00 M M 14.2 26 330 M M M 38 340
15 81 60 71 12 0 6 0.00 M M 10.5 36 320 M M M 50 330
16 73 53 63 3 2 0 0.00 M M 17.5 69 340 M M M 43 320
17 72 50 61 1 4 0 0.00 M M 18.1 35 320 M M M 54 300
18 82 57 70 10 0 5 0.00 M M 15.5 24 340 M M M 40 340
19 79 62 71 11 0 6 0.00 M M 19.9 37 330 M M 0 M M
20 67 47 57 -4 8 0 0.00 M M 21.2 30 330 M M 1 2 M M
21 70 48 59 -2 6 0 0.00 M M 9.2 9 20 M M 0 16 20
22 73 52 63 2 2 0 0.00 M M 15.3 27 320 M M 0 38 320
23 79 56 68 6 0 3 0.00 M M 10.2 28 330 M M 0 58 340
24 88 61 75 13 0 10 0.00 M M 10.4 17 340 M M 0 32 320
25 89 67 78 16 0 13 0.00 M M 9.9 16 200 M M 0 28 130
26 81 58 70 8 0 5 0.00 M M 13.3 21 170 M M 0 38 170
27 74 57 66 3 0 1 0.00 M M 12.7 17 310 M M 0 33 310
28 69 50 60 -3 5 0 0.00 M M 19.0 30 320 M M 2 47 320
29 63 45 54 -9 11 0 0.00 M M M 38 330 M M 3 1 M M
30 66 47 57 -7 8 0 0.00 M M 15.6 29 340 M M 0 39 340
31 77 49 63 -1 2 0 0.00 M M 18.4 35 320 M M 0 47 340
================================================================================
SM 2222 1532 188 59 0.00 M 399.2 M 15
================================================================================
AV 71.7 49.4 15.4 FASTST M M 1 MAX(MPH)
MISC ----> 69 340 58 340
================================================================================
NOTES:
# LAST OF SEVERAL OCCURRENCES
COLUMN 17 PEAK WIND IN M.P.H.
PRELIMINARY LOCAL CLIMATOLOGICAL DATA (WS FORM: F-6) , PAGE 2
STATION: SANDBERG CA
MONTH: MAY
YEAR: 2022
LATITUDE: 34 45 N
LONGITUDE: 118 44 W
[TEMPERATURE DATA] [PRECIPITATION DATA] SYMBOLS USED IN COLUMN 16
AVERAGE MONTHLY: 60.5 TOTAL FOR MONTH: 0.00 1 = FOG OR MIST
DPTR FM NORMAL: 0.8 DPTR FM NORMAL: -0.41 2 = FOG REDUCING VISIBILITY
HIGHEST: 89 ON 25 GRTST 24HR 0.00 ON 1- 1 TO 1/4 MILE OR LESS
LOWEST: 31 ON 10, 9 3 = THUNDER
SNOW, ICE PELLETS, HAIL 4 = ICE PELLETS
TOTAL MONTH: M 5 = HAIL
GRTST 24HR M ON M 6 = FREEZING RAIN OR DRIZZLE
GRTST DEPTH: M ON M 7 = DUSTSTORM OR SANDSTORM:
VSBY 1/2 MILE OR LESS
8 = SMOKE OR HAZE
[NO. OF DAYS WITH] [WEATHER - DAYS WITH] 9 = BLOWING SNOW
X = TORNADO
MAX 32 OR BELOW: 0 0.01 INCH OR MORE: 0
MAX 90 OR ABOVE: 0 0.10 INCH OR MORE: 0
MIN 32 OR BELOW: 3 0.50 INCH OR MORE: 0
MIN 0 OR BELOW: 0 1.00 INCH OR MORE: 0
[HDD (BASE 65) ]
TOTAL THIS MO. 188 CLEAR (SCALE 0-3) 25
DPTR FM NORMAL -31 PTCLDY (SCALE 4-7) 1
TOTAL FM JUL 1 2727 CLOUDY (SCALE 8-10) 5
DPTR FM NORMAL -778
[CDD (BASE 65) ]
TOTAL THIS MO. 59
DPTR FM NORMAL 4 [PRESSURE DATA]
TOTAL FM JAN 1 71 HIGHEST SLP M ON M
DPTR FM NORMAL 5 LOWEST SLP 29.89 ON 15
[REMARKS]
#FINAL-05-22#