000
CXUS56 KSGX 011145
CF6SDM
PRELIMINARY LOCAL CLIMATOLOGICAL DATA (WS FORM: F-6)
STATION: SAN DIEGO/BROWN
MONTH: NOVEMBER
YEAR: 2021
LATITUDE: 32 34 N
LONGITUDE: 116 59 W
TEMPERATURE IN F: :PCPN: SNOW: WIND :SUNSHINE: SKY :PK WND
================================================================================
1 2 3 4 5 6A 6B 7 8 9 10 11 12 13 14 15 16 17 18
12Z AVG MX 2MIN
DY MAX MIN AVG DEP HDD CDD WTR SNW DPTH SPD SPD DIR MIN PSBL S-S WX SPD DR
================================================================================
1 74 51 63 -1 2 0 0.00 M M 3.7 14 280 M M 1 128 16 280
2 68 51 60 -3 5 0 0.00 M M 4.9 14 280 M M 3 18 18 280
3 72 51 62 -1 3 0 0.00 M M 2.6 13 270 M M 5 128 15 280
4 71 53 62 -1 3 0 0.00 M M 3.3 9 280 M M 6 128 13 270
5 71 53 62 -1 3 0 0.00 M M 3.5 10 270 M M 4 128 13 270
6 70 54 62 -1 3 0 0.00 M M 2.3 12 270 M M 6 128 15 270
7 69 52 61 -1 4 0 0.00 M M 2.9 12 280 M M 4 18 17 300
8 68 50 59 -3 6 0 0.00 M M 4.3 10 270 M M 3 18 14 270
9 70 49 60 -2 5 0 0.00 M M 4.0 15 270 M M 3 18 18 270
10 72 54 63 1 2 0 0.00 M M 3.6 13 280 M M 4 1 16 290
11 89 54 72 11 0 7 0.00 M M 5.1 12 280 M M 0 17 290
12 91 58 75 14 0 10 0.00 M M 5.5 13 280 M M 0 8 16 280
13 87 58 73 12 0 8 0.00 M M 4.8 12 270 M M 0 14 280
14 89 54 72 11 0 7 0.00 M M 5.3 10 260 M M 0 15 280
15 82 50 66 6 0 1 0.00 M M 4.1 10 280 M M 0 128 14 280
16 67 48 58 -2 7 0 0.00 M M 3.5 10 280 M M 4 128 17 320
17 68 52 60 0 5 0 0.00 M M 3.6 12 260 M M 3 18 15 280
18 67 49 58 -2 7 0 0.00 M M 3.0 10 280 M M 2 18 13 270
19 68 53 61 2 4 0 0.00 M M 3.3 10 280 M M 6 128 13 280
20 67 52 60 1 5 0 0.00 M M 3.2 10 270 M M 4 18 13 280
21 87 50 69 10 0 4 0.00 M M 6.5 28 120 M M 0 18 34 120
22 87 52 70 12 0 5 0.00 M M 7.2 18 130 M M 0 8 23 130
23 70 49 60 2 5 0 0.00 M M 3.2 10 270 M M 2 18 13 280
24 70 47 59 1 6 0 0.00 M M 4.0 14 270 M M 0 18 16 270
25 77 42 60 2 5 0 0.00 M M 6.8 22 110 M M 0 8 25 110
26 81 48 65 7 0 0 0.00 M M 4.4 13 280 M M 0 16 270
27 78 45 62 5 3 0 0.00 M M 4.3 10 270 M M 0 14 260
28 82 45 64 7 1 0 0.00 M M 4.4 9 280 M M 0 18 14 270
29 80 48 64 7 1 0 0.00 M M 3.1 9 280 M M 0 128 14 280
30 69 44 57 0 8 0 0.00 M M 1.8 10 280 M M 1 128 14 270
================================================================================
SM 2261 1516 93 42 0.00 M 122.2 M 61
================================================================================
AV 75.4 50.5 4.1 FASTST M M 2 MAX(MPH)
MISC ----> 28 120 34 120
================================================================================
NOTES:
# LAST OF SEVERAL OCCURRENCES
COLUMN 17 PEAK WIND IN M.P.H.
PRELIMINARY LOCAL CLIMATOLOGICAL DATA (WS FORM: F-6) , PAGE 2
STATION: SAN DIEGO/BROWN
MONTH: NOVEMBER
YEAR: 2021
LATITUDE: 32 34 N
LONGITUDE: 116 59 W
[TEMPERATURE DATA] [PRECIPITATION DATA] SYMBOLS USED IN COLUMN 16
AVERAGE MONTHLY: 63.0 TOTAL FOR MONTH: 0.00 1 = FOG OR MIST
DPTR FM NORMAL: 2.8 DPTR FM NORMAL: -0.83 2 = FOG REDUCING VISIBILITY
HIGHEST: 91 ON 12 GRTST 24HR 0.00 ON 1- 1 TO 1/4 MILE OR LESS
LOWEST: 42 ON 25 3 = THUNDER
SNOW, ICE PELLETS, HAIL 4 = ICE PELLETS
TOTAL MONTH: M 5 = HAIL
GRTST 24HR M ON M 6 = FREEZING RAIN OR DRIZZLE
GRTST DEPTH: M ON M 7 = DUSTSTORM OR SANDSTORM:
VSBY 1/2 MILE OR LESS
8 = SMOKE OR HAZE
[NO. OF DAYS WITH] [WEATHER - DAYS WITH] 9 = BLOWING SNOW
X = TORNADO
MAX 32 OR BELOW: 0 0.01 INCH OR MORE: 0
MAX 90 OR ABOVE: 1 0.10 INCH OR MORE: 0
MIN 32 OR BELOW: 0 0.50 INCH OR MORE: 0
MIN 0 OR BELOW: 0 1.00 INCH OR MORE: 0
[HDD (BASE 65) ]
TOTAL THIS MO. 93 CLEAR (SCALE 0-3) 18
DPTR FM NORMAL -74 PTCLDY (SCALE 4-7) 12
TOTAL FM JUL 1 162 CLOUDY (SCALE 8-10) 0
DPTR FM NORMAL -58
[CDD (BASE 65) ]
TOTAL THIS MO. 42
DPTR FM NORMAL 19 [PRESSURE DATA]
TOTAL FM JAN 1 1063 HIGHEST SLP 30.24 ON 9
DPTR FM NORMAL 331 LOWEST SLP 29.91 ON 23
[REMARKS]
#FINAL-11-21#