000
CXUS54 KFWD 010833
CF6SEP
PRELIMINARY LOCAL CLIMATOLOGICAL DATA (WS FORM: F-6)
STATION: STEPHENVILLE
MONTH: DECEMBER
YEAR: 2023
LATITUDE: 32 13 N
LONGITUDE: 98 11 W
TEMPERATURE IN F: :PCPN: SNOW: WIND :SUNSHINE: SKY :PK WND
================================================================================
1 2 3 4 5 6A 6B 7 8 9 10 11 12 13 14 15 16 17 18
12Z AVG MX 2MIN
DY MAX MIN AVG DEP HDD CDD WTR SNW DPTH SPD SPD DIR MIN PSBL S-S WX SPD DR
================================================================================
1 63 42 53 5 12 0 0.00 M M 5.0 13 320 M M 0 18 320
2 73 42 58 10 7 0 0.00 M M 5.6 22 260 M M 2 28 240
3 72 34 53 6 12 0 0.00 M M 6.9 15 240 M M 0 24 240
4 64 37 51 4 14 0 0.00 M M 3.4 12 350 M M 0 17 350
5 72 36 54 7 11 0 0.00 M M 1.4 7 40 M M 0 M M
6 68 37 53 7 12 0 0.00 M M 3.9 13 170 M M 0 17 170
7 71 43 57 11 8 0 0.00 M M 10.1 21 210 M M 2 29 210
8 80 55 68 22 0 3 0.00 M M 7.1 13 250 M M 2 21 220
9 62 41 52 6 13 0 0.00 M M 10.1 20 360 M M 0 25 360
10 55 31 43 -3 22 0 0.00 M M 4.8 10 320 M M 0 17 330
11 67 32 50 5 15 0 0.00 M M 3.1 9 220 M M 0 M M
12 63 38 51 6 14 0 0.00 M M 5.1 13 150 M M 3 18 150
13 55 48 52 7 13 0 0.00 M M 8.3 15 120 M M 9 18 120
14 62 43 53 8 12 0 0.00 M M 8.3 13 140 M M 7 20 140
15 60 40 50 6 15 0 0.46 M M 6.6 17 150 M M 7 26 150
16 60 37 49 5 16 0 0.00 M M 5.7 15 330 M M 0 20 320
17 71 33 52 8 13 0 0.00 M M 3.2 10 260 M M 0 20 240
18 63 41 52 8 13 0 0.00 M M 6.4 14 10 M M 0 20 340
19 64 37 51 7 14 0 0.00 M M 5.7 13 150 M M 0 21 160
20 63 47 55 11 10 0 0.00 M M 7.7 13 170 M M 6 20 150
21 60 57 59 15 6 0 0.98 M M 6.7 10 160 M M 10 16 160
22 70 55 63 19 2 0 0.00 M M 4.2 10 220 M M 6 M M
23 67 60 64 21 1 0 0.09 M M 8.8 16 150 M M 10 22 150
24 69 43 56 13 9 0 0.26 M M 9.4 22 310 M M 7 33 310
25 50 31 41 -2 24 0 0.00 M M 9.9 18 320 M M 0 26 330
26 59 28 44 1 21 0 0.00 M M 4.7 15 230 M M 0 21 200
27 53 35 44 1 21 0 0.00 M M 7.0 16 340 M M 0 24 320
28 53 34 44 1 21 0 M M M 6.1 14 330 M M 4 18 310
29 59 31 45 2 20 0 0.00 M M 6.7 15 310 M M 0 23 290
30 67 30 49 6 16 0 0.00 M M 2.9 7 220 M M 0 M M
31 70 40 55 12 10 0 0.00 M M 4.7 9 10 M M 0 M M
================================================================================
SM 1985 1238 397 3 1.79 M 189.6 M 75
================================================================================
AV 64.0 39.9 6.1 FASTST M M 2 MAX(MPH)
MISC ----> # 22 260 33 310
================================================================================
NOTES:
# LAST OF SEVERAL OCCURRENCES
COLUMN 17 PEAK WIND IN M.P.H.
PRELIMINARY LOCAL CLIMATOLOGICAL DATA (WS FORM: F-6) , PAGE 2
STATION: STEPHENVILLE
MONTH: DECEMBER
YEAR: 2023
LATITUDE: 32 13 N
LONGITUDE: 98 11 W
[TEMPERATURE DATA] [PRECIPITATION DATA] SYMBOLS USED IN COLUMN 16
AVERAGE MONTHLY: 52.0 TOTAL FOR MONTH: 1.79 1 = FOG OR MIST
DPTR FM NORMAL: 7.3 DPTR FM NORMAL: -0.11 2 = FOG REDUCING VISIBILITY
HIGHEST: 80 ON 8 GRTST 24HR 0.98 ON 21-21 TO 1/4 MILE OR LESS
LOWEST: 28 ON 26 3 = THUNDER
SNOW, ICE PELLETS, HAIL 4 = ICE PELLETS
TOTAL MONTH: M 5 = HAIL
GRTST 24HR M ON M 6 = FREEZING RAIN OR DRIZZLE
GRTST DEPTH: M ON M 7 = DUSTSTORM OR SANDSTORM:
VSBY 1/2 MILE OR LESS
8 = SMOKE OR HAZE
[NO. OF DAYS WITH] [WEATHER - DAYS WITH] 9 = BLOWING SNOW
X = TORNADO
MAX 32 OR BELOW: 0 0.01 INCH OR MORE: 4
MAX 90 OR ABOVE: 0 0.10 INCH OR MORE: 3
MIN 32 OR BELOW: 6 0.50 INCH OR MORE: 1
MIN 0 OR BELOW: 0 1.00 INCH OR MORE: 0
[HDD (BASE 65) ]
TOTAL THIS MO. 397 CLEAR (SCALE 0-3) 21
DPTR FM NORMAL -231 PTCLDY (SCALE 4-7) 7
TOTAL FM JUL 1 773 CLOUDY (SCALE 8-10) 3
DPTR FM NORMAL -314
[CDD (BASE 65) ]
TOTAL THIS MO. 3
DPTR FM NORMAL 2 [PRESSURE DATA]
TOTAL FM JAN 1 3140 HIGHEST SLP M ON M
DPTR FM NORMAL 898 LOWEST SLP M ON M
[REMARKS]
#FINAL-12-23#