000
CXUS54 KFWD 010731
CF6SEP
PRELIMINARY LOCAL CLIMATOLOGICAL DATA (WS FORM: F-6)
STATION: STEPHENVILLE
MONTH: SEPTEMBER
YEAR: 2023
LATITUDE: 32 13 N
LONGITUDE: 98 11 W
TEMPERATURE IN F: :PCPN: SNOW: WIND :SUNSHINE: SKY :PK WND
================================================================================
1 2 3 4 5 6A 6B 7 8 9 10 11 12 13 14 15 16 17 18
12Z AVG MX 2MIN
DY MAX MIN AVG DEP HDD CDD WTR SNW DPTH SPD SPD DIR MIN PSBL S-S WX SPD DR
================================================================================
1 101 71 86 6 0 21 0.00 M M 5.9 12 110 M M 0 16 110
2 100 69 85 5 0 20 0.00 M M 3.5 10 110 M M 0 M M
3 103 70 87 7 0 22 0.34 M M 8.2 22 130 M M 1 29 130
4 101 72 87 8 0 22 0.00 M M 7.9 15 160 M M 0 24 160
5 103 78 91 12 0 26 0.00 M M 9.4 16 160 M M 0 21 190
6 102 74 88 10 0 23 0.05 M M 5.2 15 360 M M 1 25 360
7 105 76 91 13 0 26 0.00 M M 3.6 10 270 M M 0 M M
8 107 76 92 14 0 27 0.00 M M 5.8 21 60 M M 0 38 60
9 98 74 86 8 0 21 0.00 M M 7.0 12 80 M M 0 20 80
10 95 71 83 6 0 18 0.00 M M 7.3 14 100 M M 0 22 100
11 92 65 79 2 0 14 0.12 M M 7.2 15 330 M M 1 28 130
12 80 68 74 -2 0 9 0.00 M M 6.9 13 340 M M 5 17 330
13 79 66 73 -3 0 8 0.10 M M 2.7 7 350 M M 7 M M
14 77 69 73 -3 0 8 2.67 M M 4.2 9 70 M M 9 M M
15 84 67 76 1 0 11 1.09 M M 4.8 10 80 M M 6 18 80
16 82 69 76 1 0 11 0.04 M M 1.8 7 60 M M 5 M M
17 88 66 77 2 0 12 0.00 M M 4.0 13 360 M M 1 17 50
18 91 63 77 3 0 12 0.00 M M 3.5 7 130 M M 0 M M
19 94 68 81 7 0 16 0.42 M M 9.2 16 160 M M 1 29 160
20 96 72 84 10 0 19 0.00 M M 9.5 15 190 M M 0 22 190
21 95 74 85 12 0 20 0.00 M M 8.4 13 160 M M 0 18 130
22 96 73 85 12 0 20 0.00 M M 7.1 10 190 M M 0 18 190
23 98 75 87 15 0 22 0.00 M M 8.9 14 180 M M 0 18 190
24 98 77 88 16 0 23 0.00 M M 6.4 14 220 M M 0 18 220
25 89 72 81 9 0 16 0.00 M M 3.9 9 30 M M 4 17 60
26 92 67 80 9 0 15 0.00 M M 2.5 7 70 M M 0 M M
27 93 66 80 9 0 15 0.00 M M 2.4 7 140 M M 0 M M
28 93 66 80 9 0 15 0.00 M M 3.5 8 180 M M 1 M M
29 92 68 80 10 0 15 0.00 M M 6.8 12 120 M M 0 17 160
30 91 68 80 10 0 15 0.00 M M 6.6 13 120 M M 0 21 120
================================================================================
SM 2815 2110 0 522 4.83 M 174.0 M 42
================================================================================
AV 93.8 70.3 5.8 FASTST M M 1 MAX(MPH)
MISC ----> 22 130 38 60
================================================================================
NOTES:
# LAST OF SEVERAL OCCURRENCES
COLUMN 17 PEAK WIND IN M.P.H.
PRELIMINARY LOCAL CLIMATOLOGICAL DATA (WS FORM: F-6) , PAGE 2
STATION: STEPHENVILLE
MONTH: SEPTEMBER
YEAR: 2023
LATITUDE: 32 13 N
LONGITUDE: 98 11 W
[TEMPERATURE DATA] [PRECIPITATION DATA] SYMBOLS USED IN COLUMN 16
AVERAGE MONTHLY: 82.1 TOTAL FOR MONTH: 4.83 1 = FOG OR MIST
DPTR FM NORMAL: 7.0 DPTR FM NORMAL: 1.81 2 = FOG REDUCING VISIBILITY
HIGHEST: 107 ON 8 GRTST 24HR 2.67 ON 14-14 TO 1/4 MILE OR LESS
LOWEST: 63 ON 18 3 = THUNDER
SNOW, ICE PELLETS, HAIL 4 = ICE PELLETS
TOTAL MONTH: M 5 = HAIL
GRTST 24HR M ON M 6 = FREEZING RAIN OR DRIZZLE
GRTST DEPTH: M ON M 7 = DUSTSTORM OR SANDSTORM:
VSBY 1/2 MILE OR LESS
8 = SMOKE OR HAZE
[NO. OF DAYS WITH] [WEATHER - DAYS WITH] 9 = BLOWING SNOW
X = TORNADO
MAX 32 OR BELOW: 0 0.01 INCH OR MORE: 8
MAX 90 OR ABOVE: 23 0.10 INCH OR MORE: 5
MIN 32 OR BELOW: 0 0.50 INCH OR MORE: 2
MIN 0 OR BELOW: 0 1.00 INCH OR MORE: 2
[HDD (BASE 65) ]
TOTAL THIS MO. 0 CLEAR (SCALE 0-3) 24
DPTR FM NORMAL -13 PTCLDY (SCALE 4-7) 5
TOTAL FM JUL 1 0 CLOUDY (SCALE 8-10) 1
DPTR FM NORMAL -11
[CDD (BASE 65) ]
TOTAL THIS MO. 522
DPTR FM NORMAL 206 [PRESSURE DATA]
TOTAL FM JAN 1 2945 HIGHEST SLP M ON M
DPTR FM NORMAL 819 LOWEST SLP M ON M
[REMARKS]
#FINAL-09-23#