000
CXUS55 KSEW 011030
CF6SEW
PRELIMINARY LOCAL CLIMATOLOGICAL DATA (WS FORM: F-6)
STATION: SEATTLE WA WFO
MONTH: JANUARY
YEAR: 2022
LATITUDE: 47 41 N
LONGITUDE: 122 15 W
TEMPERATURE IN F: :PCPN: SNOW: WIND :SUNSHINE: SKY :PK WND
================================================================================
1 2 3 4 5 6A 6B 7 8 9 10 11 12 13 14 15 16 17 18
12Z AVG MX 2MIN
DY MAX MIN AVG DEP HDD CDD WTR SNW DPTH SPD SPD DIR MIN PSBL S-S WX SPD DR
================================================================================
1 37 20 29 -12 36 0 0.00 0.0 T M M M M M M M M
2 40 33 37 -5 28 0 1.44 0.0 0 M M M M M M M M
3 42 35 39 -3 26 0 0.47 T 0 M M M M M M M M
4 44 37 41 -1 24 0 0.18 0.0 0 M M M M M M M M
5 39 35 37 -5 28 0 0.18 T 0 M M M M M M M M
6 51 37 44 2 21 0 1.46 0.0 0 M M M M M M 1 M M
7 48 38 43 1 22 0 0.95 0.0 0 M M M M M 0 1 M M
8 45 35 40 -2 25 0 0.00 0.0 0 M M M M M M M M
9 52 35 44 2 21 0 0.00 0.0 0 M M M M M M M M
10 45 31 38 -4 27 0 0.23 0.0 0 M M M M M M M M
11 52 44 48 6 17 0 0.75 0.0 0 M M M M M M M M
12 56 41 49 7 16 0 0.11 0.0 0 M M M M M M 1 M M
13 55 39 47 5 18 0 0.23 0.0 0 M M M M M M 1 M M
14 50 38 44 2 21 0 0.00 0.0 0 M M M M M M M M
15 44 41 43 1 22 0 0.00 0.0 0 M M M M M M 12 M M
16 43 39 41 -1 24 0 T 0.0 0 M M M M M M 1 M M
17 49 40 45 3 20 0 T 0.0 0 M M M M M M 1 M M
18 47 45 46 4 19 0 0.03 0.0 0 M M M M M M M M
19 48 43 46 3 19 0 0.03 0.0 0 M M M M M M 1 M M
20 53 42 48 5 17 0 0.18 0.0 0 M M M M M M M M
21 52 38 45 2 20 0 0.00 0.0 0 M M M M M M 1 M M
22 46 34 40 -3 25 0 0.00 0.0 0 M M M M M M 12 M M
23 40 35 38 -5 27 0 0.00 0.0 0 M M M M M M 1 M M
24 39 36 38 -5 27 0 0.00 0.0 0 M M M M M M 1 M M
25 42 35 39 -4 26 0 0.00 0.0 0 M M M M M M 1 M M
26 40 33 37 -6 28 0 0.00 0.0 0 M M M M M M 1 M M
27 46 31 39 -4 26 0 0.00 0.0 0 M M M M M M 1 M M
28 50 28 39 -4 26 0 0.00 0.0 0 M M M M M M M M
29 50 29 40 -3 25 0 T 0.0 0 M M M M M M M M
30 49 38 44 1 21 0 0.24 0.0 0 M M M M M M M M
31 47 38 43 0 22 0 0.02 0.0 0 M M M M M M M M
================================================================================
SM 1441 1123 724 0 6.50 T M M 0
================================================================================
AV 46.5 36.2 M FASTST M M 0 MAX(MPH)
MISC ----> M M M M
================================================================================
NOTES:
# LAST OF SEVERAL OCCURRENCES
COLUMN 17 PEAK WIND IN M.P.H.
PRELIMINARY LOCAL CLIMATOLOGICAL DATA (WS FORM: F-6) , PAGE 2
STATION: SEATTLE WA WFO
MONTH: JANUARY
YEAR: 2022
LATITUDE: 47 41 N
LONGITUDE: 122 15 W
[TEMPERATURE DATA] [PRECIPITATION DATA] SYMBOLS USED IN COLUMN 16
AVERAGE MONTHLY: 41.4 TOTAL FOR MONTH: 6.50 1 = FOG OR MIST
DPTR FM NORMAL: -0.9 DPTR FM NORMAL: 1.36 2 = FOG REDUCING VISIBILITY
HIGHEST: 56 ON 12 GRTST 24HR 4.33 ON 11-12 TO 1/4 MILE OR LESS
LOWEST: 20 ON 1 3 = THUNDER
SNOW, ICE PELLETS, HAIL 4 = ICE PELLETS
TOTAL MONTH: T 5 = HAIL
GRTST 24HR T ON 3- 3 6 = FREEZING RAIN OR DRIZZLE
GRTST DEPTH: T 7 = DUSTSTORM OR SANDSTORM:
VSBY 1/2 MILE OR LESS
8 = SMOKE OR HAZE
[NO. OF DAYS WITH] [WEATHER - DAYS WITH] 9 = BLOWING SNOW
X = TORNADO
MAX 32 OR BELOW: 0 0.01 INCH OR MORE: 15
MAX 90 OR ABOVE: 0 0.10 INCH OR MORE: 12
MIN 32 OR BELOW: 5 0.50 INCH OR MORE: 4
MIN 0 OR BELOW: 0 1.00 INCH OR MORE: 2
[HDD (BASE 65) ]
TOTAL THIS MO. 724 CLEAR (SCALE 0-3) 1
DPTR FM NORMAL 20 PTCLDY (SCALE 4-7) 0
TOTAL FM JUL 1 2486 CLOUDY (SCALE 8-10) 30
DPTR FM NORMAL -8
[CDD (BASE 65) ]
TOTAL THIS MO. 0
DPTR FM NORMAL 0 [PRESSURE DATA]
TOTAL FM JAN 1 0 HIGHEST SLP M ON M
DPTR FM NORMAL 0 LOWEST SLP M ON M
[REMARKS]
#FINAL-01-22#