000
CXUS56 KMTR 290900
CF6SFD
PRELIMINARY LOCAL CLIMATOLOGICAL DATA (WS FORM: F-6)
STATION: SAN FRANCISCO DWTN CA
MONTH: MARCH
YEAR: 2024
LATITUDE: 37 46 N
LONGITUDE: 122 26 W
TEMPERATURE IN F: :PCPN: SNOW: WIND :SUNSHINE: SKY :PK WND
================================================================================
1 2 3 4 5 6A 6B 7 8 9 10 11 12 13 14 15 16 17 18
12Z AVG MX 2MIN
DY MAX MIN AVG DEP HDD CDD WTR SNW DPTH SPD SPD DIR MIN PSBL S-S WX SPD DR
================================================================================
1 57 49 53 -2 12 0 1.17 M 0 M M M M M M M M
2 54 44 49 -6 16 0 0.35 M 0 M M M M M M M M
3 55 45 50 -5 15 0 0.17 M 0 M M M M M M M M
4 58 46 52 -3 13 0 0.14 M 0 M M M M M M M M
5 60 49 55 0 10 0 0.02 M 0 M M M M M M M M
6 57 50 54 -1 11 0 0.07 M 0 M M M M M M M M
7 60 49 55 0 10 0 0.00 M 0 M M M M M M M M
8 65 47 56 1 9 0 0.00 M 0 M M M M M M M M
9 60 51 56 1 9 0 0.00 M 0 M M M M M M M M
10 M M M M M M 0.00 M 0 M M M M M M M M
11 59 48 54 -1 11 0 0.13 M 0 M M M M M M M M
12 60 50 55 0 10 0 0.38 M 0 M M M M M M M M
13 61 48 55 0 10 0 0.00 M 0 M M M M M M M M
14 68 57 63 7 2 0 0.00 M 0 M M M M M M M M
15 73 60 67 11 0 2 0.00 M 0 M M M M M M M M
16 67 53 60 4 5 0 0.00 M 0 M M M M M M M M
17 61 49 55 -1 10 0 0.00 M 0 M M M M M M M M
18 60 51 56 0 9 0 0.00 M 0 M M M M M M M M
19 60 50 55 -1 10 0 0.00 M 0 M M M M M M M M
20 60 49 55 -1 10 0 0.00 M 0 M M M M M M M M
21 65 52 59 3 6 0 0.00 M 0 M M M M M M M M
22 65 51 58 2 7 0 0.48 M 0 M M M M M M M M
23 59 51 55 -1 10 0 0.12 M 0 M M M M M M M M
24 58 49 54 -2 11 0 0.07 M 0 M M M M M M M M
25 57 50 54 -2 11 0 0.00 M 0 M M M M M M M M
26 60 49 55 -1 10 0 0.00 M 0 M M M M M M M M
27 59 51 55 -1 10 0 0.20 M 0 M M M M M M M M
28 61 51 56 0 9 0 0.00 M 0 M M M M M M M M
================================================================================
SM 1639 1349 256 2 3.30 M M M M
================================================================================
AV 60.7 50.0 M FASTST M M M MAX(MPH)
MISC ----> M M M M
================================================================================
NOTES:
# LAST OF SEVERAL OCCURRENCES
COLUMN 17 PEAK WIND IN M.P.H.
PRELIMINARY LOCAL CLIMATOLOGICAL DATA (WS FORM: F-6) , PAGE 2
STATION: SAN FRANCISCO DWTN CA
MONTH: MARCH
YEAR: 2024
LATITUDE: 37 46 N
LONGITUDE: 122 26 W
[TEMPERATURE DATA] [PRECIPITATION DATA] SYMBOLS USED IN COLUMN 16
AVERAGE MONTHLY: 55.3 TOTAL FOR MONTH: 3.30 1 = FOG OR MIST
DPTR FM NORMAL: -0.2 DPTR FM NORMAL: 0.41 2 = FOG REDUCING VISIBILITY
HIGHEST: 73 ON 15 GRTST 24HR 1.18 ON 29- 1 TO 1/4 MILE OR LESS
LOWEST: 44 ON 2 3 = THUNDER
SNOW, ICE PELLETS, HAIL 4 = ICE PELLETS
TOTAL MONTH: M 5 = HAIL
GRTST 24HR M ON M 6 = FREEZING RAIN OR DRIZZLE
GRTST DEPTH: 0 7 = DUSTSTORM OR SANDSTORM:
VSBY 1/2 MILE OR LESS
8 = SMOKE OR HAZE
[NO. OF DAYS WITH] [WEATHER - DAYS WITH] 9 = BLOWING SNOW
X = TORNADO
MAX 32 OR BELOW: 0 0.01 INCH OR MORE: 12
MAX 90 OR ABOVE: 0 0.10 INCH OR MORE: 9
MIN 32 OR BELOW: 0 0.50 INCH OR MORE: 1
MIN 0 OR BELOW: 0 1.00 INCH OR MORE: 1
[HDD (BASE 65) ]
TOTAL THIS MO. 256 CLEAR (SCALE 0-3) 0
DPTR FM NORMAL -15 PTCLDY (SCALE 4-7) 0
TOTAL FM JUL 1 1676 CLOUDY (SCALE 8-10) 28
DPTR FM NORMAL -413
[CDD (BASE 65) ]
TOTAL THIS MO. 2
DPTR FM NORMAL 2 [PRESSURE DATA]
TOTAL FM JAN 1 2 HIGHEST SLP M ON M
DPTR FM NORMAL 2 LOWEST SLP M ON M
[REMARKS]