000
CXUS56 KOTX 010910
CF6SFF
PRELIMINARY LOCAL CLIMATOLOGICAL DATA (WS FORM: F-6)
STATION: SPOKANE WA FELTS AIRPORT
MONTH: JULY
YEAR: 2022
LATITUDE: 47 40 N
LONGITUDE: 117 20 W
TEMPERATURE IN F: :PCPN: SNOW: WIND :SUNSHINE: SKY :PK WND
================================================================================
1 2 3 4 5 6A 6B 7 8 9 10 11 12 13 14 15 16 17 18
12Z AVG MX 2MIN
DY MAX MIN AVG DEP HDD CDD WTR SNW DPTH SPD SPD DIR MIN PSBL S-S WX SPD DR
================================================================================
1 87 53 70 3 0 5 0.00 M M 1.6 12 270 M M 0 15 260
2 89 56 73 5 0 8 T M M 3.4 25 210 M M 1 34 220
3 75 58 67 -1 0 2 0.04 M M 5.6 20 200 M M 4 3 23 200
4 69 55 62 -6 3 0 0.24 M M 3.6 17 230 M M 4 18 23 220
5 82 49 66 -3 0 1 0.00 M M 2.2 9 80 M M 0 18 12 90
6 83 59 71 2 0 6 0.16 M M 1.9 12 340 M M 4 13 17 350
7 80 60 70 0 0 5 T M M 3.5 13 290 M M 4 21 300
8 84 59 72 2 0 7 0.00 M M 3.0 12 250 M M 2 20 200
9 85 56 71 1 0 6 0.00 M M 5.7 21 230 M M 1 27 220
10 82 59 71 1 0 6 0.00 M M 6.3 18 250 M M 2 25 280
11 89 57 73 2 0 8 0.00 M M 1.8 13 210 M M 0 20 190
12 94 56 75 4 0 10 0.00 M M 2.4 13 210 M M 0 17 230
13 92 62 77 6 0 12 0.05 M M 5.4 17 220 M M 1 3 22 230
14 89 58 74 2 0 9 0.00 M M 4.6 13 180 M M 0 16 210
15 91 57 74 2 0 9 T M M 5.0 15 200 M M 1 3 22 170
16 90 60 75 3 0 10 0.00 M M 4.5 15 240 M M 0 17 230
17 85 64 75 3 0 10 T M M 6.6 17 200 M M 0 24 220
18 81 55 68 -5 0 3 0.00 M M 9.8 21 170 M M 3 26 170
19 90 54 72 -1 0 7 0.00 M M 4.7 14 210 M M 0 19 200
20 94 59 77 4 0 12 0.00 M M 5.5 16 210 M M 0 21 220
21 95 60 78 5 0 13 0.00 M M 6.4 17 230 M M 0 26 180
22 89 60 75 2 0 10 T M M 7.5 20 220 M M 0 3 25 220
23 91 57 74 1 0 9 0.00 M M 3.0 10 350 M M 0 13 340
24 95 58 77 3 0 12 0.00 M M 2.6 10 220 M M 0 14 230
25 96 60 78 4 0 13 0.00 M M 2.6 13 240 M M 0 17 240
26 98 61 80 6 0 15 0.00 M M 2.2 12 280 M M 0 17 290
27 100 64 82 8 0 17 0.00 M M 2.3 9 60 M M 0 14 60
28 104 65 85 11 0 20 0.00 M M 3.2 10 200 M M 0 13 200
29 103 67 85 11 0 20 0.00 M M 3.8 17 260 M M 0 26 260
30 104 61 83 9 0 18 0.00 M M 3.8 16 240 M M 0 24 230
31 105 60 83 9 0 18 0.00 M M 3.8 17 260 M M 0 21 260
================================================================================
SM 2791 1819 3 301 0.49 M 128.3 M 27
================================================================================
AV 90.0 58.7 4.1 FASTST M M 1 MAX(MPH)
MISC ----> 25 210 34 220
================================================================================
NOTES:
# LAST OF SEVERAL OCCURRENCES
COLUMN 17 PEAK WIND IN M.P.H.
PRELIMINARY LOCAL CLIMATOLOGICAL DATA (WS FORM: F-6) , PAGE 2
STATION: SPOKANE WA FELTS AIRPORT
MONTH: JULY
YEAR: 2022
LATITUDE: 47 40 N
LONGITUDE: 117 20 W
[TEMPERATURE DATA] [PRECIPITATION DATA] SYMBOLS USED IN COLUMN 16
AVERAGE MONTHLY: 74.4 TOTAL FOR MONTH: 0.49 1 = FOG OR MIST
DPTR FM NORMAL: 2.9 DPTR FM NORMAL: -0.18 2 = FOG REDUCING VISIBILITY
HIGHEST: 105 ON 31 GRTST 24HR 0.26 ON 3- 4 TO 1/4 MILE OR LESS
LOWEST: 49 ON 5 3 = THUNDER
SNOW, ICE PELLETS, HAIL 4 = ICE PELLETS
TOTAL MONTH: M 5 = HAIL
GRTST 24HR M ON M 6 = FREEZING RAIN OR DRIZZLE
GRTST DEPTH: M ON M 7 = DUSTSTORM OR SANDSTORM:
VSBY 1/2 MILE OR LESS
8 = SMOKE OR HAZE
[NO. OF DAYS WITH] [WEATHER - DAYS WITH] 9 = BLOWING SNOW
X = TORNADO
MAX 32 OR BELOW: 0 0.01 INCH OR MORE: 4
MAX 90 OR ABOVE: 16 0.10 INCH OR MORE: 2
MIN 32 OR BELOW: 0 0.50 INCH OR MORE: 0
MIN 0 OR BELOW: 0 1.00 INCH OR MORE: 0
[HDD (BASE 65) ]
TOTAL THIS MO. 3 CLEAR (SCALE 0-3) 27
DPTR FM NORMAL -12 PTCLDY (SCALE 4-7) 4
TOTAL FM JUL 1 3 CLOUDY (SCALE 8-10) 0
DPTR FM NORMAL -9
[CDD (BASE 65) ]
TOTAL THIS MO. 301
DPTR FM NORMAL 83 [PRESSURE DATA]
TOTAL FM JAN 1 341 HIGHEST SLP M ON M
DPTR FM NORMAL 56 LOWEST SLP 29.67 ON 2
[REMARKS]
#FINAL-07-22#