000
CXUS53 KSGF 080652
CF6SGF
PRELIMINARY LOCAL CLIMATOLOGICAL DATA (WS FORM: F-6)

                                          STATION:   SPRINGFIELD MO
                                          MONTH:     JUNE
                                          YEAR:      2013
                                          LATITUDE:   37 13 N
                                          LONGITUDE:  93 23 W

  TEMPERATURE IN F:       :PCPN:    SNOW:  WIND      :SUNSHINE: SKY     :PK WND
================================================================================
1   2   3   4   5  6A  6B    7    8   9   10  11  12  13   14  15   16   17  18
                                     12Z  AVG MX 2MIN
DY MAX MIN AVG DEP HDD CDD  WTR  SNW DPTH SPD SPD DIR MIN PSBL S-S WX    SPD DR
================================================================================

 1  75  60  68  -2   0   3 0.37  0.0    0 10.4 20 170   M    M   3 13     25 200
 2  63  50  57 -13   8   0 0.00  0.0    0  6.9 14 340   M    M   9 1      18 340
 3  76  46  61  -9   4   0 0.00  0.0    0  6.3 13 150   M    M   2 12     17 140
 4  73  60  67  -3   0   2 0.05  0.0    0 10.5 20 140   M    M   3 1      24 140
 5  74  58  66  -5   0   1 0.16  0.0    0  7.3 15 340   M    M   5 13     19 210
 6  73  55  64  -7   1   0 0.07  0.0    0  5.0 16 360   M    M   7 12     18  10
 7  75  52  64  -7   1   0 0.00  0.0    0  5.5 18 360   M    M   2 1      23  10
 8  79  52  66  -6   0   1 0.00  0.0    0  7.1 13 160   M    M   0        17 170
 9  80  61  71  -1   0   6 0.35  0.0    0  8.5 20 360   M    M   4 13     26 260
10  88  60  74   2   0   9 0.00  0.0    0  5.2 15 270   M    M   0        19 260
11  93  70  82  10   0  17 0.00  0.0    0 10.5 20 220   M    M   0        26 240
12  91  71  81   8   0  16 0.00  0.0    0 14.4 29 210   M    M   0        36 210
13  85  68  77   4   0  12 0.00  0.0    0  9.0 18 250   M    M   1        24 260
14  88  64  76   3   0  11 0.00  0.0    0 10.4 20 180   M    M   0        22 170
15  80  67  74   0   0   9 0.64  0.0    0 10.4 33 200   M    M   6 13     40 200
16  88  67  78   4   0  13 0.27  0.0    0  8.8 29 140   M    M   5 13     33 140
17  74  64  69  -5   0   4 0.17  0.0    0  5.8 24  80   M    M   7 13     30  80
18  86  58  72  -2   0   7 0.00  0.0    0  4.3 28  40   M    M   0 1      31  40
19  87  62  75   1   0  10 0.00  0.0    0  5.3 13 130   M    M   1        17 130
20  89  65  77   2   0  12 0.00  0.0    0 11.8 20 150   M    M   0        24 180
21  91  72  82   7   0  17 0.00  0.0    0 12.7 18 170   M    M   1        24 190
22  89  72  81   6   0  16 0.00  0.0    0 12.4 18 180   M    M   1 3      24 140
23  90  71  81   5   0  16 0.00  0.0    0 12.8 20 170   M    M   1        24 190
24  91  73  82   6   0  17 0.00  0.0    0 13.0 22 180   M    M   1        27 210
25  90  73  82   6   0  17 0.00  0.0    0 14.1 24 170   M    M   0        32 190
26  93  74  84   8   0  19 0.00  0.0    0 11.8 20 260   M    M   0        26 250
27  96  73  85   9   0  20 0.00  0.0    0  6.8 10 270   M    M   0         M  M
28  89  70  80   4   0  15 0.18  0.0    0  9.6 36 290   M    M   2 13     54 280
29  85  63  74  -3   0   9 0.00  0.0    0 12.5 28 330   M    M   2        35 330
30  78  62  70  -7   0   5    T  0.0    0 10.7 20 360   M    M   6        24 360
================================================================================
SM 2509 1913        14 284  2.26     0.0 279.8          M       69
================================================================================
AV 83.6 63.8                               9.3 FASTST   M    M   2    MAX(MPH)
                                 MISC ---->  # 36 290               # 54  280
================================================================================
NOTES:
# LAST OF SEVERAL OCCURRENCES

COLUMN 17 PEAK WIND IN M.P.H.

PRELIMINARY LOCAL CLIMATOLOGICAL DATA (WS FORM: F-6) , PAGE 2

                                          STATION:  SPRINGFIELD MO
                                          MONTH:    JUNE
                                          YEAR:     2013
                                          LATITUDE:   37 13 N
                                          LONGITUDE:  93 23 W

[TEMPERATURE DATA]      [PRECIPITATION DATA]       SYMBOLS USED IN COLUMN 16

AVERAGE MONTHLY: 73.7   TOTAL FOR MONTH:   2.26    1 = FOG OR MIST
DPTR FM NORMAL:   0.3   DPTR FM NORMAL:   -2.59    2 = FOG REDUCING VISIBILITY
HIGHEST:    96 ON 27    GRTST 24HR  2.47 ON 31- 1      TO 1/4 MILE OR LESS
LOWEST:     46 ON  3                               3 = THUNDER
                        SNOW, ICE PELLETS, HAIL    4 = ICE PELLETS
                        TOTAL MONTH:   0.0 INCH    5 = HAIL
                        GRTST 24HR     0.0         6 = FREEZING RAIN OR DRIZZLE
                        GRTST DEPTH:   0           7 = DUSTSTORM OR SANDSTORM:
                                                       VSBY 1/2 MILE OR LESS
                                                   8 = SMOKE OR HAZE
[NO. OF DAYS WITH]      [WEATHER - DAYS WITH]      9 = BLOWING SNOW
                                                   X = TORNADO
MAX 32 OR BELOW:   0    0.01 INCH OR MORE:   9
MAX 90 OR ABOVE:   8    0.10 INCH OR MORE:   7
MIN 32 OR BELOW:   0    0.50 INCH OR MORE:   1
MIN  0 OR BELOW:   0    1.00 INCH OR MORE:   0

[HDD (BASE 65) ]
TOTAL THIS MO.    14    CLEAR  (SCALE 0-3)  21
DPTR FM NORMAL     5    PTCLDY (SCALE 4-7)   8
TOTAL FM JUL 1  4508    CLOUDY (SCALE 8-10)  1
DPTR FM NORMAL   -70

[CDD (BASE 65) ]
TOTAL THIS MO.   284
DPTR FM NORMAL    21    [PRESSURE DATA]
TOTAL FM JAN 1   411    HIGHEST SLP 30.08 ON  3
DPTR FM NORMAL    33    LOWEST  SLP 29.68 ON  1

[REMARKS]
#FINAL-06-13#
