000
CXUS53 KSGF 010800
CF6SGF
PRELIMINARY LOCAL CLIMATOLOGICAL DATA (WS FORM: F-6)

                                          STATION:   SPRINGFIELD MO
                                          MONTH:     SEPTEMBER
                                          YEAR:      2013
                                          LATITUDE:   37 13 N
                                          LONGITUDE:  93 23 W

  TEMPERATURE IN F:       :PCPN:    SNOW:  WIND      :SUNSHINE: SKY     :PK WND
================================================================================
1   2   3   4   5  6A  6B    7    8   9   10  11  12  13   14  15   16   17  18
                                     12Z  AVG MX 2MIN
DY MAX MIN AVG DEP HDD CDD  WTR  SNW DPTH SPD SPD DIR MIN PSBL S-S WX    SPD DR
================================================================================

 1  88  71  80   5   0  15 0.04  0.0    0  6.6 26 360   M    M   2 13     35  10
 2  85  61  73  -1   0   8 0.00  0.0    0  7.4 16  30   M    M   0        19 340
 3  86  57  72  -2   0   7 0.00  0.0    0  3.1 12  10   M    M   0        13  50
 4  88  59  74   0   0   9 0.00  0.0    0  4.5 10  40   M    M   0        14  30
 5  88  61  75   2   0  10 0.00  0.0    0  4.1 10  50   M    M   0        14  50
 6  87  62  75   2   0  10 0.00  0.0    0  6.2 12 180   M    M   0        14 180
 7  92  66  79   6   0  14 0.00  0.0    0  7.9 13 170   M    M   0        16 170
 8  94  69  82  10   0  17 0.00  0.0    0  6.3 12 210   M    M   0        19 230
 9  95  70  83  11   0  18 0.00  0.0    0  8.3 16 220   M    M   0        21 210
10  93  68  81  10   0  16 0.00  0.0    0  6.6 17 200   M    M   0        21 220
11  94  69  82  11   0  17 0.00  0.0    0  4.7 10 150   M    M   1        14 140
12  89  69  79   8   0  14 0.00  0.0    0  6.6 17  30   M    M   1        21 360
13  77  59  68  -2   0   3 0.00  0.0    0  8.1 16  30   M    M   0        19  30
14  78  52  65  -5   0   0 0.00  0.0    0  8.4 16 140   M    M   0        21 140
15  88  59  74   5   0   9 0.00  0.0    0  9.4 15 160   M    M   0        19 210
16  75  66  71   2   0   6 0.09  0.0    0  7.2 15  50   M    M   8 13     17  60
17  79  64  72   4   0   7 0.38  0.0    0  9.1 17 150   M    M   6 13     22 140
18  82  70  76   8   0  11 0.38  0.0    0 12.0 16 140   M    M   4 13     19 160
19  90  69  80  12   0  15 0.38  0.0    0 13.1 28 150   M    M   1 13     38 290
20  69  52  61  -6   4   0 0.55  0.0    0  9.0 18 350   M    M   6 123    22 340
21  73  48  61  -6   4   0 0.00  0.0    0  6.4 17  20   M    M   0        21  10
22  76  46  61  -5   4   0 0.00  0.0    0  5.4 13 130   M    M   0        16 140
23  77  51  64  -2   1   0 0.00  0.0    0 10.4 21 140   M    M   0        27 150
24  77  59  68   3   0   3 0.03  0.0    0  8.7 18 220   M    M   3        22 220
25  79  54  67   2   0   2 0.00  0.0    0  3.9 10  90   M    M   1 1      14  80
26  82  58  70   6   0   5 0.00  0.0    0 10.0 18 150   M    M   0        23 140
27  84  65  75  11   0  10 0.00  0.0    0 12.1 21 150   M    M   0        26 150
28  76  59  68   4   0   3 0.33  0.0    0 11.5 21 180   M    M   8 18     29 180
29  74  54  64   1   1   0 0.00  0.0    0  7.2 14  20   M    M   2 1      17 360
30  77  55  66   3   0   1 0.00  0.0    0  9.3 16 180   M    M   6 1      20 200
================================================================================
SM 2492 1822        14 230  2.18     0.0 233.5          M       49
================================================================================
AV 83.1 60.7                               7.8 FASTST   M    M   2    MAX(MPH)
                                 MISC ---->  # 28 150               # 38  290
================================================================================
NOTES:
# LAST OF SEVERAL OCCURRENCES

COLUMN 17 PEAK WIND IN M.P.H.

PRELIMINARY LOCAL CLIMATOLOGICAL DATA (WS FORM: F-6) , PAGE 2

                                          STATION:  SPRINGFIELD MO
                                          MONTH:    SEPTEMBER
                                          YEAR:     2013
                                          LATITUDE:   37 13 N
                                          LONGITUDE:  93 23 W

[TEMPERATURE DATA]      [PRECIPITATION DATA]       SYMBOLS USED IN COLUMN 16

AVERAGE MONTHLY: 71.9   TOTAL FOR MONTH:   2.18    1 = FOG OR MIST
DPTR FM NORMAL:   2.9   DPTR FM NORMAL:   -2.43    2 = FOG REDUCING VISIBILITY
HIGHEST:    95 ON  9    GRTST 24HR  0.93 ON 19-20      TO 1/4 MILE OR LESS
LOWEST:     46 ON 22                               3 = THUNDER
                        SNOW, ICE PELLETS, HAIL    4 = ICE PELLETS
                        TOTAL MONTH:   0.0 INCH    5 = HAIL
                        GRTST 24HR     0.0         6 = FREEZING RAIN OR DRIZZLE
                        GRTST DEPTH:   0           7 = DUSTSTORM OR SANDSTORM:
                                                       VSBY 1/2 MILE OR LESS
                                                   8 = SMOKE OR HAZE
[NO. OF DAYS WITH]      [WEATHER - DAYS WITH]      9 = BLOWING SNOW
                                                   X = TORNADO
MAX 32 OR BELOW:   0    0.01 INCH OR MORE:   8
MAX 90 OR ABOVE:   6    0.10 INCH OR MORE:   5
MIN 32 OR BELOW:   0    0.50 INCH OR MORE:   1
MIN  0 OR BELOW:   0    1.00 INCH OR MORE:   0

[HDD (BASE 65) ]
TOTAL THIS MO.    14    CLEAR  (SCALE 0-3)  23
DPTR FM NORMAL   -39    PTCLDY (SCALE 4-7)   7
TOTAL FM JUL 1    14    CLOUDY (SCALE 8-10)  0
DPTR FM NORMAL   -41

[CDD (BASE 65) ]
TOTAL THIS MO.   230
DPTR FM NORMAL    57    [PRESSURE DATA]
TOTAL FM JAN 1  1373    HIGHEST SLP M ON M
DPTR FM NORMAL    14    LOWEST  SLP 29.78 ON  1

[REMARKS]
#FINAL-09-13#
