000
CXUS53 KSGF 010800
CF6SGF
PRELIMINARY LOCAL CLIMATOLOGICAL DATA (WS FORM: F-6)

                                          STATION:   SPRINGFIELD MO
                                          MONTH:     AUGUST
                                          YEAR:      2013
                                          LATITUDE:   37 13 N
                                          LONGITUDE:  93 23 W

  TEMPERATURE IN F:       :PCPN:    SNOW:  WIND      :SUNSHINE: SKY     :PK WND
================================================================================
1   2   3   4   5  6A  6B    7    8   9   10  11  12  13   14  15   16   17  18
                                     12Z  AVG MX 2MIN
DY MAX MIN AVG DEP HDD CDD  WTR  SNW DPTH SPD SPD DIR MIN PSBL S-S WX    SPD DR
================================================================================

 1  87  63  75  -4   0  10 0.00  0.0    0  4.9 12  60   M    M   0 1      14  30
 2  87  71  79   0   0  14 0.00  0.0    0 10.4 21 180   M    M   3        26 180
 3  87  68  78  -1   0  13 1.27  0.0    0  8.6 37 330   M    M   3 13     45 330
 4  76  69  73  -6   0   8 2.24  0.0    0  7.3 22 260   M    M   8 13     34 250
 5  87  72  80   1   0  15 0.13  0.0    0 11.2 21 170   M    M   6 13     25 160
 6  82  71  77  -2   0  12 0.27  0.0    0 10.8 21 290   M    M   4 13     31 290
 7  84  71  78  -1   0  13 0.51  0.0    0  6.8 30 280   M    M   4 13     44 280
 8  84  71  78  -1   0  13 0.64  0.0    0  5.8 14  40   M    M   6 13     15  40
 9  81  70  76  -3   0  11 0.01  0.0    0  7.3 15 350   M    M   8 1      18 360
10  83  68  76  -3   0  11    T  0.0    0  9.7 16  40   M    M   5        20  40
11  84  69  77  -2   0  12 0.00  0.0    0  7.8 14 110   M    M   3        17 130
12  82  69  76  -3   0  11 0.77  0.0    0  4.8 17 310   M    M   5 123    25 310
13  81  66  74  -4   0   9 0.00  0.0    0  6.1 14  20   M    M   0        17  20
14  77  61  69  -9   0   4 0.00  0.0    0  8.0 16  50   M    M   1        23  70
15  75  55  65 -13   0   0 0.00  0.0    0  5.7 12  50   M    M   0        15  50
16  75  59  67 -11   0   2 0.00  0.0    0  5.4 16  50   M    M   3        18  50
17  79  57  68 -10   0   3 0.00  0.0    0  6.2 14  50   M    M   1 1      17  30
18  82  60  71  -7   0   6 0.00  0.0    0  3.7 12  50   M    M   2 1      17  70
19  85  63  74  -4   0   9 0.00  0.0    0  4.2 10 160   M    M   0 1      15 180
20  85  65  75  -3   0  10 0.00  0.0    0  6.4 12 200   M    M   1        15 160
21  88  66  77  -1   0  12 0.00  0.0    0  6.6 14 200   M    M   1        17 190
22  90  68  79   2   0  14 0.00  0.0    0  5.2 10 200   M    M   1        14 200
23  90  67  79   2   0  14 0.00  0.0    0  3.9  9 170   M    M   2        11 170
24  89  72  81   4   0  16 0.00  0.0    0  8.5 15 150   M    M   0 18     20 150
25  91  70  81   4   0  16 0.00  0.0    0  7.2 13 160   M    M   1 1      16 160
26  90  72  81   4   0  16 0.00  0.0    0  7.5 13 190   M    M   1 1      18 200
27  90  69  80   4   0  15 0.00  0.0    0  6.6 15 250   M    M   2        19 260
28  91  68  80   4   0  15 0.00  0.0    0  4.6 13 230   M    M   0        16 280
29  94  70  82   6   0  17 0.00  0.0    0  4.5  9 230   M    M   1        13 240
30  95  73  84   8   0  19 0.00  0.0    0  6.4 14 230   M    M   0        16 230
31  96  72  84   9   0  19 0.00  0.0    0  7.3 16 220   M    M   0        21 230
================================================================================
SM 2647 2085         0 359  5.84     0.0 209.4          M       72
================================================================================
AV 85.4 67.3                               6.8 FASTST   M    M   2    MAX(MPH)
                                 MISC ---->  # 37 330               # 45  330
================================================================================
NOTES:
# LAST OF SEVERAL OCCURRENCES

COLUMN 17 PEAK WIND IN M.P.H.

PRELIMINARY LOCAL CLIMATOLOGICAL DATA (WS FORM: F-6) , PAGE 2

                                          STATION:  SPRINGFIELD MO
                                          MONTH:    AUGUST
                                          YEAR:     2013
                                          LATITUDE:   37 13 N
                                          LONGITUDE:  93 23 W

[TEMPERATURE DATA]      [PRECIPITATION DATA]       SYMBOLS USED IN COLUMN 16

AVERAGE MONTHLY: 76.3   TOTAL FOR MONTH:   5.84    1 = FOG OR MIST
DPTR FM NORMAL:  -1.5   DPTR FM NORMAL:    2.29    2 = FOG REDUCING VISIBILITY
HIGHEST:    96 ON 31    GRTST 24HR  2.36 ON  4- 5      TO 1/4 MILE OR LESS
LOWEST:     55 ON 15                               3 = THUNDER
                        SNOW, ICE PELLETS, HAIL    4 = ICE PELLETS
                        TOTAL MONTH:   0.0 INCH    5 = HAIL
                        GRTST 24HR     0.0         6 = FREEZING RAIN OR DRIZZLE
                        GRTST DEPTH:   0           7 = DUSTSTORM OR SANDSTORM:
                                                       VSBY 1/2 MILE OR LESS
                                                   8 = SMOKE OR HAZE
[NO. OF DAYS WITH]      [WEATHER - DAYS WITH]      9 = BLOWING SNOW
                                                   X = TORNADO
MAX 32 OR BELOW:   0    0.01 INCH OR MORE:   8
MAX 90 OR ABOVE:   9    0.10 INCH OR MORE:   7
MIN 32 OR BELOW:   0    0.50 INCH OR MORE:   5
MIN  0 OR BELOW:   0    1.00 INCH OR MORE:   2

[HDD (BASE 65) ]
TOTAL THIS MO.     0    CLEAR  (SCALE 0-3)  22
DPTR FM NORMAL    -2    PTCLDY (SCALE 4-7)   8
TOTAL FM JUL 1     0    CLOUDY (SCALE 8-10)  1
DPTR FM NORMAL    -2

[CDD (BASE 65) ]
TOTAL THIS MO.   359
DPTR FM NORMAL   -39    [PRESSURE DATA]
TOTAL FM JAN 1  1143    HIGHEST SLP M ON M
DPTR FM NORMAL   -43    LOWEST  SLP 29.78 ON 31

[REMARKS]
#FINAL-08-13#
