000
CXUS53 KSGF 141217
CF6SGF
PRELIMINARY LOCAL CLIMATOLOGICAL DATA (WS FORM: F-6)

                                          STATION:   SPRINGFIELD MO
                                          MONTH:     MAY
                                          YEAR:      2013
                                          LATITUDE:   37 13 N
                                          LONGITUDE:  93 23 W

  TEMPERATURE IN F:       :PCPN:    SNOW:  WIND      :SUNSHINE: SKY     :PK WND
================================================================================
1   2   3   4   5  6A  6B    7    8   9   10  11  12  13   14  15   16   17  18
                                     12Z  AVG MX 2MIN
DY MAX MIN AVG DEP HDD CDD  WTR  SNW DPTH SPD SPD DIR MIN PSBL S-S WX    SPD DR
================================================================================

 1  81  57  69   9   0   4 0.00  0.0    0 10.7 23 160   M    M   0        29 140
 2  63  33  48 -13  17   0 0.32    T    T 13.9 24 340   M    M   9 14     31 330
 3  36  32  34 -27  31   0 0.82  1.4    1 12.1 22 330   M    M  10 14     28 320
 4  46  33  40 -21  25   0 0.03    T    1  5.1 14  60   M    M  10 1      22  60
 5  59  40  50 -12  15   0 0.00  0.0    0 10.0 18 330   M    M   9        23 310
 6  66  50  58  -4   7   0 0.00  0.0    0 10.0 21 330   M    M   6 1      26 340
 7  76  44  60  -2   5   0 0.00  0.0    0  3.3  9 330   M    M   1 12     14  80
 8  73  52  63   0   2   0 0.04  0.0    0  6.5 21 130   M    M   4        24 130
 9  76  58  67   4   0   2 0.70  0.0    0 10.5 23 230   M    M   7 13     32 220
10  66  48  57  -6   8   0    T  0.0    0  8.1 18 340   M    M   7 1      22 360
11  71  43  57  -6   8   0 0.00  0.0    0  9.5 24 340   M    M   1 12     29 320
12  65  36  51 -13  14   0    T  0.0    0  3.7 17 340   M    M   2        22 330
13  78  46  62  -2   3   0 0.00  0.0    0  9.0 17 180   M    M   2        23 160
14  87  59  73   9   0   8 0.00  0.0    0 13.5 24 240   M    M   0        32 230
15  82  59  71   6   0   6 0.23  0.0    0 11.3 26 240   M    M   0 13     32 230
16  67  61  64  -1   1   0 0.03  0.0    0  9.7 16 150   M    M   8        20  50
17  79  61  70   5   0   5 0.00  0.0    0  4.2 12 150   M    M   6 1      14 140
18  83  64  74   9   0   9 0.00  0.0    0 13.6 22 150   M    M   6 1      26 150
19  87  69  78  12   0  13 0.14  0.0    0 15.0 28 160   M    M   1 138    35 150
20  77  61  69   3   0   4 1.02  0.0    0 10.3 30 280   M    M   8 13     44 280
21  71  60  66   0   0   1    T  0.0    0  9.8 28 280   M    M   3        36 280
22  71  55  63  -3   2   0 0.00  0.0    0  8.4 20 280   M    M   4        26 270
23  74  52  63  -4   2   0 0.00  0.0    0  8.5 17  40   M    M   1        21 350
24  74  52  63  -4   2   0 0.00  0.0    0 11.7 21 110   M    M   0        25 100
25  80  56  68   1   0   3    T  0.0    0 12.2 20 180   M    M   1        25 180
26  84  63  74   6   0   9 0.00  0.0    0 12.7 21 180   M    M   1        28 160
27  84  66  75   7   0  10 0.00  0.0    0 16.3 25 190   M    M   3 3      33 190
28  83  67  75   7   0  10 0.04  0.0    0 14.5 24 180   M    M   0 3      31 190
29  81  68  75   6   0  10 0.00  0.0    0 16.9 28 170   M    M   2        36 170
30  83  63  73   4   0   8 2.50  0.0    0 16.3 38 190   M    M   6 13     52 190
31  82  64  73   4   0   8 2.10  0.0    0 14.5 28 330   M    M   6 13     34 320
================================================================================
SM 2285 1672       142 110  7.97     1.4 331.8          M      124
================================================================================
AV 73.7 53.9                              10.7 FASTST   M    M   4    MAX(MPH)
                                 MISC ---->  # 38 190               # 52  190
================================================================================
NOTES:
# LAST OF SEVERAL OCCURRENCES

COLUMN 17 PEAK WIND IN M.P.H.

PRELIMINARY LOCAL CLIMATOLOGICAL DATA (WS FORM: F-6) , PAGE 2

                                          STATION:  SPRINGFIELD MO
                                          MONTH:    MAY
                                          YEAR:     2013
                                          LATITUDE:   37 13 N
                                          LONGITUDE:  93 23 W

[TEMPERATURE DATA]      [PRECIPITATION DATA]       SYMBOLS USED IN COLUMN 16

AVERAGE MONTHLY: 63.8   TOTAL FOR MONTH:   7.97    1 = FOG OR MIST
DPTR FM NORMAL:  -1.0   DPTR FM NORMAL:    2.87    2 = FOG REDUCING VISIBILITY
HIGHEST:    87 ON 19,14 GRTST 24HR  2.50 ON 30-30      TO 1/4 MILE OR LESS
LOWEST:     32 ON  3                               3 = THUNDER
                        SNOW, ICE PELLETS, HAIL    4 = ICE PELLETS
                        TOTAL MONTH:   1.4 INCHES  5 = HAIL
                        GRTST 24HR   1.4 ON   M    6 = FREEZING RAIN OR DRIZZLE
                        GRTST DEPTH:   1 ON  4, 3  7 = DUSTSTORM OR SANDSTORM:
                                                       VSBY 1/2 MILE OR LESS
                                                   8 = SMOKE OR HAZE
[NO. OF DAYS WITH]      [WEATHER - DAYS WITH]      9 = BLOWING SNOW
                                                   X = TORNADO
MAX 32 OR BELOW:   0    0.01 INCH OR MORE:  12
MAX 90 OR ABOVE:   0    0.10 INCH OR MORE:   8
MIN 32 OR BELOW:   1    0.50 INCH OR MORE:   5
MIN  0 OR BELOW:   0    1.00 INCH OR MORE:   3

[HDD (BASE 65) ]
TOTAL THIS MO.   142    CLEAR  (SCALE 0-3)  16
DPTR FM NORMAL    47    PTCLDY (SCALE 4-7)   9
TOTAL FM JUL 1  4494    CLOUDY (SCALE 8-10)  6
DPTR FM NORMAL   -75

[CDD (BASE 65) ]
TOTAL THIS MO.   110
DPTR FM NORMAL    20    [PRESSURE DATA]
TOTAL FM JAN 1   127    HIGHEST SLP 30.32 ON 24
DPTR FM NORMAL    12    LOWEST  SLP 29.57 ON 21

[REMARKS]
#FINAL-05-13#
