000
CXUS53 KSGF 080651
CF6SGF
PRELIMINARY LOCAL CLIMATOLOGICAL DATA (WS FORM: F-6)

                                          STATION:   SPRINGFIELD MO
                                          MONTH:     JULY
                                          YEAR:      2013
                                          LATITUDE:   37 13 N
                                          LONGITUDE:  93 23 W

  TEMPERATURE IN F:       :PCPN:    SNOW:  WIND      :SUNSHINE: SKY     :PK WND
================================================================================
1   2   3   4   5  6A  6B    7    8   9   10  11  12  13   14  15   16   17  18
                                     12Z  AVG MX 2MIN
DY MAX MIN AVG DEP HDD CDD  WTR  SNW DPTH SPD SPD DIR MIN PSBL S-S WX    SPD DR
================================================================================

 1  80  59  70  -7   0   5 0.00  0.0    0  9.2 20 360   M    M   2        26  30
 2  81  55  68  -9   0   3 0.00  0.0    M  7.1 20  30   M    M   1        27 360
 3  84  57  71  -6   0   6 0.49  0.0    0  5.8 16  50   M    M   3 3       M  M
 4  84  60  72  -5   0   7    T  0.0    0  7.1 18 140   M    M   1 38     23 140
 5  87  62  75  -3   0  10 0.00  0.0    0  8.4 17 140   M    M   0 8      22 140
 6  89  66  78   0   0  13 0.00  0.0    0  8.7 13 180   M    M   1        17 160
 7  91  69  80   2   0  15 0.00  0.0    0  9.5 15 190   M    M   0        20 150
 8  92  72  82   4   0  17 0.00  0.0    0  9.2 16 190   M    M   0        20 210
 9  95  72  84   6   0  19 0.00  0.0    0  9.6 18 210   M    M   0        22 200
10  94  71  83   5   0  18 0.73  0.0    0  6.9 32 320   M    M   3 13     38 320
11  89  72  81   3   0  16 0.00  0.0    0  8.5 14  70   M    M   1        18  40
12  88  67  78   0   0  13 0.00  0.0    0  9.7 20 140   M    M   0        23 130
13  85  64  75  -3   0  10 0.00  0.0    0  7.8 15 170   M    M   0        20 150
14  87  64  76  -2   0  11 0.00  0.0    0  8.8 16  90   M    M   1        22 130
15  89  70  80   2   0  15 0.16  0.0    0  9.5 24 160   M    M   3 1      29 150
16  91  71  81   3   0  16 0.19  0.0    0  6.7 23 150   M    M   2 3      30 230
17  92  70  81   3   0  16    T  0.0    0  4.6 15 160   M    M   2 3      19 140
18  94  72  83   5   0  18 0.00  0.0    0  5.3 13 160   M    M   0        17 160
19  95  71  83   5   0  18 0.00  0.0    0  7.6 18 140   M    M   0        22 170
20  94  70  82   3   0  17 0.18  0.0    0  8.2 28 210   M    M   2 13     36 200
21  84  70  77  -2   0  12 0.27  0.0    0  4.1 25 200   M    M   6 1      32 200
22  86  67  77  -2   0  12 0.15  0.0    0  9.9 22 240   M    M   4 13     29 240
23  94  72  83   4   0  18 0.00  0.0    0 10.4 28 240   M    M   0 3      35 240
24  87  68  78  -1   0  13 0.00  0.0    0  7.2 14 350   M    M   4        29 350
25  88  62  75  -4   0  10 0.00  0.0    0  6.0 13 180   M    M   0        15 150
26  73  64  69 -10   0   4 1.51  0.0    0  6.8 15 160   M    M   8 123    18 160
27  76  63  70  -9   0   5 0.00  0.0    0  5.5 14 350   M    M   4 12     17  10
28  72  61  67 -12   0   2    T  0.0    0  3.6 12 180   M    M   6        13 180
29  83  66  75  -4   0  10 0.39  0.0    0 11.2 18 160   M    M   2 13     23 180
30  83  70  77  -2   0  12 2.26  0.0    0  6.9 26 160   M    M   9 13     32 160
31  85  69  77  -2   0  12 0.00  0.0    0  6.7 20 350   M    M   5 12     25 350
================================================================================
SM 2692 2066         0 373  6.33     0.0 236.5          M       70
================================================================================
AV 86.8 66.6                               7.6 FASTST   M    M   2    MAX(MPH)
                                 MISC ---->  # 32 320               # 38  320
================================================================================
NOTES:
# LAST OF SEVERAL OCCURRENCES

COLUMN 17 PEAK WIND IN M.P.H.

PRELIMINARY LOCAL CLIMATOLOGICAL DATA (WS FORM: F-6) , PAGE 2

                                          STATION:  SPRINGFIELD MO
                                          MONTH:    JULY
                                          YEAR:     2013
                                          LATITUDE:   37 13 N
                                          LONGITUDE:  93 23 W

[TEMPERATURE DATA]      [PRECIPITATION DATA]       SYMBOLS USED IN COLUMN 16

AVERAGE MONTHLY: 76.7   TOTAL FOR MONTH:   6.33    1 = FOG OR MIST
DPTR FM NORMAL:  -1.5   DPTR FM NORMAL:    2.65    2 = FOG REDUCING VISIBILITY
HIGHEST:    95 ON 19, 9 GRTST 24HR  2.64 ON 29-30      TO 1/4 MILE OR LESS
LOWEST:     55 ON  2                               3 = THUNDER
                        SNOW, ICE PELLETS, HAIL    4 = ICE PELLETS
                        TOTAL MONTH:   0.0 INCH    5 = HAIL
                        GRTST 24HR     0.0         6 = FREEZING RAIN OR DRIZZLE
                        GRTST DEPTH:   0           7 = DUSTSTORM OR SANDSTORM:
                                                       VSBY 1/2 MILE OR LESS
                                                   8 = SMOKE OR HAZE
[NO. OF DAYS WITH]      [WEATHER - DAYS WITH]      9 = BLOWING SNOW
                                                   X = TORNADO
MAX 32 OR BELOW:   0    0.01 INCH OR MORE:  10
MAX 90 OR ABOVE:  10    0.10 INCH OR MORE:  10
MIN 32 OR BELOW:   0    0.50 INCH OR MORE:   3
MIN  0 OR BELOW:   0    1.00 INCH OR MORE:   2

[HDD (BASE 65) ]
TOTAL THIS MO.     0    CLEAR  (SCALE 0-3)  22
DPTR FM NORMAL     0    PTCLDY (SCALE 4-7)   7
TOTAL FM JUL 1     0    CLOUDY (SCALE 8-10)  2
DPTR FM NORMAL     0

[CDD (BASE 65) ]
TOTAL THIS MO.   373
DPTR FM NORMAL   -37    [PRESSURE DATA]
TOTAL FM JAN 1   784    HIGHEST SLP 30.32 ON 17
DPTR FM NORMAL    -4    LOWEST  SLP 29.77 ON 23

[REMARKS]
#FINAL-07-13#
