000
CXUS53 KSGF 010800
CF6SGF
PRELIMINARY LOCAL CLIMATOLOGICAL DATA (WS FORM: F-6)

                                          STATION:   SPRINGFIELD MO
                                          MONTH:     FEBRUARY
                                          YEAR:      2013
                                          LATITUDE:   37 13 N
                                          LONGITUDE:  93 23 W

  TEMPERATURE IN F:       :PCPN:    SNOW:  WIND      :SUNSHINE: SKY     :PK WND
================================================================================
1   2   3   4   5  6A  6B    7    8   9   10  11  12  13   14  15   16   17  18
                                     12Z  AVG MX 2MIN
DY MAX MIN AVG DEP HDD CDD  WTR  SNW DPTH SPD SPD DIR MIN PSBL S-S WX    SPD DR
================================================================================

 1  33   7  20 -14  45   0 0.00  0.0    0  8.2 16 140   M    M   1        20 140
 2  50  26  38   4  27   0 0.02    T    0  9.3 18 320   M    M   2 46     24 280
 3  50  33  42   8  23   0 0.00  0.0    0 10.4 25 340   M    M   0        30 340
 4  60  31  46  12  19   0 0.02    M    0 13.1 23 220   M    M   3        31 230
 5  61  26  44   9  21   0 0.00  0.0    0  6.5 20 270   M    M   0 1      27 280
 6  58  33  46  11  19   0 0.00  0.0    0 15.0 24 150   M    M   0        31 140
 7  53  40  47  12  18   0 0.26  0.0    0 11.0 25 360   M    M   9 138    30 360
 8  47  32  40   5  25   0 0.00  0.0    0  9.7 22 350   M    M   5 1      25 340
 9  42  32  37   1  28   0 0.11  0.0    0 19.4 30 140   M    M   6 1      36 140
10  60  38  49  13  16   0 0.13  0.0    0 20.5 31 280   M    M   4 13     40 280
11  49  28  39   3  26   0 0.00  0.0    0  7.3 14 270   M    M   0        22 210
12  46  24  35  -1  30   0 0.07    T    0  5.0 16 340   M    M   5 1      19 340
13  47  31  39   3  26   0 0.06  1.0    0  9.4 18 250   M    M   5 1      23 250
14  54  35  45   8  20   0 0.00  0.0    0  9.0 15 310   M    M   1        20 240
15  42  22  32  -5  33   0 0.00  0.0    0 10.2 21 340   M    M   3        24 350
16  36  17  27 -10  38   0 0.01  0.5    0  6.3 13 270   M    M   8 1      16  10
17  62  30  46   8  19   0 0.00  0.0    0 13.3 22 150   M    M   2        29 150
18  58  31  45   7  20   0 0.20  0.0    0 19.3 33 320   M    M   7 13     46 240
19  41  23  32  -6  33   0 0.00  0.0    0  9.5 23 320   M    M   0        28 290
20  33  23  28 -11  37   0    T    T    0  7.9 13  90   M    M   6        20 360
21  33  28  31  -8  34   0 0.62  0.6    1 15.2 31 120   M    M  10 1346   39 100
22  34  21  28 -11  37   0    T  0.0    0 10.4 25 250   M    M   6 16     33 260
23  38  17  28 -12  37   0 0.00  0.0    0  3.4 13 280   M    M   0        15 280
24  53  23  38  -2  27   0 0.00  0.0    0 11.9 22 130   M    M   0        26 120
25  45  34  40   0  25   0 0.45    T    0 16.3 37  50   M    M   5 13     44  50
26  35  32  34  -7  31   0 0.33  3.2    2 13.8 23  50   M    M   9 1      29  40
27  33  31  32  -9  33   0    T    T    2 12.9 22 280   M    M  10 18     29 280
28  32  28  30 -11  35   0 0.00  0.0    1 10.7 21 330   M    M   9        24 320
================================================================================
SM 1285  776       782   0  2.28     5.3 314.9          M      116
================================================================================
AV 45.9 27.7                              11.2 FASTST   M    M   4    MAX(MPH)
                                 MISC ---->  # 37  50               # 46  240
================================================================================
NOTES:
# LAST OF SEVERAL OCCURRENCES

COLUMN 17 PEAK WIND IN M.P.H.

PRELIMINARY LOCAL CLIMATOLOGICAL DATA (WS FORM: F-6) , PAGE 2

                                          STATION:  SPRINGFIELD MO
                                          MONTH:    FEBRUARY
                                          YEAR:     2013
                                          LATITUDE:   37 13 N
                                          LONGITUDE:  93 23 W

[TEMPERATURE DATA]      [PRECIPITATION DATA]       SYMBOLS USED IN COLUMN 16

AVERAGE MONTHLY: 36.8   TOTAL FOR MONTH:   2.28    1 = FOG OR MIST
DPTR FM NORMAL:  -0.4   DPTR FM NORMAL:   -0.24    2 = FOG REDUCING VISIBILITY
HIGHEST:    62 ON 17    GRTST 24HR  0.77 ON 25-26      TO 1/4 MILE OR LESS
LOWEST:      7 ON  1                               3 = THUNDER
                        SNOW, ICE PELLETS, HAIL    4 = ICE PELLETS
                        TOTAL MONTH:   5.3 INCHES  5 = HAIL
                        GRTST 24HR   3.2 ON   M    6 = FREEZING RAIN OR DRIZZLE
                        GRTST DEPTH:   2 ON 27,26  7 = DUSTSTORM OR SANDSTORM:
                                                       VSBY 1/2 MILE OR LESS
                                                   8 = SMOKE OR HAZE
[NO. OF DAYS WITH]      [WEATHER - DAYS WITH]      9 = BLOWING SNOW
                                                   X = TORNADO
MAX 32 OR BELOW:   1    0.01 INCH OR MORE:  12
MAX 90 OR ABOVE:   0    0.10 INCH OR MORE:   7
MIN 32 OR BELOW:  22    0.50 INCH OR MORE:   1
MIN  0 OR BELOW:   0    1.00 INCH OR MORE:   0

[HDD (BASE 65) ]
TOTAL THIS MO.   782    CLEAR  (SCALE 0-3)  13
DPTR FM NORMAL     2    PTCLDY (SCALE 4-7)  10
TOTAL FM JUL 1  3298    CLOUDY (SCALE 8-10)  5
DPTR FM NORMAL  -295

[CDD (BASE 65) ]
TOTAL THIS MO.     0
DPTR FM NORMAL     0    [PRESSURE DATA]
TOTAL FM JAN 1     0    HIGHEST SLP M ON M
DPTR FM NORMAL     0    LOWEST  SLP 29.35 ON 26

[REMARKS]
#FINAL-02-13#
