000
CXUS53 KSGF 010800
CF6SGF
PRELIMINARY LOCAL CLIMATOLOGICAL DATA (WS FORM: F-6)

                                          STATION:   SPRINGFIELD MO
                                          MONTH:     APRIL
                                          YEAR:      2013
                                          LATITUDE:   37 13 N
                                          LONGITUDE:  93 23 W

  TEMPERATURE IN F:       :PCPN:    SNOW:  WIND      :SUNSHINE: SKY     :PK WND
================================================================================
1   2   3   4   5  6A  6B    7    8   9   10  11  12  13   14  15   16   17  18
                                     12Z  AVG MX 2MIN
DY MAX MIN AVG DEP HDD CDD  WTR  SNW DPTH SPD SPD DIR MIN PSBL S-S WX    SPD DR
================================================================================

 1  53  37  45  -6  20   0    T    T    0 10.0 18  30   M    M   5 4      23  30
 2  41  34  38 -14  27   0 0.09    T    0  6.7 13  50   M    M   8 4      16  50
 3  54  31  43  -9  22   0 0.00  0.0    0 10.1 22  70   M    M   2        32  80
 4  58  35  47  -5  18   0    T  0.0    0  5.8 15 340   M    M   8        21  40
 5  69  31  50  -2  15   0 0.00  0.0    0  6.1 14 160   M    M   0        17 210
 6  74  51  63  10   2   0 0.00  0.0    0 15.7 31 190   M    M   0        39 190
 7  77  53  65  12   0   0 0.00  0.0    0 10.5 23 170   M    M   3        30 160
 8  75  59  67  14   0   2    T  0.0    0 13.1 21 190   M    M   5        26 180
 9  77  61  69  15   0   4 0.00  0.0    0 14.4 23 160   M    M   7        28 140
10  70  38  54   0  11   0 1.76  0.0    0 11.3 24 270   M    M   9 13     32 270
11  47  33  40 -14  25   0    T    T    0 13.7 23 280   M    M   7 1      29 270
12  53  32  43 -12  22   0 0.00  0.0    0 10.7 22 280   M    M   3        30 290
13  70  34  52  -3  13   0 0.00  0.0    0  9.7 22 150   M    M   1        28 150
14  80  52  66  11   0   1 0.11  0.0    0 17.1 30 170   M    M   1 13     35 180
15  78  49  64   8   1   0    T  0.0    0  9.7 23  20   M    M   8 1      32  10
16  57  47  52  -4  13   0 0.03  0.0    0 12.5 21  40   M    M  10 13     26  20
17  83  50  67  11   0   2 0.00  0.0    0 14.9 28 160   M    M   4 1      34 180
18  73  37  55  -1  10   0 1.21  0.0    0 15.2 30 260   M    M  10 13     38 270
19  52  33  43 -14  22   0 0.00  0.0    0 13.8 25 280   M    M   6        34 280
20  65  33  49  -8  16   0 0.00  0.0    0  6.1 17 150   M    M   1        21 150
21  68  49  59   1   6   0 0.00  0.0    0 14.9 24 150   M    M   1        28 160
22  69  46  58   0   7   0    T  0.0    0 13.6 24 140   M    M   1        30 140
23  60  36  48 -10  17   0 0.50  0.0    0 12.7 22 340   M    M   9 123    26 340
24  52  32  42 -16  23   0 0.02    T    0  9.4 18 330   M    M   4 1      22 310
25  66  31  49 -10  16   0    T  0.0    0  6.5 16 150   M    M   0        22 150
26  59  46  53  -6  12   0 1.74  0.0    0 14.5 31 160   M    M   9 13     38 160
27  54  48  51  -8  14   0 0.18  0.0    0  8.7 25 140   M    M  10 1      31 150
28  71  49  60   0   5   0 0.00  0.0    0  6.9 14 160   M    M   5        18 160
29  83  53  68   8   0   3 0.00  0.0    0 12.7 21 220   M    M   0        25 210
30  82  58  70  10   0   5 0.00  0.0    0 12.7 23 190   M    M   0        29 200
================================================================================
SM 1970 1278       337  17  5.64    T    339.7          M      137
================================================================================
AV 65.7 42.6                              11.3 FASTST   M    M   5    MAX(MPH)
                                 MISC ---->  # 31 190               # 39  190
================================================================================
NOTES:
# LAST OF SEVERAL OCCURRENCES

COLUMN 17 PEAK WIND IN M.P.H.

PRELIMINARY LOCAL CLIMATOLOGICAL DATA (WS FORM: F-6) , PAGE 2

                                          STATION:  SPRINGFIELD MO
                                          MONTH:    APRIL
                                          YEAR:     2013
                                          LATITUDE:   37 13 N
                                          LONGITUDE:  93 23 W

[TEMPERATURE DATA]      [PRECIPITATION DATA]       SYMBOLS USED IN COLUMN 16

AVERAGE MONTHLY: 54.1   TOTAL FOR MONTH:   5.64    1 = FOG OR MIST
DPTR FM NORMAL:  -1.7   DPTR FM NORMAL:    1.32    2 = FOG REDUCING VISIBILITY
HIGHEST:    83 ON 29,17 GRTST 24HR  1.76 ON 10-10      TO 1/4 MILE OR LESS
LOWEST:     31 ON 25, 5                            3 = THUNDER
                        SNOW, ICE PELLETS, HAIL    4 = ICE PELLETS
                        TOTAL MONTH:    T          5 = HAIL
                        GRTST 24HR    T  ON 24-24  6 = FREEZING RAIN OR DRIZZLE
                        GRTST DEPTH:   0           7 = DUSTSTORM OR SANDSTORM:
                                                       VSBY 1/2 MILE OR LESS
                                                   8 = SMOKE OR HAZE
[NO. OF DAYS WITH]      [WEATHER - DAYS WITH]      9 = BLOWING SNOW
                                                   X = TORNADO
MAX 32 OR BELOW:   0    0.01 INCH OR MORE:   9
MAX 90 OR ABOVE:   0    0.10 INCH OR MORE:   6
MIN 32 OR BELOW:   5    0.50 INCH OR MORE:   4
MIN  0 OR BELOW:   0    1.00 INCH OR MORE:   3

[HDD (BASE 65) ]
TOTAL THIS MO.   337    CLEAR  (SCALE 0-3)  13
DPTR FM NORMAL    37    PTCLDY (SCALE 4-7)  10
TOTAL FM JUL 1  4352    CLOUDY (SCALE 8-10)  7
DPTR FM NORMAL  -122

[CDD (BASE 65) ]
TOTAL THIS MO.    17
DPTR FM NORMAL    -5    [PRESSURE DATA]
TOTAL FM JAN 1    17    HIGHEST SLP M ON M
DPTR FM NORMAL    -8    LOWEST  SLP 29.50 ON 14

[REMARKS]
#FINAL-04-13#
