000
CXUS53 KSGF 010800
CF6SGF
PRELIMINARY LOCAL CLIMATOLOGICAL DATA (WS FORM: F-6)

                                          STATION:   SPRINGFIELD MO
                                          MONTH:     JANUARY
                                          YEAR:      2013
                                          LATITUDE:   37 13 N
                                          LONGITUDE:  93 23 W

  TEMPERATURE IN F:       :PCPN:    SNOW:  WIND      :SUNSHINE: SKY     :PK WND
================================================================================
1   2   3   4   5  6A  6B    7    8   9   10  11  12  13   14  15   16   17  18
                                     12Z  AVG MX 2MIN
DY MAX MIN AVG DEP HDD CDD  WTR  SNW DPTH SPD SPD DIR MIN PSBL S-S WX    SPD DR
================================================================================

 1  34  17  26  -7  39   0    T    T    0  9.2 17  10   M    M   8 1      20  10
 2  36  14  25  -8  40   0 0.00  0.0    0  5.7 12 180   M    M   0 1      16 220
 3  42  19  31  -1  34   0 0.00  0.0    0  4.2 13 320   M    M   3 18     17 320
 4  45  16  31  -1  34   0 0.00  0.0    0  7.6 14 270   M    M   1        17 280
 5  42  26  34   2  31   0    T    T    0  8.9 18 200   M    M   7        23 200
 6  42  21  32   0  33   0 0.00  0.0    0  6.5 15 340   M    M   0        18 340
 7  50  20  35   3  30   0 0.00  0.0    0 10.8 18 160   M    M   0        23 150
 8  56  30  43  11  22   0 0.26  0.0    0 10.5 20 160   M    M   4 1      23 160
 9  56  44  50  18  15   0 0.01  0.0    0  8.7 21  90   M    M   4 1      27  80
10  54  43  49  17  16   0 0.54  0.0    0 13.1 23 150   M    M  10 1      29 140
11  66  45  56  24   9   0 0.00  0.0    0 16.2 26 200   M    M   3        33 200
12  55  27  41   9  24   0 0.57  0.1    0 13.8 26  10   M    M   9 146    34  10
13  27  15  21 -11  44   0 0.00  0.0    0 11.0 23 340   M    M   6        27 340
14  29  13  21 -11  44   0 0.00  0.0    0  6.3 12  40   M    M   1        15  30
15  31  15  23  -9  42   0 0.00  0.0    0  5.8 13  10   M    M   4        15  10
16  40  13  27  -5  38   0 0.00  0.0    0  5.9 16 280   M    M   0        21 270
17  45  23  34   2  31   0 0.00  0.0    0  7.7 18 360   M    M   1 18     23  10
18  57  24  41   9  24   0 0.00  0.0    0 13.5 26 220   M    M   0        33 220
19  63  36  50  18  15   0 0.00  0.0    0 14.1 24 240   M    M   0        31 260
20  52  27  40   8  25   0 0.00  0.0    0  7.8 16 360   M    M   0        22  20
21  33  18  26  -7  39   0 0.00  0.0    0  8.8 16 360   M    M   1        23 330
22  34  19  27  -6  38   0 0.00  0.0    0  7.2 13 140   M    M   4        15  80
23  57  22  40   7  25   0 0.00  0.0    0  8.6 14  20   M    M   0        18  30
24  34  23  29  -4  36   0 0.00  0.0    0 14.4 25 140   M    M   9        32 140
25  49  27  38   5  27   0 0.00  0.0    0   M   M   M   M    M   4 1       M  M
26  58  29  44  11  21   0 0.00  0.0    0   M   M   M   M    M   1         M  M
27  55  41  48  15  17   0 0.02  0.0    0 18.4 26 160   M    M   7        35 170
28  74  55  65  32   0   0 0.00  0.0    0 16.9 32 210   M    M   8        40 220
29  69  45  57  24   8   0 1.65  0.0    0 12.3 32 190   M    M   9 13     42 190
30  47  26  37   3  28   0    T    T    0 16.8 30 330   M    M  10 1      39 320
31  38  11  25  -9  40   0 0.01  0.3    0 10.6 28 340   M    M   3 1      32 330
================================================================================
SM 1470  804       869   0  3.06     0.4 301.3          M      117
================================================================================
AV 47.4 25.9                              10.4 FASTST   M    M   4    MAX(MPH)
                                 MISC ---->  # 32 210               # 42  190
================================================================================
NOTES:
# LAST OF SEVERAL OCCURRENCES

COLUMN 17 PEAK WIND IN M.P.H.

PRELIMINARY LOCAL CLIMATOLOGICAL DATA (WS FORM: F-6) , PAGE 2

                                          STATION:  SPRINGFIELD MO
                                          MONTH:    JANUARY
                                          YEAR:     2013
                                          LATITUDE:   37 13 N
                                          LONGITUDE:  93 23 W

[TEMPERATURE DATA]      [PRECIPITATION DATA]       SYMBOLS USED IN COLUMN 16

AVERAGE MONTHLY: 36.7   TOTAL FOR MONTH:   3.06    1 = FOG OR MIST
DPTR FM NORMAL:   4.1   DPTR FM NORMAL:    0.59    2 = FOG REDUCING VISIBILITY
HIGHEST:    74 ON 28    GRTST 24HR  1.65 ON 29-29      TO 1/4 MILE OR LESS
LOWEST:     11 ON 31                               3 = THUNDER
                        SNOW, ICE PELLETS, HAIL    4 = ICE PELLETS
                        TOTAL MONTH:   0.4 INCH    5 = HAIL
                        GRTST 24HR   0.3 ON   M    6 = FREEZING RAIN OR DRIZZLE
                        GRTST DEPTH:   0           7 = DUSTSTORM OR SANDSTORM:
                                                       VSBY 1/2 MILE OR LESS
                                                   8 = SMOKE OR HAZE
[NO. OF DAYS WITH]      [WEATHER - DAYS WITH]      9 = BLOWING SNOW
                                                   X = TORNADO
MAX 32 OR BELOW:   3    0.01 INCH OR MORE:   7
MAX 90 OR ABOVE:   0    0.10 INCH OR MORE:   4
MIN 32 OR BELOW:  24    0.50 INCH OR MORE:   3
MIN  0 OR BELOW:   0    1.00 INCH OR MORE:   1

[HDD (BASE 65) ]
TOTAL THIS MO.   869    CLEAR  (SCALE 0-3)  15
DPTR FM NORMAL  -134    PTCLDY (SCALE 4-7)  10
TOTAL FM JUL 1  2516    CLOUDY (SCALE 8-10)  6
DPTR FM NORMAL  -297

[CDD (BASE 65) ]
TOTAL THIS MO.     0
DPTR FM NORMAL     0    [PRESSURE DATA]
TOTAL FM JAN 1     0    HIGHEST SLP M ON M
DPTR FM NORMAL     0    LOWEST  SLP 29.42 ON M

[REMARKS]
#FINAL-01-13#
