000
CXUS53 KSGF 010810
CF6SGF
PRELIMINARY LOCAL CLIMATOLOGICAL DATA (WS FORM: F-6)
STATION: SPRINGFIELD MO
MONTH: NOVEMBER
YEAR: 2022
LATITUDE: 37 13 N
LONGITUDE: 93 23 W
TEMPERATURE IN F: :PCPN: SNOW: WIND :SUNSHINE: SKY :PK WND
================================================================================
1 2 3 4 5 6A 6B 7 8 9 10 11 12 13 14 15 16 17 18
12Z AVG MX 2MIN
DY MAX MIN AVG DEP HDD CDD WTR SNW DPTH SPD SPD DIR MIN PSBL S-S WX SPD DR
================================================================================
1 75 43 59 7 6 0 0.00 0.0 0 6.6 10 160 M M 0 17 190
2 75 48 62 10 3 0 0.00 0.0 0 11.5 20 200 M M 0 26 190
3 78 56 67 15 0 2 0.00 0.0 0 16.1 26 190 M M 2 36 180
4 79 56 68 17 0 3 1.36 0.0 0 17.2 30 160 M M 7 13 43 150
5 56 41 49 -2 16 0 T 0.0 0 16.1 31 230 M M 5 1 43 240
6 73 44 59 9 6 0 0.00 0.0 0 10.0 17 190 M M 0 22 210
7 64 50 57 7 8 0 0.00 0.0 0 11.4 20 80 M M 4 26 80
8 74 51 63 13 2 0 0.05 0.0 0 10.4 17 150 M M 7 24 140
9 81 58 70 21 0 5 0.00 0.0 0 12.9 21 210 M M 0 27 190
10 78 48 63 14 2 0 0.00 0.0 0 13.7 22 170 M M 2 29 170
11 48 32 40 -8 25 0 0.30 0.0 0 16.4 23 340 M M 7 1 32 350
12 35 22 29 -19 36 0 0.00 0.0 0 10.2 17 330 M M 4 23 330
13 42 17 30 -18 35 0 0.00 0.0 0 5.4 14 150 M M 0 19 160
14 42 27 35 -12 30 0 0.13 0.9 0 6.9 22 150 M M 6 1 29 150
15 36 28 32 -15 33 0 T T 1 7.0 16 280 M M 8 18 24 280
16 38 21 30 -16 35 0 0.00 0.0 0 7.6 22 280 M M 3 30 300
17 49 18 34 -12 31 0 T T 0 9.7 26 340 M M 5 33 340
18 33 19 26 -20 39 0 0.00 0.0 0 11.0 26 340 M M 5 33 340
19 39 16 28 -17 37 0 0.00 0.0 0 9.2 22 280 M M 0 33 290
20 44 15 30 -15 35 0 0.00 0.0 0 6.6 13 160 M M 0 16 160
21 55 23 39 -6 26 0 0.00 0.0 0 7.6 17 230 M M 0 8 23 240
22 59 28 44 0 21 0 0.00 0.0 0 6.8 15 240 M M 0 8 24 240
23 59 31 45 1 20 0 0.01 0.0 0 9.5 20 150 M M 4 1 28 150
24 50 47 49 5 16 0 0.46 0.0 0 6.5 21 160 M M 10 13 28 170
25 55 34 45 2 20 0 0.00 0.0 0 5.8 17 360 M M 3 1 25 10
26 51 32 42 -1 23 0 1.39 0.0 0 8.6 17 230 M M 6 18 22 230
27 48 40 44 2 21 0 0.17 0.0 0 9.6 24 330 M M 10 1 34 340
28 56 30 43 1 22 0 0.00 0.0 0 11.8 24 150 M M 1 1 34 150
29 70 28 49 7 16 0 T T 0 20.2 32 220 M M 4 1 44 230
30 39 22 31 -11 34 0 T T 0 6.9 22 320 M M 1 1 31 310
================================================================================
SM 1681 1025 598 10 3.87 0.9 309.2 M 104
================================================================================
AV 56.0 34.2 10.3 FASTST M M 3 MAX(MPH)
MISC ----> 32 220 44 230
================================================================================
NOTES:
# LAST OF SEVERAL OCCURRENCES
COLUMN 17 PEAK WIND IN M.P.H.
PRELIMINARY LOCAL CLIMATOLOGICAL DATA (WS FORM: F-6) , PAGE 2
STATION: SPRINGFIELD MO
MONTH: NOVEMBER
YEAR: 2022
LATITUDE: 37 13 N
LONGITUDE: 93 23 W
[TEMPERATURE DATA] [PRECIPITATION DATA] SYMBOLS USED IN COLUMN 16
AVERAGE MONTHLY: 45.1 TOTAL FOR MONTH: 3.87 1 = FOG OR MIST
DPTR FM NORMAL: -1.6 DPTR FM NORMAL: 0.31 2 = FOG REDUCING VISIBILITY
HIGHEST: 81 ON 9 GRTST 24HR 1.56 ON 26-27 TO 1/4 MILE OR LESS
LOWEST: 15 ON 20 3 = THUNDER
SNOW, ICE PELLETS, HAIL 4 = ICE PELLETS
TOTAL MONTH: 0.9 INCH 5 = HAIL
GRTST 24HR 0.9 ON 14-14 6 = FREEZING RAIN OR DRIZZLE
GRTST DEPTH: 1 ON 15 7 = DUSTSTORM OR SANDSTORM:
VSBY 1/2 MILE OR LESS
8 = SMOKE OR HAZE
[NO. OF DAYS WITH] [WEATHER - DAYS WITH] 9 = BLOWING SNOW
X = TORNADO
MAX 32 OR BELOW: 0 0.01 INCH OR MORE: 8
MAX 90 OR ABOVE: 0 0.10 INCH OR MORE: 6
MIN 32 OR BELOW: 17 0.50 INCH OR MORE: 2
MIN 0 OR BELOW: 0 1.00 INCH OR MORE: 2
[HDD (BASE 65) ]
TOTAL THIS MO. 598 CLEAR (SCALE 0-3) 14
DPTR FM NORMAL 48 PTCLDY (SCALE 4-7) 14
TOTAL FM JUL 1 851 CLOUDY (SCALE 8-10) 2
DPTR FM NORMAL 24
[CDD (BASE 65) ]
TOTAL THIS MO. 10
DPTR FM NORMAL 7 [PRESSURE DATA]
TOTAL FM JAN 1 1775 HIGHEST SLP M ON M
DPTR FM NORMAL 235 LOWEST SLP 29.44 ON 26
[REMARKS]
#FINAL-11-22#