000
CXUS53 KSGF 010800
CF6SGF
PRELIMINARY LOCAL CLIMATOLOGICAL DATA (WS FORM: F-6)

                                          STATION:   SPRINGFIELD MO
                                          MONTH:     OCTOBER
                                          YEAR:      2012
                                          LATITUDE:   37 13 N
                                          LONGITUDE:  93 23 W

  TEMPERATURE IN F:       :PCPN:    SNOW:  WIND      :SUNSHINE: SKY     :PK WND
================================================================================
1   2   3   4   5  6A  6B    7    8   9   10  11  12  13   14  15   16   17  18
                                     12Z  AVG MX 2MIN
DY MAX MIN AVG DEP HDD CDD  WTR  SNW DPTH SPD SPD DIR MIN PSBL S-S WX    SPD DR
================================================================================

 1  71  50  61  -2   4   0 0.00  0.0    0  6.8 22  40   M    M   0        26  30
 2  71  47  59  -3   6   0 0.00  0.0    0  3.7 13 330   M    M   0        16 340
 3  75  49  62   0   3   0 0.00  0.0    0  5.9 15 250   M    M   0        20 210
 4  79  52  66   4   0   1 0.00  0.0    0 10.6 16 350   M    M   3        21 340
 5  53  35  44 -17  21   0 0.15  0.0    0 11.8 22  10   M    M   7 13     28  10
 6  47  33  40 -21  25   0    T  0.0    0  5.8 16 350   M    M   7        18 340
 7  53  31  42 -18  23   0 0.00  0.0    0  2.8 13 350   M    M   1        16 330
 8  58  31  45 -15  20   0 0.00  0.0    0  7.1 16 210   M    M   0        22 220
 9  65  40  53  -7  12   0 0.02    M    0  9.7 23 350   M    M   4 1      29 350
10  60  36  48 -12  17   0 0.00  0.0    0  4.2 16 360   M    M   1        22 360
11  62  45  54  -5  11   0 0.01  0.0    0 10.5 18 150   M    M   9        23 150
12  63  56  60   1   5   0 0.95  0.0    0 11.2 20 350   M    M   9 1       M 180
13  74  56  65   6   0   0 2.31  0.0    0 16.9 33 220   M    M   9 13     43 220
14  69  48  59   1   6   0 0.01  0.0    0 12.0 24 280   M    M   5 13     32 270
15  75  44  60   2   5   0 0.00  0.0    0  5.8 16 270   M    M   0 8       M  M
16  77  52  65   7   0   0 0.00  0.0    0 12.7 25 210   M    M   0        31 230
17  67  49  58   0   7   0 0.29  0.0    0 11.3 32 320   M    M   5 1      40 330
18  60  40  50  -7  15   0 0.00  0.0    0 14.7 31 270   M    M   2        41 270
19  53  39  46 -11  19   0 0.00  0.0    0 10.8 22 290   M    M   8         M  M
20  73  38  56  -1   9   0 0.00  0.0    0  8.3 15 150   M    M   0        18 150
21  77  56  67  11   0   2 0.00  0.0    0 13.0 17 160   M    M   3        23 170
22  79  65  72  16   0   7 0.11  0.0    0 15.2 26 210   M    M   3 13     31 210
23  77  60  69  13   0   4 0.41  0.0    0 13.3 24 180   M    M   5 13     30 200
24  80  62  71  16   0   6 0.00  0.0    M 15.5 22 160   M    M   M        32 160
25  72  42  57   2   8   0 0.03  0.0    0 16.2 25 350   M    M   M 1      33  10
26  48  31  40 -15  25   0 0.00  0.0    0 13.8 23 360   M    M   M        28  30
27  48  27  38 -16  27   0 0.00  0.0    0  7.7 15  30   M    M   M        17  30
28  51  25  38 -16  27   0 0.00  0.0    0  4.8 15  20   M    M   M        18  20
29  55  27  41 -13  24   0 0.00  0.0    0  1.9  8 130   M    M   M        13 330
30  60  32  46  -7  19   0 0.00  0.0    M  2.7  9  50   M    M   M        15 160
31  59  37  48  -5  17   0 0.00  0.0    M  3.8 12 340   M    M   M 8      15 320
================================================================================
SM 2011 1335       355  20  4.29     0.0 290.5          M       81
================================================================================
AV 64.9 43.1                               9.4 FASTST   M    M   4    MAX(MPH)
                                 MISC ---->  # 33 220               # 43  220
================================================================================
NOTES:
# LAST OF SEVERAL OCCURRENCES

COLUMN 17 PEAK WIND IN M.P.H.

PRELIMINARY LOCAL CLIMATOLOGICAL DATA (WS FORM: F-6) , PAGE 2

                                          STATION:  SPRINGFIELD MO
                                          MONTH:    OCTOBER
                                          YEAR:     2012
                                          LATITUDE:   37 13 N
                                          LONGITUDE:  93 23 W

[TEMPERATURE DATA]      [PRECIPITATION DATA]       SYMBOLS USED IN COLUMN 16

AVERAGE MONTHLY: 54.0   TOTAL FOR MONTH:   4.29    1 = FOG OR MIST
DPTR FM NORMAL:  -3.8   DPTR FM NORMAL:    0.70    2 = FOG REDUCING VISIBILITY
HIGHEST:    80 ON 24    GRTST 24HR  2.32 ON 13-14      TO 1/4 MILE OR LESS
LOWEST:     25 ON 28                               3 = THUNDER
                        SNOW, ICE PELLETS, HAIL    4 = ICE PELLETS
                        TOTAL MONTH:   0.0 INCH    5 = HAIL
                        GRTST 24HR     0.0         6 = FREEZING RAIN OR DRIZZLE
                        GRTST DEPTH:   0           7 = DUSTSTORM OR SANDSTORM:
                                                       VSBY 1/2 MILE OR LESS
                                                   8 = SMOKE OR HAZE
[NO. OF DAYS WITH]      [WEATHER - DAYS WITH]      9 = BLOWING SNOW
                                                   X = TORNADO
MAX 32 OR BELOW:   0    0.01 INCH OR MORE:  10
MAX 90 OR ABOVE:   0    0.10 INCH OR MORE:   6
MIN 32 OR BELOW:   7    0.50 INCH OR MORE:   2
MIN  0 OR BELOW:   0    1.00 INCH OR MORE:   1

[HDD (BASE 65) ]
TOTAL THIS MO.   355    CLEAR  (SCALE 0-3)  12
DPTR FM NORMAL   102    PTCLDY (SCALE 4-7)   8
TOTAL FM JUL 1   396    CLOUDY (SCALE 8-10)  3
DPTR FM NORMAL    88

[CDD (BASE 65) ]
TOTAL THIS MO.    20
DPTR FM NORMAL    -8    [PRESSURE DATA]
TOTAL FM JAN 1  1763    HIGHEST SLP M ON M
DPTR FM NORMAL   376    LOWEST  SLP 29.43 ON 17

[REMARKS]
#FINAL-10-12#
