000
CXUS53 KSGF 010800
CF6SGF
PRELIMINARY LOCAL CLIMATOLOGICAL DATA (WS FORM: F-6)

                                          STATION:   SPRINGFIELD MO
                                          MONTH:     NOVEMBER
                                          YEAR:      2016
                                          LATITUDE:   37 13 N
                                          LONGITUDE:  93 23 W

  TEMPERATURE IN F:       :PCPN:    SNOW:  WIND      :SUNSHINE: SKY     :PK WND
================================================================================
1   2   3   4   5  6A  6B    7    8   9   10  11  12  13   14  15   16   17  18
                                     12Z  AVG MX 2MIN
DY MAX MIN AVG DEP HDD CDD  WTR  SNW DPTH SPD SPD DIR MIN PSBL S-S WX    SPD DR
================================================================================

 1  82  61  72  20   0   7 0.00  0.0    0 13.6 25 190   M    M   0        31 180
 2  80  64  72  20   0   7 0.00  0.0    0 11.5 22 180   M    M   2        27 170
 3  69  52  61   9   4   0 1.65  0.0    0  7.9 26  40   M    M   8 123    32  30
 4  72  50  61  10   4   0 0.00  0.0    0  6.0 15  80   M    M   4 12     18  90
 5  65  42  54   3  11   0 0.00  0.0    0  5.0  9 190   M    M   0        12 170
 6  66  40  53   3  12   0 0.00  0.0    0  7.7 16 130   M    M   0        21 140
 7  59  53  56   6   9   0 0.17  0.0    0 11.7 18 150   M    M   8 1      23 140
 8  61  48  55   5  10   0 0.39    M    0  5.1 13  10   M    M   9 1      16  10
 9  62  37  50   1  15   0 0.00  0.0    0  4.3 12  40   M    M   0 1      15  10
10  67  34  51   2  14   0 0.00  0.0    0  6.2 14 240   M    M   0 8      17 210
11  65  41  53   5  12   0 0.00  0.0    0  8.3 20  30   M    M   0        26  30
12  60  36  48   0  17   0 0.00  0.0    0  4.6 10 100   M    M   0        14  60
13  62  35  49   2  16   0 0.00  0.0    0  6.9 14 200   M    M   0        18 220
14  69  41  55   8  10   0 0.00  0.0    0  6.7 15 260   M    M   1        19 250
15  73  38  56  10   9   0 0.00  0.0    0  3.3  9 230   M    M   0 12     11 150
16  77  43  60  14   5   0 0.00  0.0    0  8.8 15 160   M    M   0        19 160
17  79  57  68  23   0   3 0.00  0.0    0 17.9 32 190   M    M   0        42 180
18  69  37  53   8  12   0 0.00  0.0    0 17.7 33 270   M    M   6        42 270
19  46  28  37  -7  28   0 0.00  0.0    0  6.9 20 320   M    M   0        23 320
20  55  25  40  -4  25   0 0.00  0.0    0  7.8 14 180   M    M   0        19 170
21  61  37  49   6  16   0 0.00  0.0    0 13.8 23 150   M    M   0        32 140
22  58  47  53  10  12   0 0.05  0.0    0 20.0 29 160   M    M   7 1      35 160
23  54  42  48   6  17   0    T  0.0    0 11.7 22 140   M    M  10 1      28 140
24  53  40  47   5  18   0 0.00  0.0    0  6.6 13 160   M    M   5        15 160
25  44  26  35  -7  30   0 0.00  0.0    0  4.4 13 360   M    M   6 12     15 360
26  48  26  37  -4  28   0 0.00  0.0    0  9.0 16 160   M    M   8 12     20 160
27  51  39  45   4  20   0    T  0.0    0 16.9 29 150   M    M   7 1      38 160
28  59  42  51  11  14   0 0.06  0.0    0 15.0 29 150   M    M   5 1      38 150
29  62  31  47   7  18   0 0.00  0.0    0 11.0 24 230   M    M   0        29 230
30  44  30  37  -2  28   0 0.00  0.0    0 10.3 24 260   M    M   0        33 250
================================================================================
SM 1872 1222       414  17  2.32     0.0 286.6          M       86
================================================================================
AV 62.4 40.7                               9.6 FASTST   M    M   3    MAX(MPH)
                                 MISC ---->  # 33 270               # 42  180
================================================================================
NOTES:
# LAST OF SEVERAL OCCURRENCES

COLUMN 17 PEAK WIND IN M.P.H.

PRELIMINARY LOCAL CLIMATOLOGICAL DATA (WS FORM: F-6) , PAGE 2

                                          STATION:  SPRINGFIELD MO
                                          MONTH:    NOVEMBER
                                          YEAR:     2016
                                          LATITUDE:   37 13 N
                                          LONGITUDE:  93 23 W

[TEMPERATURE DATA]      [PRECIPITATION DATA]       SYMBOLS USED IN COLUMN 16

AVERAGE MONTHLY: 51.6   TOTAL FOR MONTH:   2.32    1 = FOG OR MIST
DPTR FM NORMAL:   5.5   DPTR FM NORMAL:   -1.90    2 = FOG REDUCING VISIBILITY
HIGHEST:    82 ON  1    GRTST 24HR  1.65 ON  3- 3      TO 1/4 MILE OR LESS
LOWEST:     25 ON 20                               3 = THUNDER
                        SNOW, ICE PELLETS, HAIL    4 = ICE PELLETS
                        TOTAL MONTH:   0.0 INCH    5 = HAIL
                        GRTST 24HR     0.0         6 = FREEZING RAIN OR DRIZZLE
                        GRTST DEPTH:   0           7 = DUSTSTORM OR SANDSTORM:
                                                       VSBY 1/2 MILE OR LESS
                                                   8 = SMOKE OR HAZE
[NO. OF DAYS WITH]      [WEATHER - DAYS WITH]      9 = BLOWING SNOW
                                                   X = TORNADO
MAX 32 OR BELOW:   0    0.01 INCH OR MORE:   5
MAX 90 OR ABOVE:   0    0.10 INCH OR MORE:   3
MIN 32 OR BELOW:   6    0.50 INCH OR MORE:   1
MIN  0 OR BELOW:   0    1.00 INCH OR MORE:   1

[HDD (BASE 65) ]
TOTAL THIS MO.   414    CLEAR  (SCALE 0-3)  18
DPTR FM NORMAL  -157    PTCLDY (SCALE 4-7)   7
TOTAL FM JUL 1   516    CLOUDY (SCALE 8-10)  5
DPTR FM NORMAL  -363

[CDD (BASE 65) ]
TOTAL THIS MO.    17
DPTR FM NORMAL    15    [PRESSURE DATA]
TOTAL FM JAN 1  1808    HIGHEST SLP M ON M
DPTR FM NORMAL   419    LOWEST  SLP 29.20 ON 28

[REMARKS]
#FINAL-11-16#
