000
CXUS53 KSGF 010800
CF6SGF
PRELIMINARY LOCAL CLIMATOLOGICAL DATA (WS FORM: F-6)

                                          STATION:   SPRINGFIELD MO
                                          MONTH:     JANUARY
                                          YEAR:      2016
                                          LATITUDE:   37 13 N
                                          LONGITUDE:  93 23 W

  TEMPERATURE IN F:       :PCPN:    SNOW:  WIND      :SUNSHINE: SKY     :PK WND
================================================================================
1   2   3   4   5  6A  6B    7    8   9   10  11  12  13   14  15   16   17  18
                                     12Z  AVG MX 2MIN
DY MAX MIN AVG DEP HDD CDD  WTR  SNW DPTH SPD SPD DIR MIN PSBL S-S WX    SPD DR
================================================================================

 1  42  24  33   0  32   0 0.00  0.0    0  7.2 15 280   M    M   0        21 280
 2  50  25  38   5  27   0 0.00  0.0    0  7.8 20 260   M    M   0        23 240
 3  45  22  34   2  31   0 0.00  0.0    0  8.9 16 350   M    M   0        19 350
 4  37  21  29  -3  36   0 0.00  0.0    0  8.9 18  20   M    M   5        21  30
 5  41  24  33   1  32   0 0.00  0.0    0 12.7 24 150   M    M   0        29 150
 6  44  29  37   5  28   0    T    T    0 12.7 20 150   M    M   7 4      26 150
 7  46  40  43  11  22   0 0.27  0.0    0 16.3 22 140   M    M  10 1      27 160
 8  47  39  43  11  22   0    T  0.0    0 10.3 20 170   M    M  10 18     24 160
 9  39  17  28  -4  37   0 0.42  1.5    1 16.8 26 340   M    M  10 1      32 340
10  21  10  16 -16  49   0    T    T    1  9.3 21 320   M    M   5        27 320
11  40  15  28  -4  37   0 0.00  0.0    0 11.6 21 240   M    M   4        28 230
12  41  21  31  -1  34   0 0.00  0.0    0  8.3 20 330   M    M   0        24 340
13  56  20  38   6  27   0 0.00  0.0    0 10.5 20 160   M    M   0        23 160
14  64  35  50  18  15   0 0.00  0.0    0 13.9 28 200   M    M   1        35 190
15  52  25  39   7  26   0 0.12  0.0    0 11.8 20 350   M    M   7 1      28 280
16  36  19  28  -4  37   0 0.00  0.0    0  6.9 14 340   M    M   0        15 310
17  25  11  18 -14  47   0    T    T    0 10.1 21 350   M    M   8 8      24 350
18  27   4  16 -16  49   0 0.00  0.0    0  4.5 15 150   M    M   1        18 150
19  27  22  25  -7  40   0    T  0.0    0 14.5 26 140   M    M   9 16     33 140
20  29  24  27  -5  38   0    T    T    0  7.5 21 140   M    M  10 1      27 140
21  30  25  28  -5  37   0 0.11  1.5    2 10.4 18 360   M    M  10 12     23 350
22  33  22  28  -5  37   0    T    T    0 14.4 21 330   M    M   8 18     25 350
23  33  23  28  -5  37   0 0.00  0.0    0  7.1 15 160   M    M   6 18     17 150
24  52  28  40   7  25   0 0.00  0.0    0 15.2 23 160   M    M   0        31 170
25  61  34  48  15  17   0 0.00  0.0    0 17.3 31 240   M    M   6        42 210
26  41  21  31  -2  34   0 0.00  0.0    0  7.8 20 330   M    M   6        25 320
27  51  17  34   1  31   0 0.00  0.0    0  6.2 13 200   M    M   0        16 230
28  59  30  45  12  20   0 0.00  0.0    0  9.7 23 270   M    M   2        31 290
29  69  24  47  14  18   0 0.00  0.0    0 10.8 23 150   M    M   0        27 140
30  69  37  53  19  12   0 0.00  0.0    0 11.9 20 170   M    M   0        25 160
31  67  40  54  20  11   0 0.00  0.0    0 14.2 24 330   M    M   0        29 330
================================================================================
SM 1374  748       945   0  0.92     3.0 335.5          M      125
================================================================================
AV 44.3 24.1                              10.8 FASTST   M    M   4    MAX(MPH)
                                 MISC ---->  # 31 240               # 42  210
================================================================================
NOTES:
# LAST OF SEVERAL OCCURRENCES

COLUMN 17 PEAK WIND IN M.P.H.

PRELIMINARY LOCAL CLIMATOLOGICAL DATA (WS FORM: F-6) , PAGE 2

                                          STATION:  SPRINGFIELD MO
                                          MONTH:    JANUARY
                                          YEAR:     2016
                                          LATITUDE:   37 13 N
                                          LONGITUDE:  93 23 W

[TEMPERATURE DATA]      [PRECIPITATION DATA]       SYMBOLS USED IN COLUMN 16

AVERAGE MONTHLY: 34.2   TOTAL FOR MONTH:   0.92    1 = FOG OR MIST
DPTR FM NORMAL:   1.6   DPTR FM NORMAL:   -1.55    2 = FOG REDUCING VISIBILITY
HIGHEST:    69 ON 30,29 GRTST 24HR  0.42 ON  8- 9      TO 1/4 MILE OR LESS
LOWEST:      4 ON 18                               3 = THUNDER
                        SNOW, ICE PELLETS, HAIL    4 = ICE PELLETS
                        TOTAL MONTH:   3.0 INCHES  5 = HAIL
                        GRTST 24HR   1.5 ON 21-21  6 = FREEZING RAIN OR DRIZZLE
                        GRTST DEPTH:   2 ON 21     7 = DUSTSTORM OR SANDSTORM:
                                                       VSBY 1/2 MILE OR LESS
                                                   8 = SMOKE OR HAZE
[NO. OF DAYS WITH]      [WEATHER - DAYS WITH]      9 = BLOWING SNOW
                                                   X = TORNADO
MAX 32 OR BELOW:   6    0.01 INCH OR MORE:   4
MAX 90 OR ABOVE:   0    0.10 INCH OR MORE:   4
MIN 32 OR BELOW:  25    0.50 INCH OR MORE:   0
MIN  0 OR BELOW:   0    1.00 INCH OR MORE:   0

[HDD (BASE 65) ]
TOTAL THIS MO.   945    CLEAR  (SCALE 0-3)  15
DPTR FM NORMAL   -58    PTCLDY (SCALE 4-7)  10
TOTAL FM JUL 1  2239    CLOUDY (SCALE 8-10)  6
DPTR FM NORMAL  -574

[CDD (BASE 65) ]
TOTAL THIS MO.     0
DPTR FM NORMAL     0    [PRESSURE DATA]
TOTAL FM JAN 1     0    HIGHEST SLP M ON M
DPTR FM NORMAL     0    LOWEST  SLP 29.48 ON 15

[REMARKS]
#FINAL-01-16#
