000
CXUS53 KSGF 010800
CF6SGF
PRELIMINARY LOCAL CLIMATOLOGICAL DATA (WS FORM: F-6)

                                          STATION:   SPRINGFIELD MO
                                          MONTH:     DECEMBER
                                          YEAR:      2017
                                          LATITUDE:   37 13 N
                                          LONGITUDE:  93 23 W

  TEMPERATURE IN F:       :PCPN:    SNOW:  WIND      :SUNSHINE: SKY     :PK WND
================================================================================
1   2   3   4   5  6A  6B    7    8   9   10  11  12  13   14  15   16   17  18
                                     12Z  AVG MX 2MIN
DY MAX MIN AVG DEP HDD CDD  WTR  SNW DPTH SPD SPD DIR MIN PSBL S-S WX    SPD DR
================================================================================

 1  59  31  45   6  20   0 0.00  0.0    0  8.6 17 160   M    M   1        25 180
 2  69  43  56  17   9   0 0.00  0.0    0  5.7 12 160   M    M   4        15 160
 3  72  49  61  23   4   0 0.00  0.0    0 13.6 24 180   M    M   2        33 190
 4  70  42  56  18   9   0 0.05  0.0    0 17.6 32 270   M    M   5 13     43 260
 5  44  30  37  -1  28   0 0.00  0.0    0 10.5 17 280   M    M   2        25 280
 6  50  31  41   4  24   0 0.00  0.0    0  9.5 17 280   M    M   0        24 290
 7  34  13  24 -13  41   0 0.00  0.0    0  9.9 23 340   M    M   2        27 340
 8  40  11  26 -10  39   0 0.00  0.0    0  6.9 14 260   M    M   1        19 250
 9  44  23  34  -2  31   0 0.00  0.0    0 10.1 23 330   M    M   1        31 330
10  56  22  39   3  26   0 0.00  0.0    0  8.7 20 280   M    M   0        27 260
11  61  30  46  10  19   0 0.00  0.0    0 14.2 31 350   M    M   1        40 340
12  43  24  34  -1  31   0 0.00  0.0    0 10.9 23 330   M    M   1        33 320
13  58  28  43   8  22   0 0.00  0.0    0 11.7 23 260   M    M   0        31 270
14  41  27  34  -1  31   0 0.00  0.0    0  6.9 18  10   M    M   8        24 350
15  46  27  37   2  28   0 0.00  0.0    0  8.9 18 240   M    M   4        26 240
16  59  30  45  11  20   0    T  0.0    0 12.5 23 230   M    M   0        32 220
17  48  41  45  11  20   0 0.45  0.0    0  6.6 18 190   M    M   9 1      26 200
18  51  41  46  12  19   0    T  0.0    0  9.2 18 230   M    M   6 1      23 200
19  55  41  48  14  17   0 0.00  0.0    0  7.9 20 240   M    M   9 1      26 270
20  53  46  50  16  15   0 0.01  0.0    0  6.8 12 150   M    M  10 18     16 150
21  69  47  58  24   7   0 0.00  0.0    0 13.2 24 170   M    M   4 1      35 170
22  50  32  41   7  24   0 0.76  0.0    0 11.6 18 340   M    M  10 16     23  30
23  33  22  28  -5  37   0 0.25  1.8    2  7.2 22  30   M    M   5 16     27  20
24  28  17  23 -10  42   0    T    T    T  8.4 20 310   M    M   6 16     30 320
25  32  17  25  -8  40   0 0.00  0.0    0  5.6 14 130   M    M   5        19 100
26  30  14  22 -11  43   0    T    T    T 10.3 17  20   M    M   6        22  30
27  22   8  15 -18  50   0    T    T    T  9.5 15  10   M    M   3        20  30
28  27  17  22 -11  43   0 0.00  0.0    T  8.1 17 150   M    M  10        23 150
29  37  19  28  -5  37   0 0.00  0.0    T  6.4 17 190   M    M   6        25 190
30  35  14  25  -8  40   0    T  0.0    0 11.5 22 360   M    M   7 168    29 350
31  17   4  11 -22  54   0    T    T    0 13.5 22 350   M    M   5        26  10
================================================================================
SM 1433  841       870   0  1.52     1.8 302.0          M      133
================================================================================
AV 46.2 27.1                               9.7 FASTST   M    M   4    MAX(MPH)
                                 MISC ---->  # 32 270               # 43  260
================================================================================
NOTES:
# LAST OF SEVERAL OCCURRENCES

COLUMN 17 PEAK WIND IN M.P.H.

PRELIMINARY LOCAL CLIMATOLOGICAL DATA (WS FORM: F-6) , PAGE 2

                                          STATION:  SPRINGFIELD MO
                                          MONTH:    DECEMBER
                                          YEAR:     2017
                                          LATITUDE:   37 13 N
                                          LONGITUDE:  93 23 W

[TEMPERATURE DATA]      [PRECIPITATION DATA]       SYMBOLS USED IN COLUMN 16

AVERAGE MONTHLY: 36.7   TOTAL FOR MONTH:   1.52    1 = FOG OR MIST
DPTR FM NORMAL:   1.7   DPTR FM NORMAL:   -1.52    2 = FOG REDUCING VISIBILITY
HIGHEST:    72 ON  3    GRTST 24HR  0.76 ON 22-22      TO 1/4 MILE OR LESS
LOWEST:      4 ON 31                               3 = THUNDER
                        SNOW, ICE PELLETS, HAIL    4 = ICE PELLETS
                        TOTAL MONTH:   1.8 INCHES  5 = HAIL
                        GRTST 24HR   1.8 ON 23-23  6 = FREEZING RAIN OR DRIZZLE
                        GRTST DEPTH:   2 ON 23     7 = DUSTSTORM OR SANDSTORM:
                                                       VSBY 1/2 MILE OR LESS
                                                   8 = SMOKE OR HAZE
[NO. OF DAYS WITH]      [WEATHER - DAYS WITH]      9 = BLOWING SNOW
                                                   X = TORNADO
MAX 32 OR BELOW:   6    0.01 INCH OR MORE:   5
MAX 90 OR ABOVE:   0    0.10 INCH OR MORE:   3
MIN 32 OR BELOW:  23    0.50 INCH OR MORE:   1
MIN  0 OR BELOW:   0    1.00 INCH OR MORE:   0

[HDD (BASE 65) ]
TOTAL THIS MO.   870    CLEAR  (SCALE 0-3)  13
DPTR FM NORMAL   -61    PTCLDY (SCALE 4-7)  13
TOTAL FM JUL 1  1554    CLOUDY (SCALE 8-10)  5
DPTR FM NORMAL  -256

[CDD (BASE 65) ]
TOTAL THIS MO.     0
DPTR FM NORMAL     0    [PRESSURE DATA]
TOTAL FM JAN 1  1467    HIGHEST SLP M ON M
DPTR FM NORMAL    78    LOWEST  SLP 29.65 ON  4

[REMARKS]
#FINAL-12-17#
