000
CXUS53 KSGF 010810
CF6SGF
PRELIMINARY LOCAL CLIMATOLOGICAL DATA (WS FORM: F-6)
STATION: SPRINGFIELD MO
MONTH: FEBRUARY
YEAR: 2024
LATITUDE: 37 13 N
LONGITUDE: 93 23 W
TEMPERATURE IN F: :PCPN: SNOW: WIND :SUNSHINE: SKY :PK WND
================================================================================
1 2 3 4 5 6A 6B 7 8 9 10 11 12 13 14 15 16 17 18
12Z AVG MX 2MIN
DY MAX MIN AVG DEP HDD CDD WTR SNW DPTH SPD SPD DIR MIN PSBL S-S WX SPD DR
================================================================================
1 68 41 55 19 10 0 0.00 0.0 0 10.7 22 220 M M 1 31 220
2 69 47 58 22 7 0 0.00 0.0 0 11.4 21 110 M M 2 32 140
3 59 48 54 18 11 0 0.27 0.0 0 11.7 23 150 M M 7 1 32 140
4 49 40 45 9 20 0 0.34 0.0 0 12.1 20 60 M M 9 1 27 60
5 57 29 43 7 22 0 0.00 0.0 0 7.4 16 30 M M 0 1 22 20
6 62 25 44 7 21 0 0.00 0.0 0 3.2 12 160 M M 0 17 160
7 63 42 53 16 12 0 0.00 0.0 0 13.9 29 150 M M 0 38 160
8 70 48 59 22 6 0 0.00 0.0 0 17.7 36 210 M M 2 48 210
9 67 45 56 19 9 0 0.00 0.0 0 10.1 23 220 M M 2 31 220
10 49 35 42 4 23 0 0.00 0.0 0 9.9 17 40 M M 0 22 40
11 44 30 37 -1 28 0 T T 0 10.7 20 40 M M 5 24 30
12 43 29 36 -2 29 0 0.05 0.8 T 8.8 20 340 M M 7 1 25 40
13 58 26 42 4 23 0 0.00 0.0 0 7.4 20 220 M M 0 1 30 250
14 65 31 48 10 17 0 0.00 0.0 0 10.4 20 200 M M 0 25 200
15 56 42 49 10 16 0 0.00 0.0 0 9.5 17 340 M M 2 20 340
16 47 21 34 -5 31 0 0.24 T 0 14.6 28 20 M M 8 136 39 30
17 32 18 25 -14 40 0 0.00 0.0 0 9.1 20 340 M M 3 25 340
18 51 19 35 -5 30 0 0.00 0.0 0 8.1 17 250 M M 0 23 270
19 56 24 40 0 25 0 0.00 0.0 0 7.3 15 180 M M 2 21 200
20 66 32 49 9 16 0 0.00 0.0 0 6.7 12 150 M M 0 18 180
21 72 47 60 20 5 0 0.00 0.0 0 12.5 20 190 M M 0 25 190
22 72 49 61 20 4 0 0.05 0.0 0 8.1 22 340 M M 4 28 340
23 64 38 51 10 14 0 0.00 0.0 0 10.2 26 280 M M 3 37 300
24 59 35 47 6 18 0 0.00 0.0 0 8.6 15 160 M M 0 19 160
25 75 41 58 16 7 0 0.00 0.0 0 10.0 20 240 M M 1 28 240
26 77 42 60 18 5 0 0.00 0.0 0 12.1 22 210 M M 0 31 210
27 82 36 59 17 6 0 0.00 0.0 0 17.4 35 250 M M 1 52 240
28 41 21 31 -11 34 0 0.00 0.0 0 10.6 28 330 M M 2 36 330
29 53 23 38 -5 27 0 0.04 T 0 10.2 25 190 M M 1 34 190
================================================================================
SM 1726 1004 516 0 0.99 0.8 300.4 M 62
================================================================================
AV 59.5 34.6 10.4 FASTST M M 2 MAX(MPH)
MISC ----> 36 210 52 240
================================================================================
NOTES:
# LAST OF SEVERAL OCCURRENCES
COLUMN 17 PEAK WIND IN M.P.H.
PRELIMINARY LOCAL CLIMATOLOGICAL DATA (WS FORM: F-6) , PAGE 2
STATION: SPRINGFIELD MO
MONTH: FEBRUARY
YEAR: 2024
LATITUDE: 37 13 N
LONGITUDE: 93 23 W
[TEMPERATURE DATA] [PRECIPITATION DATA] SYMBOLS USED IN COLUMN 16
AVERAGE MONTHLY: 47.1 TOTAL FOR MONTH: 0.99 1 = FOG OR MIST
DPTR FM NORMAL: 8.4 DPTR FM NORMAL: -1.41 2 = FOG REDUCING VISIBILITY
HIGHEST: 82 ON 27 GRTST 24HR 0.61 ON 3- 4 TO 1/4 MILE OR LESS
LOWEST: 18 ON 17 3 = THUNDER
SNOW, ICE PELLETS, HAIL 4 = ICE PELLETS
TOTAL MONTH: 0.8 INCH 5 = HAIL
GRTST 24HR 0.8 ON 12-12 6 = FREEZING RAIN OR DRIZZLE
GRTST DEPTH: T 7 = DUSTSTORM OR SANDSTORM:
VSBY 1/2 MILE OR LESS
8 = SMOKE OR HAZE
[NO. OF DAYS WITH] [WEATHER - DAYS WITH] 9 = BLOWING SNOW
X = TORNADO
MAX 32 OR BELOW: 1 0.01 INCH OR MORE: 6
MAX 90 OR ABOVE: 0 0.10 INCH OR MORE: 3
MIN 32 OR BELOW: 13 0.50 INCH OR MORE: 0
MIN 0 OR BELOW: 0 1.00 INCH OR MORE: 0
[HDD (BASE 65) ]
TOTAL THIS MO. 516 CLEAR (SCALE 0-3) 23
DPTR FM NORMAL -220 PTCLDY (SCALE 4-7) 4
TOTAL FM JUL 1 2974 CLOUDY (SCALE 8-10) 2
DPTR FM NORMAL -442
[CDD (BASE 65) ]
TOTAL THIS MO. 0
DPTR FM NORMAL -1 [PRESSURE DATA]
TOTAL FM JAN 1 0 HIGHEST SLP M ON M
DPTR FM NORMAL -1 LOWEST SLP 29.34 ON 27
[REMARKS]
#FINAL-02-24#