000
CXUS53 KSGF 021925 CCA
CF6SGF

PRELIMINARY LOCAL CLIMATOLOGICAL DATA (WS FORM: F-6)

                                          STATION:   SPRINGFIELD MO
                                          MONTH:     JULY
                                          YEAR:      2015
                                          LATITUDE:   37 13 N
                                          LONGITUDE:  93 23 W

  TEMPERATURE IN F:       :PCPN:    SNOW:  WIND      :SUNSHINE: SKY     :PK WND
================================================================================
1   2   3   4   5  6A  6B    7    8   9   10  11  12  13   14  15   16   17  18
                                     12Z  AVG MX 2MIN
DY MAX MIN AVG DEP HDD CDD  WTR  SNW DPTH SPD SPD DIR MIN PSBL S-S WX    SPD DR
================================================================================

 1  85  68  77   0   0  12 0.41  0.0    0 13.8 28  10   M    M   3 13     34 210
 2  85  68  77   0   0  12 1.58  0.0    0  9.2 26  20   M    M   8 13     31  50
 3  81  69  75  -2   0  10 0.84  0.0    0  6.6 18  40   M    M   5 123    22  50
 4  86  65  76  -1   0  11 0.00  0.0    0  3.8  9 160   M    M   3 8      12  30
 5  88  69  79   1   0  14 2.65  0.0    0  9.9 40 200   M    M   4 123    46 210
 6  86  71  79   1   0  14 0.00  0.0    0 12.1 21 200   M    M   3        27 180
 7  77  67  72  -6   0   7 0.32  0.0    0  6.3 12  50   M    M  10 12     15  30
 8  78  68  73  -5   0   8 0.90  0.0    0 10.1 24 210   M    M   8 1      31 230
 9  76  68  72  -6   0   7 0.96  0.0    0  5.9 13 210   M    M  10 13     17 230
10  88  69  79   1   0  14 0.24  0.0    0  7.2 17 240   M    M   4 13     21 250
11  89  72  81   3   0  16 0.00  0.0    0 10.2 21 220   M    M   1        27 220
12  91  73  82   4   0  17 0.00  0.0    0 10.3 18 230   M    M   0        24 240
13  94  73  84   6   0  19 0.00  0.0    0  9.7 18 210   M    M   0        23 210
14  86  73  80   2   0  15 0.02  0.0    0  7.7 39 340   M    M   2 3      51 330
15  92  74  83   5   0  18 0.00  0.0    0  6.0 22  30   M    M   2 3      27  40
16  91  73  82   4   0  17 0.00  0.0    0 11.0 18 210   M    M   1        22 220
17  91  73  82   4   0  17 0.00  0.0    0 10.3 18 210   M    M   1        24 220
18  93  75  84   6   0  19 0.00  0.0    0 10.4 18 170   M    M   0        23 210
19  92  74  83   5   0  18 0.00  0.0    0  8.4 16 240   M    M   0        20 230
20  92  72  82   3   0  17 0.29  0.0    0  6.8 18 240   M    M   2 3      26 220
21  84  70  77  -2   0  12 0.00  0.0    0  5.8 14  60   M    M   4        17  50
22  86  70  78  -1   0  13 0.20  0.0    0  4.9 13 160   M    M   7 13     15 160
23  90  74  82   3   0  17 0.80  0.0    0  4.4 12 240   M    M   5 13     17 260
24  93  71  82   3   0  17    T  0.0    0  6.7 37  60   M    M   1 38     47  60
25  92  70  81   2   0  16 0.00  0.0    0  5.8 13  60   M    M   1        17  50
26  92  76  84   5   0  19 0.00  0.0    0  7.1 15 220   M    M   0        21 250
27  94  75  85   6   0  20 0.00  0.0    0  6.6 12 180   M    M   1        15 150
28  93  77  85   6   0  20 0.00  0.0    0  8.6 18 190   M    M   0        22 170
29  94  74  84   5   0  19 0.00  0.0    0  6.5 22  20   M    M   2        26  10
30  89  69  79   0   0  14 0.00  0.0    0  6.6 14 110   M    M   0        15 110
31  90  68  79   0   0  14 0.00  0.0    0  3.7 10 240   M    M   0        13 250
================================================================================
SM 2738 2208         0 463  9.21     0.0 242.4          M       88
================================================================================
AV 88.3 71.2                               7.8 FASTST   M    M   3    MAX(MPH)
                                 MISC ---->  # 40 200               # 51  330
================================================================================
NOTES:
# LAST OF SEVERAL OCCURRENCES

COLUMN 17 PEAK WIND IN M.P.H.

PRELIMINARY LOCAL CLIMATOLOGICAL DATA (WS FORM: F-6) , PAGE 2

                                          STATION:  SPRINGFIELD MO
                                          MONTH:    JULY
                                          YEAR:     2015
                                          LATITUDE:   37 13 N
                                          LONGITUDE:  93 23 W

[TEMPERATURE DATA]      [PRECIPITATION DATA]       SYMBOLS USED IN COLUMN 16

AVERAGE MONTHLY: 79.8   TOTAL FOR MONTH:   9.21    1 = FOG OR MIST
DPTR FM NORMAL:   1.6   DPTR FM NORMAL:    5.53    2 = FOG REDUCING VISIBILITY
HIGHEST:    94 ON 29,27 GRTST 24HR  2.65 ON  5- 5      TO 1/4 MILE OR LESS
LOWEST:     65 ON  4                               3 = THUNDER
                        SNOW, ICE PELLETS, HAIL    4 = ICE PELLETS
                        TOTAL MONTH:   0.0 INCH    5 = HAIL
                        GRTST 24HR     0.0         6 = FREEZING RAIN OR DRIZZLE
                        GRTST DEPTH:   0           7 = DUSTSTORM OR SANDSTORM:
                                                       VSBY 1/2 MILE OR LESS
                                                   8 = SMOKE OR HAZE
[NO. OF DAYS WITH]      [WEATHER - DAYS WITH]      9 = BLOWING SNOW
                                                   X = TORNADO
MAX 32 OR BELOW:   0    0.01 INCH OR MORE:  12
MAX 90 OR ABOVE:  16    0.10 INCH OR MORE:  11
MIN 32 OR BELOW:   0    0.50 INCH OR MORE:   6
MIN  0 OR BELOW:   0    1.00 INCH OR MORE:   2

[HDD (BASE 65) ]
TOTAL THIS MO.     0    CLEAR  (SCALE 0-3)  21
DPTR FM NORMAL     0    PTCLDY (SCALE 4-7)   8
TOTAL FM JUL 1     0    CLOUDY (SCALE 8-10)  2
DPTR FM NORMAL     0

[CDD (BASE 65) ]
TOTAL THIS MO.   463
DPTR FM NORMAL    53    [PRESSURE DATA]
TOTAL FM JAN 1   955    HIGHEST SLP M ON M
DPTR FM NORMAL   167    LOWEST  SLP 29.74 ON M

[REMARKS]
#FINAL-07-15#
JULY 5TH PRECIP DATA WAS OBTAINED FROM SGF COOP SITE. ISSUES WITH
ASOS.
