000
CXUS53 KSGF 310800
CF6SGF
PRELIMINARY LOCAL CLIMATOLOGICAL DATA (WS FORM: F-6)

                                          STATION:   SPRINGFIELD MO
                                          MONTH:     DECEMBER
                                          YEAR:      2012
                                          LATITUDE:   37 13 N
                                          LONGITUDE:  93 23 W

  TEMPERATURE IN F:       :PCPN:    SNOW:  WIND      :SUNSHINE: SKY     :PK WND
================================================================================
1   2   3   4   5  6A  6B    7    8   9   10  11  12  13   14  15   16   17  18
                                     12Z  AVG MX 2MIN
DY MAX MIN AVG DEP HDD CDD  WTR  SNW DPTH SPD SPD DIR MIN PSBL S-S WX    SPD DR
================================================================================

 1  70  51  61  22   4   0 0.00  0.0    0 15.1 28 190   M    M   M 1      36 180
 2  73  55  64  25   1   0 0.00  0.0    0  9.0 18 220   M    M   M 1      24 220
 3  74  59  67  29   0   2 0.29  0.0    M 15.0 30 180   M    M   M 1      38 180
 4  60  36  48  10  17   0 0.47  0.0    0  8.6 18  10   M    M   M 13     23  10
 5  60  31  46   8  19   0 0.00  0.0    M  6.3 16 140   M    M   M        20 140
 6  60  39  50  13  15   0 0.00  0.0    M  9.4 15 150   M    M   M        18 160
 7  55  48  52  15  13   0 0.01  0.0    0  3.3 10  10   M    M   M 1      12  10
 8  51  46  49  13  16   0    T  0.0    0  7.8 14 140   M    M   M 12     16 150
 9  52  27  40   4  25   0    T  0.0    0 10.4 23 330   M    M   M 12     28 340
10  32  18  25 -11  40   0 0.00  0.0    0  8.9 18 330   M    M   M        23 320
11  47  16  32  -4  33   0 0.00  0.0    0   M  14 240   M    M   M        18 270
12  50  23  37   2  28   0 0.00  0.0    0  9.9 20 160   M    M   M        23 150
13  58  32  45  10  20   0 0.00  0.0    0 15.0 23 180   M    M   M        31 170
14  52  35  44   9  21   0 0.06  0.0    0 14.3 31 150   M    M   M        37 150
15  62  43  53  18  12   0 0.02  0.0    0 16.7 31 150   M    M   M        37 160
16  61  36  49  15  16   0 0.00  0.0    0  6.9 13 330   M    M   M 2      15 220
17  40  30  35   1  30   0    T  0.0    0  8.6 15 290   M    M   6 12     19 280
18  59  31  45  11  20   0 0.00  0.0    0  8.6 21 240   M    M   0 1      28 240
19  59  34  47  13  18   0 0.08  0.0    0 13.8 28 150   M    M   4 13     33 140
20  57  27  42   8  23   0    T    T    0 21.7 36 280   M    M   6 1      51 290
21  45  22  34   0  31   0 0.00  0.0    0  5.7 17 290   M    M   0        24 290
22  62  27  45  11  20   0 0.00  0.0    0 13.8 23 210   M    M   0        29 220
23  60  34  47  14  18   0 0.00  0.0    0  7.6 13 330   M    M   2        16 190
24  36  22  29  -4  36   0 0.00  0.0    0 10.3 18  40   M    M   2 18     24  40
25  30  20  25  -8  40   0 0.00  0.0    0 17.0 29  50   M    M   8 18     35  10
26  29  18  24  -9  41   0 0.00  0.0    0 11.6 24 360   M    M   7        30 350
27  37  19  28  -5  37   0 0.00  0.0    0 12.0 22 140   M    M   1        28 140
28  36  27  32  -1  33   0 0.01  0.1    0  7.7 18 320   M    M  10 18     22 320
29  34  19  27  -6  38   0    T    T    0  9.5 18 320   M    M   5 8      25 310
30  44  17  31  -2  34   0 0.00  0.0    0 10.1 20 200   M    M   0        25 190
================================================================================
SM 1545  942       699   2  0.94     0.1 314.6          M       51
================================================================================
AV 51.5 31.4                              10.8 FASTST   M    M   4    MAX(MPH)
                                 MISC ---->  # 36 280               # 51  290
================================================================================
NOTES:
# LAST OF SEVERAL OCCURRENCES

COLUMN 17 PEAK WIND IN M.P.H.

PRELIMINARY LOCAL CLIMATOLOGICAL DATA (WS FORM: F-6) , PAGE 2

                                          STATION:  SPRINGFIELD MO
                                          MONTH:    DECEMBER
                                          YEAR:     2012
                                          LATITUDE:   37 13 N
                                          LONGITUDE:  93 23 W

[TEMPERATURE DATA]      [PRECIPITATION DATA]       SYMBOLS USED IN COLUMN 16

AVERAGE MONTHLY: 41.5   TOTAL FOR MONTH:   0.94    1 = FOG OR MIST
DPTR FM NORMAL:   6.4   DPTR FM NORMAL:   -2.02    2 = FOG REDUCING VISIBILITY
HIGHEST:    74 ON  3    GRTST 24HR  0.76 ON  3- 4      TO 1/4 MILE OR LESS
LOWEST:     16 ON 11                               3 = THUNDER
                        SNOW, ICE PELLETS, HAIL    4 = ICE PELLETS
                        TOTAL MONTH:   0.1 INCH    5 = HAIL
                        GRTST 24HR   0.1 ON   M    6 = FREEZING RAIN OR DRIZZLE
                        GRTST DEPTH:   0           7 = DUSTSTORM OR SANDSTORM:
                                                       VSBY 1/2 MILE OR LESS
                                                   8 = SMOKE OR HAZE
[NO. OF DAYS WITH]      [WEATHER - DAYS WITH]      9 = BLOWING SNOW
                                                   X = TORNADO
MAX 32 OR BELOW:   3    0.01 INCH OR MORE:   7
MAX 90 OR ABOVE:   0    0.10 INCH OR MORE:   2
MIN 32 OR BELOW:  18    0.50 INCH OR MORE:   0
MIN  0 OR BELOW:   0    1.00 INCH OR MORE:   0

[HDD (BASE 65) ]
TOTAL THIS MO.   699    CLEAR  (SCALE 0-3)   7
DPTR FM NORMAL  -201    PTCLDY (SCALE 4-7)   5
TOTAL FM JUL 1  1616    CLOUDY (SCALE 8-10)  2
DPTR FM NORMAL  -163

[CDD (BASE 65) ]
TOTAL THIS MO.     2
DPTR FM NORMAL     2    [PRESSURE DATA]
TOTAL FM JAN 1  1766    HIGHEST SLP M ON M
DPTR FM NORMAL   377    LOWEST  SLP 29.34 ON 20

[REMARKS]
