000
CXUS53 KSGF 010710
CF6SGF
PRELIMINARY LOCAL CLIMATOLOGICAL DATA (WS FORM: F-6)
STATION: SPRINGFIELD MO
MONTH: AUGUST
YEAR: 2022
LATITUDE: 37 13 N
LONGITUDE: 93 23 W
TEMPERATURE IN F: :PCPN: SNOW: WIND :SUNSHINE: SKY :PK WND
================================================================================
1 2 3 4 5 6A 6B 7 8 9 10 11 12 13 14 15 16 17 18
12Z AVG MX 2MIN
DY MAX MIN AVG DEP HDD CDD WTR SNW DPTH SPD SPD DIR MIN PSBL S-S WX SPD DR
================================================================================
1 97 72 85 5 0 20 0.00 0.0 0 11.3 22 230 M M 1 33 220
2 98 73 86 6 0 21 0.00 0.0 0 9.9 20 170 M M 1 32 200
3 101 76 89 9 0 24 0.00 0.0 0 11.5 20 210 M M 0 27 190
4 91 69 80 0 0 15 0.99 0.0 0 9.9 33 30 M M 4 13 46 20
5 93 74 84 4 0 19 0.00 0.0 0 7.7 23 110 M M 1 3 31 100
6 95 76 86 6 0 21 0.00 0.0 0 10.4 16 160 M M 3 24 160
7 93 75 84 5 0 19 0.00 0.0 0 10.2 17 210 M M 0 25 210
8 96 70 83 4 0 18 0.24 0.0 0 10.0 28 240 M M 3 13 38 260
9 85 71 78 -1 0 13 0.54 0.0 0 4.4 13 220 M M 5 13 16 220
10 87 69 78 -1 0 13 0.00 0.0 0 6.5 14 20 M M 1 18 40
11 87 65 76 -3 0 11 0.00 0.0 0 6.2 14 40 M M 0 20 40
12 89 64 77 -2 0 12 0.00 0.0 0 4.5 14 80 M M 1 19 100
13 89 69 79 0 0 14 0.00 0.0 0 8.7 15 150 M M 0 20 150
14 96 71 84 5 0 19 0.00 0.0 0 7.3 14 270 M M 0 19 260
15 95 72 84 5 0 19 T 0.0 0 7.1 21 130 M M 0 28 130
16 82 67 75 -4 0 10 0.75 0.0 0 12.0 25 160 M M 7 13 32 140
17 78 64 71 -7 0 6 0.03 0.0 0 6.0 14 110 M M 7 1 19 110
18 84 62 73 -5 0 8 0.00 0.0 0 2.0 9 140 M M 1 1 14 140
19 87 63 75 -3 0 10 0.00 0.0 0 6.0 13 220 M M 1 17 190
20 88 66 77 -1 0 12 0.40 0.0 0 6.6 36 230 M M 5 13 58 210
21 84 67 76 -2 0 11 0.00 0.0 0 4.7 12 330 M M 3 1 16 350
22 84 65 75 -3 0 10 0.00 0.0 0 6.6 14 30 M M 1 22 10
23 87 64 76 -1 0 11 0.00 0.0 0 5.3 10 80 M M 3 15 190
24 88 66 77 0 0 12 0.00 0.0 0 5.7 12 120 M M 3 17 90
25 89 62 76 -1 0 11 0.00 0.0 0 2.4 10 40 M M 0 17 10
26 91 66 79 2 0 14 0.25 0.0 0 3.9 24 80 M M 1 3 37 100
27 90 68 79 3 0 14 0.00 0.0 0 8.2 15 160 M M 1 20 160
28 89 73 81 5 0 16 0.03 0.0 0 10.6 18 150 M M 2 13 23 160
29 87 67 77 1 0 12 1.11 0.0 0 9.1 28 180 M M 4 13 37 190
30 89 65 77 1 0 12 0.00 0.0 0 5.0 17 350 M M 3 12 22 360
31 87 58 73 -3 0 8 0.00 0.0 0 1.4 8 190 M M 0 12 240
================================================================================
SM 2776 2109 0 435 4.34 0.0 221.1 M 62
================================================================================
AV 89.5 68.0 7.1 FASTST M M 2 MAX(MPH)
MISC ----> 36 230 58 210
================================================================================
NOTES:
# LAST OF SEVERAL OCCURRENCES
COLUMN 17 PEAK WIND IN M.P.H.
PRELIMINARY LOCAL CLIMATOLOGICAL DATA (WS FORM: F-6) , PAGE 2
STATION: SPRINGFIELD MO
MONTH: AUGUST
YEAR: 2022
LATITUDE: 37 13 N
LONGITUDE: 93 23 W
[TEMPERATURE DATA] [PRECIPITATION DATA] SYMBOLS USED IN COLUMN 16
AVERAGE MONTHLY: 78.8 TOTAL FOR MONTH: 4.34 1 = FOG OR MIST
DPTR FM NORMAL: 0.6 DPTR FM NORMAL: 0.75 2 = FOG REDUCING VISIBILITY
HIGHEST: 101 ON 3 GRTST 24HR 1.11 ON 29-29 TO 1/4 MILE OR LESS
LOWEST: 58 ON 31 3 = THUNDER
SNOW, ICE PELLETS, HAIL 4 = ICE PELLETS
TOTAL MONTH: 0.0 INCH 5 = HAIL
GRTST 24HR 0.0 6 = FREEZING RAIN OR DRIZZLE
GRTST DEPTH: 0 7 = DUSTSTORM OR SANDSTORM:
VSBY 1/2 MILE OR LESS
8 = SMOKE OR HAZE
[NO. OF DAYS WITH] [WEATHER - DAYS WITH] 9 = BLOWING SNOW
X = TORNADO
MAX 32 OR BELOW: 0 0.01 INCH OR MORE: 9
MAX 90 OR ABOVE: 12 0.10 INCH OR MORE: 7
MIN 32 OR BELOW: 0 0.50 INCH OR MORE: 4
MIN 0 OR BELOW: 0 1.00 INCH OR MORE: 1
[HDD (BASE 65) ]
TOTAL THIS MO. 0 CLEAR (SCALE 0-3) 25
DPTR FM NORMAL -1 PTCLDY (SCALE 4-7) 6
TOTAL FM JUL 1 0 CLOUDY (SCALE 8-10) 0
DPTR FM NORMAL 0
[CDD (BASE 65) ]
TOTAL THIS MO. 435
DPTR FM NORMAL 25 [PRESSURE DATA]
TOTAL FM JAN 1 1541 HIGHEST SLP M ON M
DPTR FM NORMAL 240 LOWEST SLP 29.74 ON 28
[REMARKS]
#FINAL-08-22#