000
CXUS53 KSGF 010800
CF6SGF
PRELIMINARY LOCAL CLIMATOLOGICAL DATA (WS FORM: F-6)

                                          STATION:   SPRINGFIELD MO
                                          MONTH:     AUGUST
                                          YEAR:      2012
                                          LATITUDE:   37 13 N
                                          LONGITUDE:  93 23 W

  TEMPERATURE IN F:       :PCPN:    SNOW:  WIND      :SUNSHINE: SKY     :PK WND
================================================================================
1   2   3   4   5  6A  6B    7    8   9   10  11  12  13   14  15   16   17  18
                                     12Z  AVG MX 2MIN
DY MAX MIN AVG DEP HDD CDD  WTR  SNW DPTH SPD SPD DIR MIN PSBL S-S WX    SPD DR
================================================================================

 1 101  75  88   9   0  23 0.01  0.0    0 10.4 17 180   M    M   3 3      30 180
 2 101  77  89  10   0  24    T  0.0    0 11.8 23 160   M    M   1        29 160
 3  98  74  86   7   0  21 0.01  0.0    0  6.7 15 140   M    M   0        18 150
 4 106  69  88   9   0  23 0.28  0.0    0 12.3 43 330   M    M   1 13     53 300
 5  92  69  81   2   0  16 0.35  0.0    0  6.0 24 270   M    M   3 13     30 280
 6  95  65  80   1   0  15 0.00  0.0    0  4.4 13  60   M    M   0        23  30
 7  99  68  84   5   0  19 0.00  0.0    0  6.1 18 170   M    M   0        23 190
 8  98  67  83   4   0  18 1.04  0.0    0 10.5 38 200   M    M   2 12     48 200
 9  91  66  79   0   0  14    T  0.0    0  7.6 20  10   M    M   3         M  M
10  83  62  73  -6   0   8 0.00  0.0    0  9.3 21 360   M    M   0        31 320
11  85  56  71  -8   0   6 0.00  0.0    0  3.5 13 180   M    M   0        15 170
12  89  64  77  -2   0  12 0.02  0.0    0 11.0 21 170   M    M   3 3      25 170
13  77  65  71  -7   0   6 0.00  0.0    0  9.2 18 330   M    M   7 3      22 310
14  71  58  65 -13   0   0 0.02  0.0    0  5.2 15  90   M    M   4        20  90
15  93  65  79   1   0  14 0.00  0.0    0  9.3 16 180   M    M   4        22 190
16  94  67  81   3   0  16 0.14  0.0    0 11.3 36 160   M    M   4 38     41 160
17  82  60  71  -7   0   6 0.01  0.0    0  6.4 17  60   M    M   1        24 340
18  81  52  67 -11   0   2 0.00  0.0    0  3.5 14 150   M    M   1         M  M
19  86  56  71  -7   0   6 0.00  0.0    0  5.1 17  10   M    M   3 18     23  30
20  86  54  70  -8   0   5 0.00  0.0    0  3.8 16 360   M    M   1        24  10
21  89  57  73  -5   0   8 0.00  0.0    0  5.3 12 190   M    M   2        14 190
22  93  58  76  -1   0  11 0.00  0.0    0  6.3 14 110   M    M   1        22 150
23  92  60  76  -1   0  11 0.00  0.0    0  8.3 20 200   M    M   0        25 190
24  89  63  76  -1   0  11    T  0.0    0 11.4 18 200   M    M   1        26 170
25  83  72  78   1   0  13 0.14  0.0    0 12.6 20 160   M    M   5 1      24 150
26  83  70  77   0   0  12 0.44  0.0    0  9.2 23 200   M    M   7 1      26 190
27  89  67  78   2   0  13 0.00  0.0    0  7.6 21  40   M    M   4 12     26  30
28  92  60  76   0   0  11 0.00  0.0    0   M   M   M   M    M   0         M  M
29  94  64  79   3   0  14 0.00  0.0    0  8.2 18 120   M    M   0        23 120
30  95  63  79   3   0  14 0.00  0.0    0 12.1 29 120   M    M   1        38 110
31  75  69  72  -3   0   7 1.55  0.0    0 11.7 21  50   M    M   9 1      28  60
================================================================================
SM 2782 1992         0 379  4.01     0.0 246.1          M       71
================================================================================
AV 89.7 64.3                               8.2 FASTST   M    M   2    MAX(MPH)
                                 MISC ---->  # 43 330               # 53  300
================================================================================
NOTES:
# LAST OF SEVERAL OCCURRENCES

COLUMN 17 PEAK WIND IN M.P.H.

PRELIMINARY LOCAL CLIMATOLOGICAL DATA (WS FORM: F-6) , PAGE 2

                                          STATION:  SPRINGFIELD MO
                                          MONTH:    AUGUST
                                          YEAR:     2012
                                          LATITUDE:   37 13 N
                                          LONGITUDE:  93 23 W

[TEMPERATURE DATA]      [PRECIPITATION DATA]       SYMBOLS USED IN COLUMN 16

AVERAGE MONTHLY: 77.0   TOTAL FOR MONTH:   4.01    1 = FOG OR MIST
DPTR FM NORMAL:  -0.8   DPTR FM NORMAL:    0.46    2 = FOG REDUCING VISIBILITY
HIGHEST:   106 ON  4    GRTST 24HR  1.55 ON 31-31      TO 1/4 MILE OR LESS
LOWEST:     52 ON 18                               3 = THUNDER
                        SNOW, ICE PELLETS, HAIL    4 = ICE PELLETS
                        TOTAL MONTH:   0.0 INCH    5 = HAIL
                        GRTST 24HR     0.0         6 = FREEZING RAIN OR DRIZZLE
                        GRTST DEPTH:   0           7 = DUSTSTORM OR SANDSTORM:
                                                       VSBY 1/2 MILE OR LESS
                                                   8 = SMOKE OR HAZE
[NO. OF DAYS WITH]      [WEATHER - DAYS WITH]      9 = BLOWING SNOW
                                                   X = TORNADO
MAX 32 OR BELOW:   0    0.01 INCH OR MORE:  12
MAX 90 OR ABOVE:  16    0.10 INCH OR MORE:   7
MIN 32 OR BELOW:   0    0.50 INCH OR MORE:   2
MIN  0 OR BELOW:   0    1.00 INCH OR MORE:   2

[HDD (BASE 65) ]
TOTAL THIS MO.     0    CLEAR  (SCALE 0-3)  22
DPTR FM NORMAL    -2    PTCLDY (SCALE 4-7)   8
TOTAL FM JUL 1     0    CLOUDY (SCALE 8-10)  1
DPTR FM NORMAL    -2

[CDD (BASE 65) ]
TOTAL THIS MO.   379
DPTR FM NORMAL   -19    [PRESSURE DATA]
TOTAL FM JAN 1  1590    HIGHEST SLP M ON M
DPTR FM NORMAL   404    LOWEST  SLP 29.66 ON  2

[REMARKS]
#FINAL-08-12#
