000
CXUS53 KSGF 010800
CF6SGF
PRELIMINARY LOCAL CLIMATOLOGICAL DATA (WS FORM: F-6)

                                          STATION:   SPRINGFIELD MO
                                          MONTH:     NOVEMBER
                                          YEAR:      2012
                                          LATITUDE:   37 13 N
                                          LONGITUDE:  93 23 W

  TEMPERATURE IN F:       :PCPN:    SNOW:  WIND      :SUNSHINE: SKY     :PK WND
================================================================================
1   2   3   4   5  6A  6B    7    8   9   10  11  12  13   14  15   16   17  18
                                     12Z  AVG MX 2MIN
DY MAX MIN AVG DEP HDD CDD  WTR  SNW DPTH SPD SPD DIR MIN PSBL S-S WX    SPD DR
================================================================================

 1  71  35  53   1  12   0 0.00  0.0    M  4.2 13 270   M    M   M        17 340
 2  72  41  57   5   8   0 0.00  0.0    M  9.4 20 150   M    M   M        24 150
 3  58  38  48  -4  17   0 0.00  0.0    M  8.7 18 160   M    M   M 1      22 330
 4  61  34  48  -3  17   0 0.00  0.0    M  3.3 13 160   M    M   M 18     17 150
 5  54  42  48  -3  17   0 0.06  0.0    0 10.3 17 340   M    M   M 1      21 330
 6  56  38  47  -3  18   0 0.00  0.0    0  8.0 21 280   M    M   M 1      28 290
 7  54  34  44  -6  21   0 0.00  0.0    0  7.7 20 360   M    M   M        25 340
 8  64  36  50   0  15   0 0.00  0.0    0 14.9 25 150   M    M   M        32 150
 9  75  50  63  14   2   0 0.00  0.0    0 17.6 25 190   M    M   M        31 180
10  75  56  66  17   0   1 0.00  0.0    0 19.7 29 180   M    M   M        38 150
11  68  32  50   2  15   0 0.67  0.0    0 13.4 28 160   M    M   M 123    36 180
12  46  25  36 -12  29   0 0.00  0.0    0  6.5 18 270   M    M   M        26 240
13  54  25  40  -7  25   0 0.00  0.0    0  4.0  9 160   M    M   M        13 160
14  55  32  44  -3  21   0 0.00  0.0    0  5.3 10 170   M    M   M        14 160
15  59  32  46   0  19   0 0.00  0.0    0  4.1 10 150   M    M   M        13 160
16  61  30  46   0  19   0 0.00  0.0    0   M   M   M   M    M   M         M  M
17  61  36  49   4  16   0 0.00  0.0    0  9.3 16 160   M    M   M        21 170
18  64  39  52   7  13   0 0.00  0.0    0 11.2 17 160   M    M   M        23 170
19  57  44  51   7  14   0 0.22  0.0    0 11.0 17 160   M    M   M 1      22 160
20  65  38  52   8  13   0 0.00  0.0    0  5.0 14 350   M    M   M 1      29 280
21  67  33  50   7  15   0 0.00  0.0    0  7.8 14 160   M    M   M 128    22 160
22  65  47  56  13   9   0 0.05  0.0    0 13.5 24 360   M    M   M        29 350
23  53  26  40  -2  25   0 0.00  0.0    0 10.1 26 320   M    M   M        35 320
24  47  21  34  -8  31   0 0.00  0.0    0  6.9 17 170   M    M   M        22 170
25  63  35  49   7  16   0 0.00  0.0    0  7.4 15 170   M    M   M        18 160
26  43  29  36  -5  29   0 0.03    M    M 10.9 25  30   M    M   M 8      31  30
27  43  20  32  -9  33   0 0.00  0.0    0  3.7 13 360   M    M   M        15  10
28  53  23  38  -2  27   0 0.00  0.0    0  6.0 14 160   M    M   M        22 160
29  64  37  51  11  14   0 0.00  0.0    0 13.7 24 180   M    M   M        33 190
30  67  41  54  15  11   0 0.00  0.0    0  9.2 14 170   M    M   M        18 170
================================================================================
SM 1795 1049       521   1  1.03     0.0 262.8          M        M
================================================================================
AV 59.8 35.0                               9.1 FASTST   M    M   0    MAX(MPH)
                                 MISC ---->  # 29 180               # 38  150
================================================================================
NOTES:
# LAST OF SEVERAL OCCURRENCES

COLUMN 17 PEAK WIND IN M.P.H.

PRELIMINARY LOCAL CLIMATOLOGICAL DATA (WS FORM: F-6) , PAGE 2

                                          STATION:  SPRINGFIELD MO
                                          MONTH:    NOVEMBER
                                          YEAR:     2012
                                          LATITUDE:   37 13 N
                                          LONGITUDE:  93 23 W

[TEMPERATURE DATA]      [PRECIPITATION DATA]       SYMBOLS USED IN COLUMN 16

AVERAGE MONTHLY: 47.4   TOTAL FOR MONTH:   1.03    1 = FOG OR MIST
DPTR FM NORMAL:   1.3   DPTR FM NORMAL:   -3.19    2 = FOG REDUCING VISIBILITY
HIGHEST:    75 ON 10, 9 GRTST 24HR  0.67 ON 11-11      TO 1/4 MILE OR LESS
LOWEST:     20 ON 27                               3 = THUNDER
                        SNOW, ICE PELLETS, HAIL    4 = ICE PELLETS
                        TOTAL MONTH:   0.0 INCH    5 = HAIL
                        GRTST 24HR     0.0         6 = FREEZING RAIN OR DRIZZLE
                        GRTST DEPTH:   0           7 = DUSTSTORM OR SANDSTORM:
                                                       VSBY 1/2 MILE OR LESS
                                                   8 = SMOKE OR HAZE
[NO. OF DAYS WITH]      [WEATHER - DAYS WITH]      9 = BLOWING SNOW
                                                   X = TORNADO
MAX 32 OR BELOW:   0    0.01 INCH OR MORE:   5
MAX 90 OR ABOVE:   0    0.10 INCH OR MORE:   2
MIN 32 OR BELOW:  11    0.50 INCH OR MORE:   1
MIN  0 OR BELOW:   0    1.00 INCH OR MORE:   0

[HDD (BASE 65) ]
TOTAL THIS MO.   521    CLEAR  (SCALE 0-3)   0
DPTR FM NORMAL   -50    PTCLDY (SCALE 4-7)   0
TOTAL FM JUL 1   917    CLOUDY (SCALE 8-10)  0
DPTR FM NORMAL    38

[CDD (BASE 65) ]
TOTAL THIS MO.     1
DPTR FM NORMAL    -1    [PRESSURE DATA]
TOTAL FM JAN 1  1764    HIGHEST SLP M ON M
DPTR FM NORMAL   375    LOWEST  SLP 29.75 ON 11

[REMARKS]
#FINAL-11-12#
