000
CXUS53 KSGF 010800
CF6SGF
PRELIMINARY LOCAL CLIMATOLOGICAL DATA (WS FORM: F-6)

                                          STATION:   SPRINGFIELD MO
                                          MONTH:     JUNE
                                          YEAR:      2012
                                          LATITUDE:   37 13 N
                                          LONGITUDE:  93 23 W

  TEMPERATURE IN F:       :PCPN:    SNOW:  WIND      :SUNSHINE: SKY     :PK WND
================================================================================
1   2   3   4   5  6A  6B    7    8   9   10  11  12  13   14  15   16   17  18
                                     12Z  AVG MX 2MIN
DY MAX MIN AVG DEP HDD CDD  WTR  SNW DPTH SPD SPD DIR MIN PSBL S-S WX    SPD DR
================================================================================

 1  65  49  57 -13   8   0 0.03  0.0    0  6.3 15 350   M    M   7        18 340
 2  79  50  65  -5   0   0 0.00  0.0    0  4.5 13 260   M    M   1        21 250
 3  78  59  69  -1   0   4 0.14  0.0    0  7.0 22 170   M    M   3 13     25 170
 4  88  66  77   7   0  12    T  0.0    0  8.0 15 280   M    M   0        20 330
 5  82  64  73   2   0   8 0.00  0.0    0 10.4 18  70   M    M   0        23  50
 6  81  60  71   0   0   6 0.00  0.0    0  8.8 17  50   M    M   0        23  50
 7  77  58  68  -3   0   3 0.00  0.0    0  7.1 14  60   M    M   0        17  50
 8  82  54  68  -4   0   3 0.00  0.0    0  4.5  M   M   M    M   0         M  M
 9  88  59  74   2   0   9 0.00  0.0    0 11.3 21 140   M    M   1        25 140
10  88  67  78   6   0  13 0.00  0.0    0 14.5 23 140   M    M   0        29 130
11  77  62  70  -2   0   5 0.89  0.0    0  7.3 48 360   M    M   3 13     61 360
12  82  60  71  -2   0   6 0.00  0.0    0  7.4 15  80   M    M   0        20  60
13  82  58  70  -3   0   5 0.00  0.0    0  9.0 17 180   M    M   0        23 150
14  88  61  75   2   0  10 0.00  0.0    0 11.4 18 140   M    M   0        25 150
15  89  68  79   5   0  14 0.00  0.0    0 11.1 21 130   M    M   1        26 240
16  91  68  80   6   0  15 0.00  0.0    0  9.0 22 150   M    M   1        29 150
17  90  68  79   5   0  14 0.02  0.0    0  9.1 18 200   M    M   2        26 240
18  92  69  81   7   0  16 0.00  0.0    0 13.9 23 190   M    M   0        29 180
19  89  71  80   6   0  15 0.00  0.0    0 15.0 26 190   M    M   2        35 180
20  90  72  81   6   0  16 0.00  0.0    0 13.8 24 190   M    M   2        30 190
21  81  66  74  -1   0   9 0.09  0.0    0  5.4 21 170   M    M   5 1      28 330
22  88  63  76   1   0  11 0.00  0.0    0  6.1 13  50   M    M   1 1      20  10
23  94  68  81   5   0  16 0.00  0.0    0  9.7 20 150   M    M   1        25 150
24  95  69  82   6   0  17 0.00  0.0    0  6.3 15 150   M    M   0        20 220
25  99  69  84   8   0  19 0.00  0.0    0  5.4 14  90   M    M   0        17 340
26  95  73  84   8   0  19 0.00  0.0    0 11.2 17 150   M    M   0        23 140
27 101  70  86  10   0  21 0.00  0.0    0  8.8 20 160   M    M   0        25 170
28 101  65  83   7   0  18 0.00  0.0    0   M  17 270   M    M   0         M  M
29  99  71  85   8   0  20 0.00  0.0    0  8.9 21 240   M    M   0        25 240
30  99  71  85   8   0  20 0.00  0.0    0  7.3 16 230   M    M   0        23 260
================================================================================
SM 2630 1928         8 344  1.17     0.0 258.5          M       30
================================================================================
AV 87.7 64.3                               8.9 FASTST   M    M   1    MAX(MPH)
                                 MISC ---->  # 48 360               # 61  360
================================================================================
NOTES:
# LAST OF SEVERAL OCCURRENCES

COLUMN 17 PEAK WIND IN M.P.H.

PRELIMINARY LOCAL CLIMATOLOGICAL DATA (WS FORM: F-6) , PAGE 2

                                          STATION:  SPRINGFIELD MO
                                          MONTH:    JUNE
                                          YEAR:     2012
                                          LATITUDE:   37 13 N
                                          LONGITUDE:  93 23 W

[TEMPERATURE DATA]      [PRECIPITATION DATA]       SYMBOLS USED IN COLUMN 16

AVERAGE MONTHLY: 76.0   TOTAL FOR MONTH:   1.17    1 = FOG OR MIST
DPTR FM NORMAL:   2.6   DPTR FM NORMAL:   -3.68    2 = FOG REDUCING VISIBILITY
HIGHEST:   101 ON 28,27 GRTST 24HR  1.63 ON 31- 1      TO 1/4 MILE OR LESS
LOWEST:     49 ON  1                               3 = THUNDER
                        SNOW, ICE PELLETS, HAIL    4 = ICE PELLETS
                        TOTAL MONTH:   0.0 INCH    5 = HAIL
                        GRTST 24HR     0.0         6 = FREEZING RAIN OR DRIZZLE
                        GRTST DEPTH:   0           7 = DUSTSTORM OR SANDSTORM:
                                                       VSBY 1/2 MILE OR LESS
                                                   8 = SMOKE OR HAZE
[NO. OF DAYS WITH]      [WEATHER - DAYS WITH]      9 = BLOWING SNOW
                                                   X = TORNADO
MAX 32 OR BELOW:   0    0.01 INCH OR MORE:   5
MAX 90 OR ABOVE:  12    0.10 INCH OR MORE:   2
MIN 32 OR BELOW:   0    0.50 INCH OR MORE:   1
MIN  0 OR BELOW:   0    1.00 INCH OR MORE:   0

[HDD (BASE 65) ]
TOTAL THIS MO.     8    CLEAR  (SCALE 0-3)  27
DPTR FM NORMAL    -1    PTCLDY (SCALE 4-7)   3
TOTAL FM JUL 1  3680    CLOUDY (SCALE 8-10)  0
DPTR FM NORMAL  -898

[CDD (BASE 65) ]
TOTAL THIS MO.   344
DPTR FM NORMAL    81    [PRESSURE DATA]
TOTAL FM JAN 1   604    HIGHEST SLP M ON M
DPTR FM NORMAL   226    LOWEST  SLP 29.74 ON 10

[REMARKS]
#FINAL-06-12#
