000
CXUS53 KSGF 010800
CF6SGF
PRELIMINARY LOCAL CLIMATOLOGICAL DATA (WS FORM: F-6)

                                          STATION:   SPRINGFIELD MO
                                          MONTH:     MARCH
                                          YEAR:      2012
                                          LATITUDE:   37 13 N
                                          LONGITUDE:  93 23 W

  TEMPERATURE IN F:       :PCPN:    SNOW:  WIND      :SUNSHINE: SKY     :PK WND
================================================================================
1   2   3   4   5  6A  6B    7    8   9   10  11  12  13   14  15   16   17  18
                                     12Z  AVG MX 2MIN
DY MAX MIN AVG DEP HDD CDD  WTR  SNW DPTH SPD SPD DIR MIN PSBL S-S WX    SPD DR
================================================================================

 1  73  31  52  10  13   0 0.00  0.0    0 11.4 29 150   M    M   0        36 200
 2  55  27  41  -1  24   0    T  0.0    0 10.1 31 280   M    M   3        38 290
 3  48  27  38  -4  27   0 0.00  0.0    0   M  24 280   M    M   3 8       M  M
 4  62  26  44   1  21   0 0.00  0.0    0 12.7 28 290   M    M   2        40 280
 5  60  27  44   1  21   0 0.00  0.0    0 11.0 23 160   M    M   0        28 160
 6  70  45  58  15   7   0 0.00  0.0    0 22.3 40 190   M    M   0        47 190
 7  68  57  63  19   2   0    T  0.0    0 18.9 35 180   M    M   6        43 180
 8  62  31  47   3  18   0 0.13    T    0 12.0 33 310   M    M   8 134    44 320
 9  59  26  43  -1  22   0 0.00  0.0    0  6.2 18  20   M    M   0        23  10
10  62  32  47   3  18   0 0.00  0.0    0 10.8 20 330   M    M   0        35 330
11  55  46  51   6  14   0 0.37  0.0    0 16.7 25 160   M    M   9 1      33 140
12  75  46  61  16   4   0 0.00  0.0    0 13.9 24 230   M    M   1 1      37 260
13  82  47  65  19   0   0 0.00  0.0    0  9.9 22 180   M    M   0        26 180
14  79  59  69  23   0   4 0.00  0.0    0 13.6 24 210   M    M   2        33 230
15  77  60  69  23   0   4 0.00  0.0    0   M   M   M   M    M   4         M  M
16  80  59  70  24   0   5 0.00  0.0    0 10.6 20 220   M    M   2        24 190
17  79  59  69  22   0   4 0.00  0.0    0 11.1 22 220   M    M   3        29 220
18  78  62  70  23   0   5 0.00  0.0    0 13.0 22 200   M    M   3        28 200
19  73  56  65  18   0   0 0.38  0.0    0 16.2 36 150   M    M   5 13     45 150
20  70  55  63  15   2   0 1.26  0.0    0  9.9 29 140   M    M   9 1      38 130
21  63  49  56   8   9   0 0.45  0.0    0 13.8 36 140   M    M   9 1      49 120
22  64  45  55   7  10   0 0.06  0.0    0 15.1 39 180   M    M   5 1      47 180
23  55  42  49   1  16   0 0.08  0.0    0  8.0 17 130   M    M   8 1      23 140
24  71  47  59  10   6   0 0.00  0.0    0  8.2 21 330   M    M   0        24 320
25  77  43  60  11   5   0 0.00  0.0    0  2.3  9 320   M    M   0        13 310
26  79  52  66  17   0   1 0.00  0.0    0 10.6 20 150   M    M   0        25 150
27  80  59  70  20   0   5 0.00  0.0    0 12.6 22 180   M    M   0        28 160
28  78  53  66  16   0   1 0.00  0.0    0  6.1 13 220   M    M   4 8      24 100
29  77  53  65  15   0   0 0.00  0.0    0  9.3 18 200   M    M   1 18     23 210
30  77  56  67  16   0   2 0.00  0.0    0  5.7 14 220   M    M   2 1      18 230
31  80  55  68  17   0   3 0.00  0.0    0  4.9 10 220   M    M   1 1       M  M
================================================================================
SM 2168 1432       239  34  2.73    T    326.9          M       90
================================================================================
AV 69.9 46.2                              11.3 FASTST   M    M   3    MAX(MPH)
                                 MISC ---->  # 40 190               # 49  120
================================================================================
NOTES:
# LAST OF SEVERAL OCCURRENCES

COLUMN 17 PEAK WIND IN M.P.H.

PRELIMINARY LOCAL CLIMATOLOGICAL DATA (WS FORM: F-6) , PAGE 2

                                          STATION:  SPRINGFIELD MO
                                          MONTH:    MARCH
                                          YEAR:     2012
                                          LATITUDE:   37 13 N
                                          LONGITUDE:  93 23 W

[TEMPERATURE DATA]      [PRECIPITATION DATA]       SYMBOLS USED IN COLUMN 16

AVERAGE MONTHLY: 58.1   TOTAL FOR MONTH:   2.73    1 = FOG OR MIST
DPTR FM NORMAL:  11.8   DPTR FM NORMAL:   -0.89    2 = FOG REDUCING VISIBILITY
HIGHEST:    82 ON 13    GRTST 24HR  1.47 ON 19-20      TO 1/4 MILE OR LESS
LOWEST:     26 ON  9, 4                            3 = THUNDER
                        SNOW, ICE PELLETS, HAIL    4 = ICE PELLETS
                        TOTAL MONTH:    T          5 = HAIL
                        GRTST 24HR    T  ON  8- 8  6 = FREEZING RAIN OR DRIZZLE
                        GRTST DEPTH:   0           7 = DUSTSTORM OR SANDSTORM:
                                                       VSBY 1/2 MILE OR LESS
                                                   8 = SMOKE OR HAZE
[NO. OF DAYS WITH]      [WEATHER - DAYS WITH]      9 = BLOWING SNOW
                                                   X = TORNADO
MAX 32 OR BELOW:   0    0.01 INCH OR MORE:   7
MAX 90 OR ABOVE:   0    0.10 INCH OR MORE:   5
MIN 32 OR BELOW:   8    0.50 INCH OR MORE:   1
MIN  0 OR BELOW:   0    1.00 INCH OR MORE:   1

[HDD (BASE 65) ]
TOTAL THIS MO.   239    CLEAR  (SCALE 0-3)  21
DPTR FM NORMAL  -342    PTCLDY (SCALE 4-7)   7
TOTAL FM JUL 1  3446    CLOUDY (SCALE 8-10)  3
DPTR FM NORMAL  -728

[CDD (BASE 65) ]
TOTAL THIS MO.    34
DPTR FM NORMAL    31    [PRESSURE DATA]
TOTAL FM JAN 1    34    HIGHEST SLP M ON M
DPTR FM NORMAL    31    LOWEST  SLP 29.36 ON  2

[REMARKS]
#FINAL-03-12#
