000
CXUS53 KSGF 010800
CF6SGF
PRELIMINARY LOCAL CLIMATOLOGICAL DATA (WS FORM: F-6)

                                          STATION:   SPRINGFIELD MO
                                          MONTH:     MAY
                                          YEAR:      2012
                                          LATITUDE:   37 13 N
                                          LONGITUDE:  93 23 W

  TEMPERATURE IN F:       :PCPN:    SNOW:  WIND      :SUNSHINE: SKY     :PK WND
================================================================================
1   2   3   4   5  6A  6B    7    8   9   10  11  12  13   14  15   16   17  18
                                     12Z  AVG MX 2MIN
DY MAX MIN AVG DEP HDD CDD  WTR  SNW DPTH SPD SPD DIR MIN PSBL S-S WX    SPD DR
================================================================================

 1  81  60  71  11   0   6 0.13  0.0    0 14.6 37 220   M    M   2 138    51 210
 2  84  65  75  14   0  10 0.00  0.0    0 15.4 26 180   M    M   0        33 190
 3  80  65  73  12   0   8 0.00  0.0    0 13.6 24 160   M    M   3        30 180
 4  85  65  75  14   0  10 0.01  0.0    0 10.7 20 200   M    M   1 13     25 180
 5  86  64  75  13   0  10 0.00  0.0    0  8.1 16 180   M    M   0        21 180
 6  86  65  76  14   0  11 0.00  0.0    0  8.3 21 170   M    M   0 1      26 140
 7  73  57  65   3   0   0 0.49  0.0    0  8.4 26 330   M    M   8 13     35 320
 8  71  52  62  -1   3   0 0.00  0.0    0  4.4 14 340   M    M   1        16 330
 9  69  48  59  -4   6   0 0.00  0.0    0  6.6 17 340   M    M   0        21 330
10  76  46  61  -2   4   0 0.00  0.0    0  4.5 10 160   M    M   0        14 140
11  70  53  62  -1   3   0 0.00  0.0    0  8.4 17 140   M    M   0        24 120
12  77  54  66   2   0   1    T  0.0    0  5.6 18  50   M    M   5        31 330
13  75  52  64   0   1   0 0.00  0.0    0  7.4 15 360   M    M   4 1      24 210
14  75  51  63  -1   2   0 0.00  0.0    0  4.2 13  40   M    M   0 1      18  30
15  78  47  63  -2   2   0 0.00  0.0    0  3.2 10 280   M    M   0        22 210
16  82  51  67   2   0   2 0.00  0.0    0  5.3 14 360   M    M   0        23  20
17  83  52  68   3   0   3 0.00  0.0    0  5.7 14 140   M    M   0        24 200
18  86  60  73   8   0   8 0.00  0.0    0 11.2 18 160   M    M   0        25 180
19  86  64  75   9   0  10 0.00  0.0    0 12.9 24 180   M    M   0        32 210
20  78  62  70   4   0   5 0.63  0.0    0  6.8 17  10   M    M   3 13     22 210
21  72  50  61  -5   4   0 0.00  0.0    0  8.3 18 350   M    M   1        24 350
22  78  44  61  -5   4   0 0.00  0.0    0  4.7 13 130   M    M   0        24 140
23  86  58  72   5   0   7 0.00  0.0    0 16.2 24 160   M    M   0        30 140
24  86  66  76   9   0  11 0.00  0.0    0 15.3 28 180   M    M   4        36 160
25  90  68  79  12   0  14 0.00  0.0    0 11.5 24 150   M    M   2        31 140
26  93  67  80  12   0  15 0.00  0.0    0 11.5 20 190   M    M   0        25 170
27  91  67  79  11   0  14 0.00  0.0    0 12.9 25 210   M    M   0        31 190
28  90  71  81  13   0  16 0.00  0.0    0 10.7 25 220   M    M   4 3      30 220
29  90  63  77   8   0  12 0.55  0.0    0  5.8 23 320   M    M   3 13     32 330
30  85  62  74   5   0   9 0.00  0.0    0 11.2 26 360   M    M   1        36 360
31  72  53  63  -6   2   0 1.63  0.0    0 11.9 26 320   M    M   7 138    36 330
================================================================================
SM 2514 1802        31 182  3.44     0.0 285.3          M       49
================================================================================
AV 81.1 58.1                               9.2 FASTST   M    M   2    MAX(MPH)
                                 MISC ---->  # 37 220               # 51  210
================================================================================
NOTES:
# LAST OF SEVERAL OCCURRENCES

COLUMN 17 PEAK WIND IN M.P.H.

PRELIMINARY LOCAL CLIMATOLOGICAL DATA (WS FORM: F-6) , PAGE 2

                                          STATION:  SPRINGFIELD MO
                                          MONTH:    MAY
                                          YEAR:     2012
                                          LATITUDE:   37 13 N
                                          LONGITUDE:  93 23 W

[TEMPERATURE DATA]      [PRECIPITATION DATA]       SYMBOLS USED IN COLUMN 16

AVERAGE MONTHLY: 69.6   TOTAL FOR MONTH:   3.44    1 = FOG OR MIST
DPTR FM NORMAL:   4.8   DPTR FM NORMAL:   -1.66    2 = FOG REDUCING VISIBILITY
HIGHEST:    93 ON 26    GRTST 24HR  1.63 ON 31-31      TO 1/4 MILE OR LESS
LOWEST:     44 ON 22                               3 = THUNDER
                        SNOW, ICE PELLETS, HAIL    4 = ICE PELLETS
                        TOTAL MONTH:   0.0 INCH    5 = HAIL
                        GRTST 24HR     0.0         6 = FREEZING RAIN OR DRIZZLE
                        GRTST DEPTH:   0           7 = DUSTSTORM OR SANDSTORM:
                                                       VSBY 1/2 MILE OR LESS
                                                   8 = SMOKE OR HAZE
[NO. OF DAYS WITH]      [WEATHER - DAYS WITH]      9 = BLOWING SNOW
                                                   X = TORNADO
MAX 32 OR BELOW:   0    0.01 INCH OR MORE:   6
MAX 90 OR ABOVE:   5    0.10 INCH OR MORE:   5
MIN 32 OR BELOW:   0    0.50 INCH OR MORE:   3
MIN  0 OR BELOW:   0    1.00 INCH OR MORE:   1

[HDD (BASE 65) ]
TOTAL THIS MO.    31    CLEAR  (SCALE 0-3)  24
DPTR FM NORMAL   -64    PTCLDY (SCALE 4-7)   7
TOTAL FM JUL 1  3672    CLOUDY (SCALE 8-10)  0
DPTR FM NORMAL  -897

[CDD (BASE 65) ]
TOTAL THIS MO.   182
DPTR FM NORMAL    92    [PRESSURE DATA]
TOTAL FM JAN 1   260    HIGHEST SLP M ON M
DPTR FM NORMAL   145    LOWEST  SLP 29.53 ON 24

[REMARKS]
#FINAL-05-12#
