000
CXUS53 KSGF 011459
CF6SGF
PRELIMINARY LOCAL CLIMATOLOGICAL DATA (WS FORM: F-6)

                                          STATION:   SPRINGFIELD MO
                                          MONTH:     JANUARY
                                          YEAR:      2012
                                          LATITUDE:   37 13 N
                                          LONGITUDE:  93 23 W

  TEMPERATURE IN F:       :PCPN:    SNOW:  WIND      :SUNSHINE: SKY     :PK WND
================================================================================
1   2   3   4   5  6A  6B    7    8   9   10  11  12  13   14  15   16   17  18
                                     12Z  AVG MX 2MIN
DY MAX MIN AVG DEP HDD CDD  WTR  SNW DPTH SPD SPD DIR MIN PSBL S-S WX    SPD DR
================================================================================

 1  49  32  41   8  24   0 0.00  0.0    0 15.1 31 280   M    M   2        40 310
 2  36  20  28  -5  37   0 0.00  0.0    0 12.0 25 330   M    M   0        32 310
 3  47  13  30  -2  35   0 0.00  0.0    0 10.1 21 190   M    M   0        26 180
 4  51  28  40   8  25   0 0.00  0.0    0  7.2 20 280   M    M   0        24 280
 5  62  26  44  12  21   0 0.00  0.0    0 10.8 23 220   M    M   0        29 220
 6  66  38  52  20  13   0 0.00  0.0    0 11.7 26 220   M    M   0        32 220
 7  52  34  43  11  22   0 0.00  0.0    0  8.8 17  50   M    M   2        22  50
 8  45  32  39   7  26   0 0.00  0.0    0  8.2 13  40   M    M   9        22  10
 9  50  23  37   5  28   0 0.00  0.0    0  2.3  9 350   M    M   0 18     12  20
10  53  22  38   6  27   0    T  0.0    0  3.5 13 140   M    M   2        16 130
11  56  26  41   9  24   0    T  0.1    T 10.2 29 330   M    M   4 1      37 330
12  26  17  22 -10  43   0 0.01  0.6    T 17.1 29 280   M    M  10 1      36 280
13  31  13  22 -10  43   0 0.00  0.0    0  8.2 15 280   M    M   0        25 300
14  44  22  33   1  32   0 0.00  0.0    0 10.9 25 280   M    M   1        35 320
15  57  23  40   8  25   0 0.00  0.0    0 17.7 31 150   M    M   0        38 150
16  69  43  56  24   9   0 0.00  0.0    0 20.1 33 210   M    M   2        41 200
17  64  18  41   9  24   0 0.00  0.0    0 14.4 30 220   M    M   5        39 230
18  39  11  25  -7  40   0 0.00  0.0    0  8.3 16 190   M    M   0        20 180
19  51  25  38   6  27   0 0.00  0.0    0  7.9 15  80   M    M   0        20  80
20  38  24  31  -1  34   0 0.00  0.0    0 11.7 25 140   M    M   7 1      31 140
21  36  17  27  -6  38   0 0.00  0.0    0 11.4 25 150   M    M   6        35 150
22  57  28  43  10  22   0 0.00  0.0    0 20.7 35 240   M    M   7 1      46 240
23  50  26  38   5  27   0 0.00  0.0    0 13.8 31 270   M    M   2        40 280
24  58  22  40   7  25   0 0.00  0.0    0  9.3 16 140   M    M   0        20 130
25  44  38  41   8  24   0 0.91  0.0    0  9.6 21 110   M    M   9 1      25 120
26  47  33  40   7  25   0 0.01  0.0    0  6.9 21 340   M    M   6 12     32 330
27  48  23  36   3  29   0 0.02  0.0    0  7.9 26 320   M    M   5 1      36 330
28  44  23  34   1  31   0 0.00  0.0    0  9.0 26 340   M    M   1        33 340
29  55  30  43  10  22   0 0.00  0.0    0  9.7 20 250   M    M   0        25 250
30  65  33  49  15  16   0 0.00  0.0    0 13.8 30 210   M    M   0        41 200
31  63  46  55  21  10   0 0.00  0.0    0 13.8 26 210   M    M   7 1      35 210
================================================================================
SM 1553  809       828   0  0.95     0.7 342.1          M       87
================================================================================
AV 50.1 26.1                              11.0 FASTST   M    M   3    MAX(MPH)
                                 MISC ---->  # 35 240               # 46  240
================================================================================
NOTES:
# LAST OF SEVERAL OCCURRENCES

COLUMN 17 PEAK WIND IN M.P.H.

PRELIMINARY LOCAL CLIMATOLOGICAL DATA (WS FORM: F-6) , PAGE 2

                                          STATION:  SPRINGFIELD MO
                                          MONTH:    JANUARY
                                          YEAR:     2012
                                          LATITUDE:   37 13 N
                                          LONGITUDE:  93 23 W

[TEMPERATURE DATA]      [PRECIPITATION DATA]       SYMBOLS USED IN COLUMN 16

AVERAGE MONTHLY: 38.1   TOTAL FOR MONTH:   0.95    1 = FOG OR MIST
DPTR FM NORMAL:   5.5   DPTR FM NORMAL:   -1.52    2 = FOG REDUCING VISIBILITY
HIGHEST:    69 ON 16    GRTST 24HR  0.91 ON 25-25      TO 1/4 MILE OR LESS
LOWEST:     11 ON 18                               3 = THUNDER
                        SNOW, ICE PELLETS, HAIL    4 = ICE PELLETS
                        TOTAL MONTH:   0.7 INCH    5 = HAIL
                        GRTST 24HR   0.6 ON   M    6 = FREEZING RAIN OR DRIZZLE
                        GRTST DEPTH:   0           7 = DUSTSTORM OR SANDSTORM:
                                                       VSBY 1/2 MILE OR LESS
                                                   8 = SMOKE OR HAZE
[NO. OF DAYS WITH]      [WEATHER - DAYS WITH]      9 = BLOWING SNOW
                                                   X = TORNADO
MAX 32 OR BELOW:   2    0.01 INCH OR MORE:   4
MAX 90 OR ABOVE:   0    0.10 INCH OR MORE:   1
MIN 32 OR BELOW:  24    0.50 INCH OR MORE:   1
MIN  0 OR BELOW:   0    1.00 INCH OR MORE:   0

[HDD (BASE 65) ]
TOTAL THIS MO.   828    CLEAR  (SCALE 0-3)  20
DPTR FM NORMAL  -175    PTCLDY (SCALE 4-7)   8
TOTAL FM JUL 1  2505    CLOUDY (SCALE 8-10)  3
DPTR FM NORMAL  -308

[CDD (BASE 65) ]
TOTAL THIS MO.     0
DPTR FM NORMAL     0    [PRESSURE DATA]
TOTAL FM JAN 1     0    HIGHEST SLP 30.64 ON  2
DPTR FM NORMAL     0    LOWEST  SLP 29.43 ON 22

[REMARKS]
#FINAL-01-12#
