000
CXUS53 KSGF 010800
CF6SGF
PRELIMINARY LOCAL CLIMATOLOGICAL DATA (WS FORM: F-6)

                                          STATION:   SPRINGFIELD MO
                                          MONTH:     APRIL
                                          YEAR:      2012
                                          LATITUDE:   37 13 N
                                          LONGITUDE:  93 23 W

  TEMPERATURE IN F:       :PCPN:    SNOW:  WIND      :SUNSHINE: SKY     :PK WND
================================================================================
1   2   3   4   5  6A  6B    7    8   9   10  11  12  13   14  15   16   17  18
                                     12Z  AVG MX 2MIN
DY MAX MIN AVG DEP HDD CDD  WTR  SNW DPTH SPD SPD DIR MIN PSBL S-S WX    SPD DR
================================================================================

 1  86  57  72  21   0   7 0.00  0.0    0 10.8 18 200   M    M   0 8      24 190
 2  85  63  74  22   0   9 0.00  0.0    0 10.4 18 210   M    M   0 8      25 230
 3  77  60  69  17   0   4    T  0.0    0  6.6 15  60   M    M   3        17  60
 4  72  51  62  10   3   0 0.00  0.0    0  5.9 20 230   M    M   2        22 240
 5  60  47  54   2  11   0 0.01  0.0    0  7.8 18  20   M    M   7 1      22  40
 6  67  40  54   1  11   0 0.00  0.0    0  7.8 14 160   M    M   0 1      18 140
 7  61  46  54   1  11   0 0.28  0.0    0 10.5 30 160   M    M   5 13     36 160
 8  67  43  55   2  10   0 0.00  0.0    0  5.5 15  60   M    M   1 1      17  80
 9  71  40  56   2   9   0 0.00  0.0    0  2.3 10 300   M    M   2        13 130
10  66  48  57   3   8   0    T  0.0    0  6.6 14  20   M    M   3        20 230
11  62  42  52  -2  13   0 0.00  0.0    0  7.4 15 360   M    M   1        21 350
12  60  43  52  -3  13   0 0.00  0.0    0 15.1 23 150   M    M   6        29 150
13  68  49  59   4   6   0 0.84  0.0    0 13.6 28 150   M    M   8 13     35 150
14  75  59  67  12   0   2 1.10  0.0    0 15.9 30 180   M    M   8 13     40 190
15  69  53  61   5   4   0 1.27  0.0    0 14.7 26 170   M    M   6 13     31 150
16  64  44  54  -2  11   0 0.00  0.0    0  8.1 23 270   M    M   1        35 270
17  70  41  56   0   9   0 0.00  0.0    0  5.0 15 120   M    M   1        21 100
18  72  47  60   4   5   0 0.00  0.0    0 11.1 17 160   M    M   0        22 150
19  78  49  64   7   1   0 0.00  0.0    0 12.8 25 180   M    M   1        31 180
20  64  39  52  -5  13   0 0.15  0.0    0 11.6 21 350   M    M   8 13     24 350
21  63  32  48 -10  17   0 0.00  0.0    0  3.5 12  40   M    M   0 128    17  30
22  58  40  49  -9  16   0 0.00  0.0    0 13.1 26 350   M    M   5        35 320
23  62  36  49  -9  16   0 0.00  0.0    0  6.0 17 280   M    M   1        23 280
24  78  39  59   1   6   0 0.00  0.0    0 11.0 23 220   M    M   0        28 220
25  83  63  73  14   0   8    T  0.0    0 13.5 31 260   M    M   1        39 250
26  82  59  71  12   0   6 0.00  0.0    0  8.8 15  40   M    M   0        21  40
27  67  58  63   4   2   0    T  0.0    0 18.5 36 130   M    M   2 3      47 130
28  77  59  68   8   0   3 0.00  0.0    0  7.0 16 150   M    M   6        20 140
29  76  59  68   8   0   3 0.13  0.0    0  8.1 30 330   M    M   6 13     36 320
30  74  59  67   7   0   2 0.64  0.0    0  6.9 22 130   M    M   6 13     26 130
================================================================================
SM 2114 1465       195  44  4.42     0.0 285.9          M       90
================================================================================
AV 70.5 48.8                               9.5 FASTST   M    M   3    MAX(MPH)
                                 MISC ---->  # 36 130               # 47  130
================================================================================
NOTES:
# LAST OF SEVERAL OCCURRENCES

COLUMN 17 PEAK WIND IN M.P.H.

PRELIMINARY LOCAL CLIMATOLOGICAL DATA (WS FORM: F-6) , PAGE 2

                                          STATION:  SPRINGFIELD MO
                                          MONTH:    APRIL
                                          YEAR:     2012
                                          LATITUDE:   37 13 N
                                          LONGITUDE:  93 23 W

[TEMPERATURE DATA]      [PRECIPITATION DATA]       SYMBOLS USED IN COLUMN 16

AVERAGE MONTHLY: 59.7   TOTAL FOR MONTH:   4.42    1 = FOG OR MIST
DPTR FM NORMAL:   3.9   DPTR FM NORMAL:    0.10    2 = FOG REDUCING VISIBILITY
HIGHEST:    86 ON  1    GRTST 24HR  1.61 ON 13-14      TO 1/4 MILE OR LESS
LOWEST:     32 ON 21                               3 = THUNDER
                        SNOW, ICE PELLETS, HAIL    4 = ICE PELLETS
                        TOTAL MONTH:   0.0 INCH    5 = HAIL
                        GRTST 24HR     0.0         6 = FREEZING RAIN OR DRIZZLE
                        GRTST DEPTH:   0           7 = DUSTSTORM OR SANDSTORM:
                                                       VSBY 1/2 MILE OR LESS
                                                   8 = SMOKE OR HAZE
[NO. OF DAYS WITH]      [WEATHER - DAYS WITH]      9 = BLOWING SNOW
                                                   X = TORNADO
MAX 32 OR BELOW:   0    0.01 INCH OR MORE:   8
MAX 90 OR ABOVE:   0    0.10 INCH OR MORE:   7
MIN 32 OR BELOW:   1    0.50 INCH OR MORE:   4
MIN  0 OR BELOW:   0    1.00 INCH OR MORE:   2

[HDD (BASE 65) ]
TOTAL THIS MO.   195    CLEAR  (SCALE 0-3)  19
DPTR FM NORMAL  -105    PTCLDY (SCALE 4-7)  11
TOTAL FM JUL 1  3641    CLOUDY (SCALE 8-10)  0
DPTR FM NORMAL  -833

[CDD (BASE 65) ]
TOTAL THIS MO.    44
DPTR FM NORMAL    22    [PRESSURE DATA]
TOTAL FM JAN 1    78    HIGHEST SLP M ON M
DPTR FM NORMAL    53    LOWEST  SLP 29.57 ON  1

[REMARKS]
#FINAL-04-12#
