000
CXUS53 KSGF 310800
CF6SGF
PRELIMINARY LOCAL CLIMATOLOGICAL DATA (WS FORM: F-6)

                                          STATION:   SPRINGFIELD MO
                                          MONTH:     DECEMBER
                                          YEAR:      2011
                                          LATITUDE:   37 13 N
                                          LONGITUDE:  93 23 W

  TEMPERATURE IN F:       :PCPN:    SNOW:  WIND      :SUNSHINE: SKY     :PK WND
================================================================================
1   2   3   4   5  6A  6B    7    8   9   10  11  12  13   14  15   16   17  18
                                     12Z  AVG MX 2MIN
DY MAX MIN AVG DEP HDD CDD  WTR  SNW DPTH SPD SPD DIR MIN PSBL S-S WX    SPD DR
================================================================================

 1  56  33  45   6  20   0 0.00  0.0    0 10.2 17 160   M    M   1        22 190
 2  46  34  40   1  25   0    T  0.0    0 10.0 21 150   M    M  10        25 140
 3  56  45  51  13  14   0 0.46  0.0    0 16.0 30 150   M    M   7 1      38 140
 4  47  32  40   2  25   0    T  0.0    0  9.9 17  10   M    M  10        22  10
 5  32  26  29  -9  36   0 0.00  0.0    0 13.8 24 220   M    M  10         M  M
 6  27  22  25 -12  40   0 0.03  0.4    T 10.6 20 240   M    M  10 1       M  M
 7  38  15  27 -10  38   0 0.00  0.0    0  6.2 14 240   M    M   1        18 230
 8  46  23  35  -1  30   0 0.00  0.0    0  5.4 12 180   M    M   0        15 220
 9  35  24  30  -6  35   0 0.00  0.0    0  4.8 14 360   M    M   4 1      18  20
10  41  15  28  -8  37   0 0.00  0.0    0   M   M   M   M    M   0 1       M  M
11  49  24  37   1  28   0 0.00  0.0    0   M   M   M   M    M   0 1       M  M
12  45  33  39   4  26   0 0.05  0.0    0  8.2 14 160   M    M   9 1      32 260
13  50  38  44   9  21   0 0.60  0.0    0 12.4 23 150   M    M   8 1      30 150
14  58  49  54  19  11   0 0.40  0.0    0 15.4 21 160   M    M  10 13     26 150
15  58  31  45  10  20   0 0.00  0.0    0  9.6 18 310   M    M   3 1      24 320
16  40  23  32  -2  33   0 0.00  0.0    0  4.2 10 330   M    M   0        13 320
17  50  22  36   2  29   0 0.00  0.0    0  5.9 12 270   M    M   0        14 270
18  55  26  41   7  24   0 0.00  0.0    0  9.9 18 180   M    M   4        24 130
19  51  44  48  14  17   0 0.76  0.0    0  9.0 24  80   M    M  10 1      29  80
20  54  40  47  13  18   0 0.41  0.0    0  8.1 18 280   M    M   9 12     23 280
21  40  31  36   2  29   0 0.00  0.0    0  9.2 16 260   M    M   8 1      22 260
22  42  29  36   2  29   0    T    T    0  7.2 18 350   M    M   6 1      22 360
23  37  20  29  -4  36   0 0.00  0.0    0   M  23 230   M    M   5         M  M
24  49  18  34   1  31   0 0.00  0.0    0  5.2 12 240   M    M   0        15 210
25  55  22  39   6  26   0 0.00  0.0    0  4.4 12 320   M    M   0        14 280
26  37  22  30  -3  35   0 0.12    T    0  6.8 23 200   M    M   7 14     33 150
27  47  31  39   6  26   0    T  0.0    0  8.8 21 330   M    M   2 1      29 320
28  54  22  38   5  27   0 0.00  0.0    0  7.1 17 240   M    M   0        21 240
29  60  33  47  14  18   0 0.00  0.0    0 10.3 22 250   M    M   0        25 240
30  55  37  46  13  19   0 0.00  0.0    0 14.6 26 280   M    M   0        37 270
================================================================================
SM 1410  864       803   0  2.83     0.4 243.2          M      134
================================================================================
AV 47.0 28.8                               9.0 FASTST   M    M   4    MAX(MPH)
                                 MISC ---->  # 30 150               # 38  140
================================================================================
NOTES:
# LAST OF SEVERAL OCCURRENCES

COLUMN 17 PEAK WIND IN M.P.H.

PRELIMINARY LOCAL CLIMATOLOGICAL DATA (WS FORM: F-6) , PAGE 2

                                          STATION:  SPRINGFIELD MO
                                          MONTH:    DECEMBER
                                          YEAR:     2011
                                          LATITUDE:   37 13 N
                                          LONGITUDE:  93 23 W

[TEMPERATURE DATA]      [PRECIPITATION DATA]       SYMBOLS USED IN COLUMN 16

AVERAGE MONTHLY: 37.9   TOTAL FOR MONTH:   2.83    1 = FOG OR MIST
DPTR FM NORMAL:   2.8   DPTR FM NORMAL:   -0.13    2 = FOG REDUCING VISIBILITY
HIGHEST:    60 ON 29    GRTST 24HR  1.05 ON 19-20      TO 1/4 MILE OR LESS
LOWEST:     15 ON 10, 7                            3 = THUNDER
                        SNOW, ICE PELLETS, HAIL    4 = ICE PELLETS
                        TOTAL MONTH:   0.4 INCH    5 = HAIL
                        GRTST 24HR   0.4 ON   M    6 = FREEZING RAIN OR DRIZZLE
                        GRTST DEPTH:   T           7 = DUSTSTORM OR SANDSTORM:
                                                       VSBY 1/2 MILE OR LESS
                                                   8 = SMOKE OR HAZE
[NO. OF DAYS WITH]      [WEATHER - DAYS WITH]      9 = BLOWING SNOW
                                                   X = TORNADO
MAX 32 OR BELOW:   2    0.01 INCH OR MORE:   8
MAX 90 OR ABOVE:   0    0.10 INCH OR MORE:   6
MIN 32 OR BELOW:  20    0.50 INCH OR MORE:   2
MIN  0 OR BELOW:   0    1.00 INCH OR MORE:   0

[HDD (BASE 65) ]
TOTAL THIS MO.   803    CLEAR  (SCALE 0-3)  13
DPTR FM NORMAL   -97    PTCLDY (SCALE 4-7)   8
TOTAL FM JUL 1  1660    CLOUDY (SCALE 8-10)  9
DPTR FM NORMAL  -119

[CDD (BASE 65) ]
TOTAL THIS MO.     0
DPTR FM NORMAL     0    [PRESSURE DATA]
TOTAL FM JAN 1  1818    HIGHEST SLP M ON M
DPTR FM NORMAL   429    LOWEST  SLP 29.66 ON 30

[REMARKS]
