000
CXUS53 KSGF 030159
CF6SGF
PRELIMINARY LOCAL CLIMATOLOGICAL DATA (WS FORM: F-6)

                                          STATION:   SPRINGFIELD MO
                                          MONTH:     SEPTEMBER
                                          YEAR:      2017
                                          LATITUDE:   37 13 N
                                          LONGITUDE:  93 23 W

  TEMPERATURE IN F:       :PCPN:    SNOW:  WIND      :SUNSHINE: SKY     :PK WND
================================================================================
1   2   3   4   5  6A  6B    7    8   9   10  11  12  13   14  15   16   17  18
                                     12Z  AVG MX 2MIN
DY MAX MIN AVG DEP HDD CDD  WTR  SNW DPTH SPD SPD DIR MIN PSBL S-S WX    SPD DR
================================================================================

 1  79  58  69  -6   0   4 0.00  0.0    0  6.7 14  10   M    M   1 1      19 360
 2  84  56  70  -4   0   5 0.00  0.0    0  3.0  9 280   M    M   1        13 330
 3  88  63  76   2   0  11 0.00  0.0    0  6.1 13 240   M    M   2        17 260
 4  90  68  79   5   0  14    T  0.0    0  9.9 20 220   M    M   1 1      26 360
 5  76  53  65  -8   0   0    T  0.0    0 10.7 21 350   M    M   3        35 330
 6  72  48  60 -13   5   0 0.00  0.0    0  5.9 16 330   M    M   1        24  10
 7  79  49  64  -9   1   0 0.00  0.0    0  4.1 13 270   M    M   0        19 240
 8  84  55  70  -2   0   5 0.00  0.0    0  4.6  8 240   M    M   0        13 250
 9  85  58  72   0   0   7 0.00  0.0    0  6.3 12 130   M    M   1        17  80
10  81  59  70  -1   0   5 0.00  0.0    0  6.6 14 170   M    M   3        18 150
11  79  52  66  -5   0   1 0.00  0.0    0  6.1 16  10   M    M   0        21  50
12  77  53  65  -6   0   0 0.00  0.0    0  8.7 21 360   M    M   0        27  40
13  81  56  69  -1   0   4 0.00  0.0    0  4.3 13 290   M    M   2        19 320
14  87  54  71   1   0   6 0.00  0.0    0  5.8 13 200   M    M   0        17 190
15  88  63  76   7   0  11 0.00  0.0    0 11.1 18 160   M    M   0        26 150
16  90  65  78   9   0  13    T  0.0    0 10.2 25 310   M    M   1 1      36 320
17  73  65  69   1   0   4 0.43  0.0    0  8.1 20 180   M    M   5 1      26 180
18  80  64  72   4   0   7    T  0.0    0  7.2 16 190   M    M   2        21 180
19  90  64  77   9   0  12 0.00  0.0    0  9.4 18 160   M    M   1 18     26 190
20  93  71  82  15   0  17 0.00  0.0    0 11.9 20 210   M    M   0        26 220
21  93  72  83  16   0  18 0.00  0.0    0 10.8 18 160   M    M   0        25 190
22  92  70  81  15   0  16 0.00  0.0    0  8.9 16 180   M    M   0        22 180
23  92  68  80  14   0  15 0.00  0.0    0  6.8 13 150   M    M   1        18 140
24  90  67  79  14   0  14 0.04  0.0    0  7.7 23 240   M    M   1 3      29 240
25  88  66  77  12   0  12 0.00  0.0    0  9.7 17 140   M    M   0        31 190
26  86  67  77  13   0  12 0.00  0.0    0  8.8 17 330   M    M   4        22 350
27  68  58  63  -1   2   0 0.12  0.0    0  9.3 16  30   M    M   8 1      19  20
28  77  54  66   2   0   1 0.00  0.0    0  7.3 16  50   M    M   2        23  80
29  81  50  66   3   0   1 0.00  0.0    0  4.5 15  40   M    M   0        20  30
30  81  55  68   5   0   3 0.00  0.0    0  7.5 15 120   M    M   0        22 120
================================================================================
SM 2504 1801         8 218  0.59     0.0 228.0          M       40
================================================================================
AV 83.5 60.0                               7.6 FASTST   M    M   1    MAX(MPH)
                                 MISC ---->  # 25 310               # 36  320
================================================================================
NOTES:
# LAST OF SEVERAL OCCURRENCES

COLUMN 17 PEAK WIND IN M.P.H.

PRELIMINARY LOCAL CLIMATOLOGICAL DATA (WS FORM: F-6) , PAGE 2

                                          STATION:  SPRINGFIELD MO
                                          MONTH:    SEPTEMBER
                                          YEAR:     2017
                                          LATITUDE:   37 13 N
                                          LONGITUDE:  93 23 W

[TEMPERATURE DATA]      [PRECIPITATION DATA]       SYMBOLS USED IN COLUMN 16

AVERAGE MONTHLY: 71.8   TOTAL FOR MONTH:   0.59    1 = FOG OR MIST
DPTR FM NORMAL:   2.8   DPTR FM NORMAL:   -4.02    2 = FOG REDUCING VISIBILITY
HIGHEST:    93 ON 21,20 GRTST 24HR  0.43 ON 17-17      TO 1/4 MILE OR LESS
LOWEST:     48 ON  6                               3 = THUNDER
                        SNOW, ICE PELLETS, HAIL    4 = ICE PELLETS
                        TOTAL MONTH:   0.0 INCH    5 = HAIL
                        GRTST 24HR     0.0         6 = FREEZING RAIN OR DRIZZLE
                        GRTST DEPTH:   0           7 = DUSTSTORM OR SANDSTORM:
                                                       VSBY 1/2 MILE OR LESS
                                                   8 = SMOKE OR HAZE
[NO. OF DAYS WITH]      [WEATHER - DAYS WITH]      9 = BLOWING SNOW
                                                   X = TORNADO
MAX 32 OR BELOW:   0    0.01 INCH OR MORE:   3
MAX 90 OR ABOVE:   8    0.10 INCH OR MORE:   2
MIN 32 OR BELOW:   0    0.50 INCH OR MORE:   0
MIN  0 OR BELOW:   0    1.00 INCH OR MORE:   0

[HDD (BASE 65) ]
TOTAL THIS MO.     8    CLEAR  (SCALE 0-3)  27
DPTR FM NORMAL   -45    PTCLDY (SCALE 4-7)   3
TOTAL FM JUL 1     8    CLOUDY (SCALE 8-10)  0
DPTR FM NORMAL   -47

[CDD (BASE 65) ]
TOTAL THIS MO.   218
DPTR FM NORMAL    45    [PRESSURE DATA]
TOTAL FM JAN 1  1376    HIGHEST SLP 30.28 ON 10
DPTR FM NORMAL    17    LOWEST  SLP 29.75 ON 13

[REMARKS]
#FINAL-09-17#
