000
CXUS53 KSGF 010800
CF6SGF
PRELIMINARY LOCAL CLIMATOLOGICAL DATA (WS FORM: F-6)

                                          STATION:   SPRINGFIELD MO
                                          MONTH:     DECEMBER
                                          YEAR:      2016
                                          LATITUDE:   37 13 N
                                          LONGITUDE:  93 23 W

  TEMPERATURE IN F:       :PCPN:    SNOW:  WIND      :SUNSHINE: SKY     :PK WND
================================================================================
1   2   3   4   5  6A  6B    7    8   9   10  11  12  13   14  15   16   17  18
                                     12Z  AVG MX 2MIN
DY MAX MIN AVG DEP HDD CDD  WTR  SNW DPTH SPD SPD DIR MIN PSBL S-S WX    SPD DR
================================================================================

 1  51  25  38  -1  27   0 0.00  0.0    0  4.7 13 270   M    M   0        16 270
 2  56  31  44   5  21   0 0.00  0.0    0  5.0 12  70   M    M   5        14  80
 3  48  39  44   6  21   0 0.02  0.0    0 10.9 21 150   M    M   7        25 150
 4  45  28  37  -1  28   0 0.15  0.0    0  6.8 17 130   M    M   8 1      21 120
 5  45  29  37  -1  28   0 0.00  0.0    0  9.7 22 150   M    M   5 12     27 160
 6  43  29  36  -1  29   0 0.00  0.0    0  9.1 22 330   M    M   5 1      27 330
 7  37  23  30  -7  35   0    T    T    0  9.4 17 350   M    M   8 1      21 330
 8  30  14  22 -14  43   0 0.00  0.0    0  8.6 16 320   M    M   0        22 300
 9  33  11  22 -14  43   0 0.00  0.0    0  3.0 13 160   M    M   3        15 160
10  40  23  32  -4  33   0 0.00  0.0    0 13.9 26 150   M    M   9        34 150
11  49  38  44   8  21   0 0.09  0.0    0 12.5 24 330   M    M  10 18     28 330
12  43  27  35   0  30   0 0.00  0.0    0  7.5 21 150   M    M   5 18     28 140
13  42  28  35   0  30   0    T  0.0    0  8.2 18 360   M    M  10 1      22 360
14  36  22  29  -6  36   0    T    T    0  8.2 21 350   M    M   6 18     26 350
15  31  22  27  -8  38   0 0.00  0.0    0 11.6 24 150   M    M   3        32 140
16  46  26  36   2  29   0 0.00  0.0    0 19.5 28 150   M    M  10 18     34 140
17  53  11  32  -2  33   0 0.01  0.2    0 16.0 31 330   M    M   8 16     38 320
18  15   1   8 -26  57   0    T    T    T  8.6 24 340   M    M   1 1      28 340
19  32   2  17 -17  48   0 0.00  0.0    0  5.8 14 160   M    M   0        24 160
20  50  18  34   0  31   0 0.00  0.0    0  7.9 16 180   M    M   0        26 310
21  54  24  39   5  26   0 0.00  0.0    0  6.9 14 180   M    M   0        20 170
22  45  24  35   1  30   0 0.00  0.0    0  5.6 12 340   M    M   2        15 350
23  47  38  43  10  22   0 0.11    T    0 12.0 28 150   M    M  10 1      33 150
24  53  43  48  15  17   0 0.00  0.0    0  9.4 18 140   M    M   8 18     24 150
25  65  49  57  24   8   0 0.17  0.0    0 19.0 28 160   M    M  10 13     35 150
26  60  31  46  13  19   0 0.07  0.0    0  8.9 17 320   M    M   6 1      21 320
27  52  23  38   5  27   0 0.00  0.0    0  4.4 15 160   M    M   0        19 170
28  60  38  49  16  16   0 0.00  0.0    0 11.9 22 140   M    M   2        26 150
29  50  34  42   9  23   0 0.00  0.0    0 11.7 23 280   M    M   0        31 310
30  56  20  38   5  27   0 0.00  0.0    0 11.8 26 210   M    M   0        33 210
31  55  32  44  11  21   0 0.00  0.0    0 12.0 24 210   M    M   2        33 210
================================================================================
SM 1422  803       897   0  0.62     0.2 300.5          M      143
================================================================================
AV 45.9 25.9                               9.7 FASTST   M    M   5    MAX(MPH)
                                 MISC ---->  # 31 330               # 38  320
================================================================================
NOTES:
# LAST OF SEVERAL OCCURRENCES

COLUMN 17 PEAK WIND IN M.P.H.

PRELIMINARY LOCAL CLIMATOLOGICAL DATA (WS FORM: F-6) , PAGE 2

                                          STATION:  SPRINGFIELD MO
                                          MONTH:    DECEMBER
                                          YEAR:     2016
                                          LATITUDE:   37 13 N
                                          LONGITUDE:  93 23 W

[TEMPERATURE DATA]      [PRECIPITATION DATA]       SYMBOLS USED IN COLUMN 16

AVERAGE MONTHLY: 35.9   TOTAL FOR MONTH:   0.62    1 = FOG OR MIST
DPTR FM NORMAL:   0.9   DPTR FM NORMAL:   -2.42    2 = FOG REDUCING VISIBILITY
HIGHEST:    65 ON 25    GRTST 24HR  0.24 ON 25-26      TO 1/4 MILE OR LESS
LOWEST:      1 ON 18                               3 = THUNDER
                        SNOW, ICE PELLETS, HAIL    4 = ICE PELLETS
                        TOTAL MONTH:   0.2 INCH    5 = HAIL
                        GRTST 24HR   0.2 ON   M    6 = FREEZING RAIN OR DRIZZLE
                        GRTST DEPTH:   T           7 = DUSTSTORM OR SANDSTORM:
                                                       VSBY 1/2 MILE OR LESS
                                                   8 = SMOKE OR HAZE
[NO. OF DAYS WITH]      [WEATHER - DAYS WITH]      9 = BLOWING SNOW
                                                   X = TORNADO
MAX 32 OR BELOW:   4    0.01 INCH OR MORE:   7
MAX 90 OR ABOVE:   0    0.10 INCH OR MORE:   3
MIN 32 OR BELOW:  24    0.50 INCH OR MORE:   0
MIN  0 OR BELOW:   0    1.00 INCH OR MORE:   0

[HDD (BASE 65) ]
TOTAL THIS MO.   897    CLEAR  (SCALE 0-3)  13
DPTR FM NORMAL   -34    PTCLDY (SCALE 4-7)  12
TOTAL FM JUL 1  1413    CLOUDY (SCALE 8-10)  6
DPTR FM NORMAL  -397

[CDD (BASE 65) ]
TOTAL THIS MO.     0
DPTR FM NORMAL     0    [PRESSURE DATA]
TOTAL FM JAN 1  1808    HIGHEST SLP M ON M
DPTR FM NORMAL   419    LOWEST  SLP 29.46 ON 17

[REMARKS]
#FINAL-12-16#
