000
CXUS53 KSGF 010800
CF6SGF
PRELIMINARY LOCAL CLIMATOLOGICAL DATA (WS FORM: F-6)

                                          STATION:   SPRINGFIELD MO
                                          MONTH:     MARCH
                                          YEAR:      2016
                                          LATITUDE:   37 13 N
                                          LONGITUDE:  93 23 W

  TEMPERATURE IN F:       :PCPN:    SNOW:  WIND      :SUNSHINE: SKY     :PK WND
================================================================================
1   2   3   4   5  6A  6B    7    8   9   10  11  12  13   14  15   16   17  18
                                     12Z  AVG MX 2MIN
DY MAX MIN AVG DEP HDD CDD  WTR  SNW DPTH SPD SPD DIR MIN PSBL S-S WX    SPD DR
================================================================================

 1  57  27  42   0  23   0 0.17  0.0    0 12.3 25 330   M    M   3 3      31 280
 2  59  24  42   0  23   0 0.00  0.0    0 13.1 25 150   M    M   2        31 150
 3  60  39  50   8  15   0    T  0.0    0 10.9 23 150   M    M   4        32 130
 4  64  28  46   3  19   0 0.00  0.0    0  6.5 14 180   M    M   0 128    17 200
 5  67  39  53  10  12   0 0.00  0.0    0  7.1 18 320   M    M   0        23 320
 6  72  41  57  14   8   0 0.00  0.0    0 18.3 30 190   M    M   1        37 170
 7  69  58  64  20   1   0 0.00  0.0    0 18.4 28 200   M    M   6        35 200
 8  67  54  61  17   4   0 0.96  0.0    0 14.4 29 150   M    M   8 1      39 160
 9  64  49  57  13   8   0 0.03  0.0    0  6.1 10  20   M    M   7 1      13 150
10  56  41  49   5  16   0 0.10  0.0    0  8.7 22  40   M    M   7 1      27  50
11  62  41  52   7  13   0 0.02  0.0    0  9.9 17  90   M    M   7        22 100
12  60  50  55  10  10   0 0.12  0.0    0  8.0 20 160   M    M  10 1      23 160
13  70  54  62  16   3   0 0.45  0.0    0  5.9 22 140   M    M   9 123    25 140
14  74  49  62  16   3   0 0.00  0.0    0  7.0 16 150   M    M   4 12     20 150
15  80  47  64  18   1   0 0.00  0.0    0 15.0 26 280   M    M   2        40 320
16  61  41  51   5  14   0 0.00  0.0    0  9.1 22 290   M    M   3        32 280
17  63  41  52   5  13   0 0.00  0.0    0  5.8 14 330   M    M   3        19 340
18  53  36  45  -2  20   0    T  0.0    0 12.8 25  20   M    M   9        30  20
19  48  30  39  -8  26   0 0.00  0.0    0 10.4 25 330   M    M   6        33 330
20  48  28  38 -10  27   0    T    T    0  9.6 20 340   M    M   7        25 360
21  61  26  44  -4  21   0 0.00  0.0    0 11.7 24 190   M    M   0        29 210
22  76  43  60  12   5   0 0.00  0.0    0 20.8 36 200   M    M   0        43 190
23  76  57  67  19   0   2 0.04  0.0    0 22.6 32 200   M    M   2 3      40 180
24  61  36  49   0  16   0 0.01  0.0    0 15.6 26 290   M    M   8 8      37 270
25  60  27  44  -5  21   0 0.00  0.0    0  7.0 20 140   M    M   2        24 140
26  68  38  53   4  12   0 0.00  0.0    0 11.8 20 140   M    M   0        24 140
27  53  32  43  -7  22   0 0.20  0.0    0  8.9 21 330   M    M   4 18     25 320
28  65  26  46  -4  19   0 0.00  0.0    0  5.7 13 140   M    M   0 1      18 120
29  69  41  55   5  10   0 0.00  0.0    0 16.6 26 140   M    M   0 8      34 150
30  72  55  64  13   1   0 0.80  0.0    0 18.2 29 170   M    M   7 138    37 170
31  62  43  53   2  12   0 0.04    M    0 12.8 24 280   M    M   5 1      31 280
================================================================================
SM 1977 1241       398   2  2.94    T    361.0          M      126
================================================================================
AV 63.8 40.0                              11.6 FASTST   M    M   4    MAX(MPH)
                                 MISC ---->  # 36 200               # 43  190
================================================================================
NOTES:
# LAST OF SEVERAL OCCURRENCES

COLUMN 17 PEAK WIND IN M.P.H.

PRELIMINARY LOCAL CLIMATOLOGICAL DATA (WS FORM: F-6) , PAGE 2

                                          STATION:  SPRINGFIELD MO
                                          MONTH:    MARCH
                                          YEAR:     2016
                                          LATITUDE:   37 13 N
                                          LONGITUDE:  93 23 W

[TEMPERATURE DATA]      [PRECIPITATION DATA]       SYMBOLS USED IN COLUMN 16

AVERAGE MONTHLY: 51.9   TOTAL FOR MONTH:   2.94    1 = FOG OR MIST
DPTR FM NORMAL:   5.6   DPTR FM NORMAL:   -0.68    2 = FOG REDUCING VISIBILITY
HIGHEST:    80 ON 15    GRTST 24HR  0.96 ON  8- 8      TO 1/4 MILE OR LESS
LOWEST:     24 ON  2                               3 = THUNDER
                        SNOW, ICE PELLETS, HAIL    4 = ICE PELLETS
                        TOTAL MONTH:    T          5 = HAIL
                        GRTST 24HR    T  ON 20-20  6 = FREEZING RAIN OR DRIZZLE
                        GRTST DEPTH:   0           7 = DUSTSTORM OR SANDSTORM:
                                                       VSBY 1/2 MILE OR LESS
                                                   8 = SMOKE OR HAZE
[NO. OF DAYS WITH]      [WEATHER - DAYS WITH]      9 = BLOWING SNOW
                                                   X = TORNADO
MAX 32 OR BELOW:   0    0.01 INCH OR MORE:  12
MAX 90 OR ABOVE:   0    0.10 INCH OR MORE:   7
MIN 32 OR BELOW:   9    0.50 INCH OR MORE:   2
MIN  0 OR BELOW:   0    1.00 INCH OR MORE:   0

[HDD (BASE 65) ]
TOTAL THIS MO.   398    CLEAR  (SCALE 0-3)  13
DPTR FM NORMAL  -183    PTCLDY (SCALE 4-7)  14
TOTAL FM JUL 1  3311    CLOUDY (SCALE 8-10)  4
DPTR FM NORMAL  -863

[CDD (BASE 65) ]
TOTAL THIS MO.     2
DPTR FM NORMAL    -1    [PRESSURE DATA]
TOTAL FM JAN 1     2    HIGHEST SLP M ON M
DPTR FM NORMAL    -1    LOWEST  SLP 29.45 ON 31

[REMARKS]
#FINAL-03-16#
