000
CXUS53 KSGF 010800
CF6SGF
PRELIMINARY LOCAL CLIMATOLOGICAL DATA (WS FORM: F-6)

                                          STATION:   SPRINGFIELD MO
                                          MONTH:     OCTOBER
                                          YEAR:      2016
                                          LATITUDE:   37 13 N
                                          LONGITUDE:  93 23 W

  TEMPERATURE IN F:       :PCPN:    SNOW:  WIND      :SUNSHINE: SKY     :PK WND
================================================================================
1   2   3   4   5  6A  6B    7    8   9   10  11  12  13   14  15   16   17  18
                                     12Z  AVG MX 2MIN
DY MAX MIN AVG DEP HDD CDD  WTR  SNW DPTH SPD SPD DIR MIN PSBL S-S WX    SPD DR
================================================================================

 1  74  48  61  -2   4   0 0.00  0.0    0  3.0 13 350   M    M   1 18     15  10
 2  80  53  67   5   0   2 0.00  0.0    0  4.6 12  50   M    M   0 8      14  60
 3  81  57  69   7   0   4 0.00  0.0    0 10.4 17 140   M    M   0        21 130
 4  83  60  72  10   0   7 0.01  0.0    0 16.3 26 150   M    M   0 3      36 140
 5  81  61  71  10   0   6 0.76  0.0    0 12.3 23 270   M    M   5 13     32 260
 6  81  63  72  11   0   7 0.06  0.0    0 11.3 32 310   M    M   3 18     45 320
 7  64  46  55  -5  10   0    T  0.0    0  8.8 26 320   M    M   5 12     35 320
 8  72  40  56  -4   9   0 0.00  0.0    0  3.5 13  90   M    M   0        15  90
 9  74  46  60   0   5   0 0.00  0.0    0  6.8 15 160   M    M   0        18 160
10  75  51  63   3   2   0 0.00  0.0    0 12.0 23 150   M    M   0        28 150
11  83  54  69  10   0   4 0.00  0.0    0 13.7 22 180   M    M   2        27 180
12  69  49  59   0   6   0 0.96  0.0    0 11.6 22 180   M    M   7 13     26 180
13  55  46  51  -8  14   0    T  0.0    0  8.8 16  50   M    M  10 18     20  50
14  70  54  62   4   3   0 0.81  0.0    0 11.1 23 130   M    M  10 13     26 130
15  82  62  72  14   0   7    T  0.0    0 16.1 24 190   M    M   3 1      31 190
16  87  67  77  19   0  12 0.00  0.0    0 17.2 26 160   M    M   2        35 150
17  87  68  78  20   0  13 0.00  0.0    0 19.9 33 190   M    M   0        44 190
18  81  64  73  16   0   8 0.00  0.0    0  9.0 21 180   M    M   3        27 190
19  83  58  71  14   0   6 1.17  0.0    0  7.7 17 340   M    M   9 13     20 340
20  63  43  53  -4  12   0 0.00  0.0    0 12.8 26 350   M    M   5 1      31 350
21  63  37  50  -6  15   0 0.00  0.0    0  2.5 12 360   M    M   0        14  10
22  75  43  59   3   6   0 0.00  0.0    0  8.1 17 200   M    M   0        21 190
23  80  48  64   8   1   0 0.00  0.0    0  8.6 21 210   M    M   0        25 210
24  77  52  65  10   0   0 0.00  0.0    0  5.5 14 150   M    M   0        18 140
25  75  55  65  10   0   0 0.00  0.0    0 13.0 18 160   M    M   0        22 150
26  70  58  64   9   1   0 0.03  0.0    0  8.9 16 220   M    M   3 1      22 200
27  75  56  66  12   0   1 0.00  0.0    0  3.4 10 150   M    M   5 18     14 170
28  80  59  70  16   0   5 0.00  0.0    0 12.1 21 190   M    M   0 1      26 200
29  81  60  71  17   0   6 0.00  0.0    0 12.9 25 220   M    M   0        31 220
30  73  57  65  12   0   0 0.00  0.0    0  8.1 16 340   M    M   5 1      19 340
31  82  58  70  17   0   5 0.00  0.0    0 11.0 24 200   M    M   4 1      30 210
================================================================================
SM 2356 1673        88  93  3.80     0.0 311.0          M       82
================================================================================
AV 76.0 54.0                              10.0 FASTST   M    M   3    MAX(MPH)
                                 MISC ---->  # 33 190               # 45  320
================================================================================
NOTES:
# LAST OF SEVERAL OCCURRENCES

COLUMN 17 PEAK WIND IN M.P.H.

PRELIMINARY LOCAL CLIMATOLOGICAL DATA (WS FORM: F-6) , PAGE 2

                                          STATION:  SPRINGFIELD MO
                                          MONTH:    OCTOBER
                                          YEAR:     2016
                                          LATITUDE:   37 13 N
                                          LONGITUDE:  93 23 W

[TEMPERATURE DATA]      [PRECIPITATION DATA]       SYMBOLS USED IN COLUMN 16

AVERAGE MONTHLY: 65.0   TOTAL FOR MONTH:   3.80    1 = FOG OR MIST
DPTR FM NORMAL:   7.2   DPTR FM NORMAL:    0.21    2 = FOG REDUCING VISIBILITY
HIGHEST:    87 ON 17,16 GRTST 24HR  1.17 ON 18-19      TO 1/4 MILE OR LESS
LOWEST:     37 ON 21                               3 = THUNDER
                        SNOW, ICE PELLETS, HAIL    4 = ICE PELLETS
                        TOTAL MONTH:   0.0 INCH    5 = HAIL
                        GRTST 24HR     0.0         6 = FREEZING RAIN OR DRIZZLE
                        GRTST DEPTH:   0           7 = DUSTSTORM OR SANDSTORM:
                                                       VSBY 1/2 MILE OR LESS
                                                   8 = SMOKE OR HAZE
[NO. OF DAYS WITH]      [WEATHER - DAYS WITH]      9 = BLOWING SNOW
                                                   X = TORNADO
MAX 32 OR BELOW:   0    0.01 INCH OR MORE:   7
MAX 90 OR ABOVE:   0    0.10 INCH OR MORE:   4
MIN 32 OR BELOW:   0    0.50 INCH OR MORE:   4
MIN  0 OR BELOW:   0    1.00 INCH OR MORE:   1

[HDD (BASE 65) ]
TOTAL THIS MO.    88    CLEAR  (SCALE 0-3)  17
DPTR FM NORMAL  -165    PTCLDY (SCALE 4-7)  11
TOTAL FM JUL 1   102    CLOUDY (SCALE 8-10)  3
DPTR FM NORMAL  -206

[CDD (BASE 65) ]
TOTAL THIS MO.    93
DPTR FM NORMAL    65    [PRESSURE DATA]
TOTAL FM JAN 1  1791    HIGHEST SLP M ON M
DPTR FM NORMAL   404    LOWEST  SLP 29.55 ON 17

[REMARKS]
#FINAL-10-16#
