000
CXUS53 KSGF 010800
CF6SGF
PRELIMINARY LOCAL CLIMATOLOGICAL DATA (WS FORM: F-6)

                                          STATION:   SPRINGFIELD MO
                                          MONTH:     JUNE
                                          YEAR:      2014
                                          LATITUDE:   37 13 N
                                          LONGITUDE:  93 23 W

  TEMPERATURE IN F:       :PCPN:    SNOW:  WIND      :SUNSHINE: SKY     :PK WND
================================================================================
1   2   3   4   5  6A  6B    7    8   9   10  11  12  13   14  15   16   17  18
                                     12Z  AVG MX 2MIN
DY MAX MIN AVG DEP HDD CDD  WTR  SNW DPTH SPD SPD DIR MIN PSBL S-S WX    SPD DR
================================================================================

 1  82  68  75   5   0  10 0.00  0.0    0 12.4 21 170   M    M   4        28 160
 2  84  65  75   5   0  10 0.33  0.0    0  7.4 16 180   M    M   4 1      24 310
 3  88  68  78   8   0  13 0.00  0.0    0  9.2 17 170   M    M   1 1      22 160
 4  87  69  78   8   0  13 0.76  0.0    0 10.2 22 170   M    M   4 13     26 180
 5  80  65  73   2   0   8 1.36  0.0    0  7.3 37 230   M    M   2 13     50 230
 6  78  67  73   2   0   8 0.61  0.0    0  7.9 25 170   M    M   6 13     37 150
 7  81  63  72   1   0   7 0.30  0.0    0 12.1 25 240   M    M   4 13     35 240
 8  70  61  66  -6   0   1 0.12  0.0    0  6.6 15  40   M    M   4 1      18  40
 9  70  61  66  -6   0   1 0.17  0.0    0  9.7 18 130   M    M  10 13     24 140
10  75  57  66  -6   0   1 0.16  0.0    0  6.6 17 340   M    M   6 12     22 310
11  78  63  71  -1   0   6 0.01  0.0    0  5.0 14 320   M    M   6 1      17 280
12  74  60  67  -6   0   2 0.03  0.0    0  7.8 25  30   M    M   5 13     29  30
13  78  57  68  -5   0   3 0.00  0.0    0  5.6 13  30   M    M   3 12     17  30
14  81  58  70  -3   0   5 0.00  0.0    0 16.9 28 160   M    M   0        35 150
15  81  65  73  -1   0   8 0.37  0.0    0 11.2 35 150   M    M   6 138    40 140
16  89  72  81   7   0  16 0.00  0.0    0 16.8 26 180   M    M   2        36 160
17  87  72  80   6   0  15 0.00  0.0    0 16.7 28 190   M    M   1        35 200
18  88  72  80   6   0  15 0.00  0.0    0 13.7 24 180   M    M   1        31 190
19  87  71  79   5   0  14 0.00  0.0    0 12.7 26 210   M    M   1        32 200
20  89  70  80   5   0  15 0.00  0.0    0  7.1 16 220   M    M   1        20 230
21  91  69  80   5   0  15 0.00  0.0    0  7.9 17 130   M    M   1        21 140
22  89  68  79   4   0  14 0.00  0.0    0  7.7 15 220   M    M   1        18 240
23  78  68  73  -3   0   8 1.23  0.0    0  6.9 15 340   M    M   7 123    20 260
24  84  67  76   0   0  11 0.00  0.0    0  6.1 15 340   M    M   4 1      18 340
25  82  66  74  -2   0   9 0.17  0.0    0  7.2 15 150   M    M   3 1      19 260
26  85  66  76   0   0  11 0.02  0.0    0 10.0 17 180   M    M   2        24 150
27  84  69  77   1   0  12 0.00  0.0    0 13.9 21 170   M    M   3        27 170
28  81  68  75  -1   0  10 0.28  0.0    0 14.2 24 180   M    M   4 13     34 180
29  90  69  80   3   0  15 0.31  0.0    0  9.4 18 200   M    M   4 13     22 190
30  91  74  83   6   0  18 0.00  0.0    0 14.4 24 190   M    M   0        32 200
================================================================================
SM 2482 1988         0 294  6.23     0.0 300.6          M      100
================================================================================
AV 82.7 66.3                              10.0 FASTST   M    M   3    MAX(MPH)
                                 MISC ---->  # 37 230               # 50  230
================================================================================
NOTES:
# LAST OF SEVERAL OCCURRENCES

COLUMN 17 PEAK WIND IN M.P.H.

PRELIMINARY LOCAL CLIMATOLOGICAL DATA (WS FORM: F-6) , PAGE 2

                                          STATION:  SPRINGFIELD MO
                                          MONTH:    JUNE
                                          YEAR:     2014
                                          LATITUDE:   37 13 N
                                          LONGITUDE:  93 23 W

[TEMPERATURE DATA]      [PRECIPITATION DATA]       SYMBOLS USED IN COLUMN 16

AVERAGE MONTHLY: 74.5   TOTAL FOR MONTH:   6.23    1 = FOG OR MIST
DPTR FM NORMAL:   1.1   DPTR FM NORMAL:    1.38    2 = FOG REDUCING VISIBILITY
HIGHEST:    91 ON 30,21 GRTST 24HR  2.09 ON  4- 5      TO 1/4 MILE OR LESS
LOWEST:     57 ON 13,10                            3 = THUNDER
                        SNOW, ICE PELLETS, HAIL    4 = ICE PELLETS
                        TOTAL MONTH:   0.0 INCH    5 = HAIL
                        GRTST 24HR     0.0         6 = FREEZING RAIN OR DRIZZLE
                        GRTST DEPTH:   0           7 = DUSTSTORM OR SANDSTORM:
                                                       VSBY 1/2 MILE OR LESS
                                                   8 = SMOKE OR HAZE
[NO. OF DAYS WITH]      [WEATHER - DAYS WITH]      9 = BLOWING SNOW
                                                   X = TORNADO
MAX 32 OR BELOW:   0    0.01 INCH OR MORE:  16
MAX 90 OR ABOVE:   3    0.10 INCH OR MORE:  13
MIN 32 OR BELOW:   0    0.50 INCH OR MORE:   4
MIN  0 OR BELOW:   0    1.00 INCH OR MORE:   2

[HDD (BASE 65) ]
TOTAL THIS MO.     0    CLEAR  (SCALE 0-3)  15
DPTR FM NORMAL    -9    PTCLDY (SCALE 4-7)  14
TOTAL FM JUL 1  5020    CLOUDY (SCALE 8-10)  1
DPTR FM NORMAL   442

[CDD (BASE 65) ]
TOTAL THIS MO.   294
DPTR FM NORMAL    31    [PRESSURE DATA]
TOTAL FM JAN 1   487    HIGHEST SLP M ON M
DPTR FM NORMAL   109    LOWEST  SLP 29.65 ON M

[REMARKS]
#FINAL-06-14#
