000
CXUS53 KSGF 010800
CF6SGF
PRELIMINARY LOCAL CLIMATOLOGICAL DATA (WS FORM: F-6)

                                          STATION:   SPRINGFIELD MO
                                          MONTH:     NOVEMBER
                                          YEAR:      2011
                                          LATITUDE:   37 13 N
                                          LONGITUDE:  93 23 W

  TEMPERATURE IN F:       :PCPN:    SNOW:  WIND      :SUNSHINE: SKY     :PK WND
================================================================================
1   2   3   4   5  6A  6B    7    8   9   10  11  12  13   14  15   16   17  18
                                     12Z  AVG MX 2MIN
DY MAX MIN AVG DEP HDD CDD  WTR  SNW DPTH SPD SPD DIR MIN PSBL S-S WX    SPD DR
================================================================================

 1  73  47  60   8   5   0 0.00  0.0    0 14.8 25 200   M    M   0        32 190
 2  71  43  57   5   8   0 0.41  0.0    0 15.0 28 190   M    M   3 1      37 260
 3  46  33  40 -12  25   0 0.10    T    0 14.2 28 290   M    M   9 1      36 280
 4  59  33  46  -5  19   0 0.00  0.0    0   M   M   M   M    M   1         M  M
 5  59  44  52   1  13   0 0.00  0.0    0 18.6 30 150   M    M   5        39 150
 6  62  51  57   7   8   0 0.01  0.0    0 15.0 24 160   M    M   7        31 160
 7  65  55  60  10   5   0 1.56  0.0    0 12.9 23 150   M    M   9 1      31 150
 8  63  49  56   6   9   0 1.51    M    0 15.0 28 240   M    M   9 138    33 290
 9  52  36  44  -5  21   0    T    M    0 14.0 28 260   M    M   5 1      35 360
10  51  32  42  -7  23   0 0.00  0.0    0  7.5 20 280   M    M   0        26 280
11  65  33  49   1  16   0 0.00  0.0    0 14.7 31 220   M    M   0         M  M
12  59  45  52   4  13   0 0.00  0.0    0 16.9 33 180   M    M   0        40 170
13  71  57  64  17   1   0 0.00  0.0    0 15.6 31 210   M    M   0        38 240
14  70  50  60  13   5   0 0.02  0.0    0 14.0 28 240   M    M   3        36 240
15  63  49  56  10   9   0 0.01    M    0  6.6 17 160   M    M   6 1      36 180
16  49  31  40  -6  25   0 0.01    T    0 12.6 25  30   M    M   3 68     33  30
17  46  24  35 -10  30   0 0.00  0.0    0  5.7 13 170   M    M   0        21 160
18  58  32  45   0  20   0 0.00  0.0    0 19.2 30 180   M    M   0        38 180
19  67  45  56  12   9   0 0.06  0.0    0 17.9 31 180   M    M   7 1      40 180
20  48  36  42  -2  23   0 0.05    M    0  9.0 16  30   M    M  10 1      23  10
21  45  36  41  -2  24   0 0.66  0.0    0  5.9 15  20   M    M  10 12     17  10
22  48  43  46   3  19   0 0.40  0.0    0  9.2 17 350   M    M  10 1      39  30
23  54  42  48   6  17   0 0.00  0.0    0   M   M   M   M    M   6 1       M  M
24  58  43  51   9  14   0 0.00  0.0    0 12.4 20 150   M    M   5 1      24 150
25  62  41  52  10  13   0 0.00  0.0    0 17.0 26 170   M    M   1        32 180
26  58  38  48   7  17   0 0.49  0.0    0 16.4 29 340   M    M  10 1      35 350
27  38  32  35  -6  30   0 0.00  0.0    0 15.8 24 340   M    M  10        29 340
28  38  27  33  -7  32   0 0.00  0.0    0 10.5 28 330   M    M   7        30 330
29  47  27  37  -3  28   0 0.00  0.0    0 12.5 24 340   M    M   0        66 220
30  49  17  33  -6  32   0 0.00  0.0    0  5.6 14 150   M    M   0        17 190
================================================================================
SM 1694 1171       513   0  5.29    T    364.5          M      136
================================================================================
AV 56.5 39.0                              13.0 FASTST   M    M   5    MAX(MPH)
                                 MISC ---->  # 33 180               # 66  220
================================================================================
NOTES:
# LAST OF SEVERAL OCCURRENCES

COLUMN 17 PEAK WIND IN M.P.H.

PRELIMINARY LOCAL CLIMATOLOGICAL DATA (WS FORM: F-6) , PAGE 2

                                          STATION:  SPRINGFIELD MO
                                          MONTH:    NOVEMBER
                                          YEAR:     2011
                                          LATITUDE:   37 13 N
                                          LONGITUDE:  93 23 W

[TEMPERATURE DATA]      [PRECIPITATION DATA]       SYMBOLS USED IN COLUMN 16

AVERAGE MONTHLY: 47.8   TOTAL FOR MONTH:   5.29    1 = FOG OR MIST
DPTR FM NORMAL:   1.7   DPTR FM NORMAL:    1.07    2 = FOG REDUCING VISIBILITY
HIGHEST:    73 ON  1    GRTST 24HR  1.57 ON  6- 7      TO 1/4 MILE OR LESS
LOWEST:     17 ON 30                               3 = THUNDER
                        SNOW, ICE PELLETS, HAIL    4 = ICE PELLETS
                        TOTAL MONTH:    T          5 = HAIL
                        GRTST 24HR    T  ON 16-16  6 = FREEZING RAIN OR DRIZZLE
                        GRTST DEPTH:   0           7 = DUSTSTORM OR SANDSTORM:
                                                       VSBY 1/2 MILE OR LESS
                                                   8 = SMOKE OR HAZE
[NO. OF DAYS WITH]      [WEATHER - DAYS WITH]      9 = BLOWING SNOW
                                                   X = TORNADO
MAX 32 OR BELOW:   0    0.01 INCH OR MORE:  13
MAX 90 OR ABOVE:   0    0.10 INCH OR MORE:   7
MIN 32 OR BELOW:   8    0.50 INCH OR MORE:   3
MIN  0 OR BELOW:   0    1.00 INCH OR MORE:   2

[HDD (BASE 65) ]
TOTAL THIS MO.   513    CLEAR  (SCALE 0-3)  14
DPTR FM NORMAL   -58    PTCLDY (SCALE 4-7)   8
TOTAL FM JUL 1   857    CLOUDY (SCALE 8-10)  8
DPTR FM NORMAL   -22

[CDD (BASE 65) ]
TOTAL THIS MO.     0
DPTR FM NORMAL    -2    [PRESSURE DATA]
TOTAL FM JAN 1  1818    HIGHEST SLP M ON M
DPTR FM NORMAL   429    LOWEST  SLP 29.54 ON 13

[REMARKS]
#FINAL-11-11#
