000
CXUS53 KSGF 271514
CF6SGF
PRELIMINARY LOCAL CLIMATOLOGICAL DATA (WS FORM: F-6)

                                          STATION:   SPRINGFIELD MO
                                          MONTH:     FEBRUARY
                                          YEAR:      2012
                                          LATITUDE:   37 13 N
                                          LONGITUDE:  93 23 W

  TEMPERATURE IN F:       :PCPN:    SNOW:  WIND      :SUNSHINE: SKY     :PK WND
================================================================================
1   2   3   4   5  6A  6B    7    8   9   10  11  12  13   14  15   16   17  18
                                     12Z  AVG MX 2MIN
DY MAX MIN AVG DEP HDD CDD  WTR  SNW DPTH SPD SPD DIR MIN PSBL S-S WX    SPD DR
================================================================================

 1  62  33  48  14  17   0 0.00  0.0    0  5.1 14 340   M    M   1 18     28  40
 2  62  30  46  12  19   0 0.00  0.0    0 11.3 24 140   M    M   0        31 130
 3  51  45  48  14  17   0 0.95  0.0    0 17.6 35 140   M    M   6 1      40 140
 4  52  36  44  10  21   0    T  0.0    0 12.4 21 280   M    M  10 1      25 280
 5  46  26  36   1  29   0 0.00  0.0    0  8.0 16 320   M    M   7 1      21 290
 6  50  22  36   1  29   0 0.00  0.0    0  2.6 12 280   M    M   0        15 270
 7  46  26  36   1  29   0 0.03  0.0    0  4.7 14 340   M    M   7 1      18  10
 8  35  31  33  -2  32   0    T    T    0  6.8 16 350   M    M  10 1      17 350
 9  40  31  36   0  29   0 0.01    T    0  4.0 13 190   M    M  10        14 180
10  37  15  26 -10  39   0 0.08  0.0    0 11.6 25 340   M    M   7 18     31 340
11  27  10  19 -17  46   0 0.00  0.0    0 11.9 23 350   M    M   1         M  M
12  37  10  24 -12  41   0 0.00  0.0    0   M   M   M   M    M   2         M  M
13  33  26  30  -6  35   0 0.11  1.7    1 13.3  M 150   M    M  10 16      M  M
14  46  32  39   2  26   0 0.00  0.0    0  9.1 22 160   M    M   7 1      26 150
15  48  36  42   5  23   0 0.51  0.0    0 11.3 24 140   M    M   7 13     29 140
16  52  29  41   4  24   0 0.00  0.0    0  5.6 18 340   M    M   5 128    22 340
17  56  31  44   6  21   0    T  0.0    0  6.9 16 160   M    M   1 8      20 160
18  47  36  42   4  23   0 0.02  0.0    0   M   M   M   M    M   8 18      M  M
19  51  30  41   3  24   0 0.00  0.0    0   M   M   M   M    M   2         M  M
20  55  34  45   6  20   0 0.16  0.0    0 19.0 32 160   M    M   3 1      43 230
21  56  34  45   6  20   0 0.00  0.0    0   M   M   M   M    M   4         M  M
22  67  31  49  10  16   0 0.00  0.0    0 10.1 25 260   M    M   0        33 260
23  68  40  54  14  11   0 0.00  0.0    0 12.7 25 320   M    M   1        35 320
24  47  29  38  -2  27   0 0.00  0.0    0 13.8 26 310   M    M   3        36 310
25  50  26  38  -2  27   0 0.00  0.0    0  7.7 18 150   M    M   1        23 170
26  63  37  50   9  15   0 0.00  0.0    0 14.4 29 200   M    M   1         M  M
27  57  37  47   6  18   0 0.00  0.0    0  8.9 17  40   M    M   1        21  40
28  67  42  55  14  10   0 0.01  0.0    0 18.0 30 150   M    M   7 1      38 140
29  64  37  51  10  14   0 0.49  0.0    0 12.5 39 280   M    M   1 1      52 290
================================================================================
SM 1472  882       702   0  2.37     1.7 259.3          M      123
================================================================================
AV 50.8 30.4                              10.4 FASTST   M    M   4    MAX(MPH)
                                 MISC ---->  # 39 280               # 52  290
================================================================================
NOTES:
# LAST OF SEVERAL OCCURRENCES

COLUMN 17 PEAK WIND IN M.P.H.

PRELIMINARY LOCAL CLIMATOLOGICAL DATA (WS FORM: F-6) , PAGE 2

                                          STATION:  SPRINGFIELD MO
                                          MONTH:    FEBRUARY
                                          YEAR:     2012
                                          LATITUDE:   37 13 N
                                          LONGITUDE:  93 23 W

[TEMPERATURE DATA]      [PRECIPITATION DATA]       SYMBOLS USED IN COLUMN 16

AVERAGE MONTHLY: 40.6   TOTAL FOR MONTH:   2.37    1 = FOG OR MIST
DPTR FM NORMAL:   3.4   DPTR FM NORMAL:   -0.15    2 = FOG REDUCING VISIBILITY
HIGHEST:    68 ON 23    GRTST 24HR  0.95 ON  3- 3      TO 1/4 MILE OR LESS
LOWEST:     10 ON 12,11                            3 = THUNDER
                        SNOW, ICE PELLETS, HAIL    4 = ICE PELLETS
                        TOTAL MONTH:   1.7 INCHES  5 = HAIL
                        GRTST 24HR   1.7 ON   M    6 = FREEZING RAIN OR DRIZZLE
                        GRTST DEPTH:   1 ON 13     7 = DUSTSTORM OR SANDSTORM:
                                                       VSBY 1/2 MILE OR LESS
                                                   8 = SMOKE OR HAZE
[NO. OF DAYS WITH]      [WEATHER - DAYS WITH]      9 = BLOWING SNOW
                                                   X = TORNADO
MAX 32 OR BELOW:   1    0.01 INCH OR MORE:  10
MAX 90 OR ABOVE:   0    0.10 INCH OR MORE:   5
MIN 32 OR BELOW:  17    0.50 INCH OR MORE:   2
MIN  0 OR BELOW:   0    1.00 INCH OR MORE:   0

[HDD (BASE 65) ]
TOTAL THIS MO.   702    CLEAR  (SCALE 0-3)  14
DPTR FM NORMAL   -78    PTCLDY (SCALE 4-7)  11
TOTAL FM JUL 1  3207    CLOUDY (SCALE 8-10)  4
DPTR FM NORMAL  -410

[CDD (BASE 65) ]
TOTAL THIS MO.     0
DPTR FM NORMAL     0    [PRESSURE DATA]
TOTAL FM JAN 1     0    HIGHEST SLP 30.69 ON 11
DPTR FM NORMAL     0    LOWEST  SLP 29.23 ON 23

[REMARKS]
#FINAL-02-12#
