000
CXUS53 KSGF 010710
CF6SGF
PRELIMINARY LOCAL CLIMATOLOGICAL DATA (WS FORM: F-6)
STATION: SPRINGFIELD MO
MONTH: AUGUST
YEAR: 2021
LATITUDE: 37 13 N
LONGITUDE: 93 23 W
TEMPERATURE IN F: :PCPN: SNOW: WIND :SUNSHINE: SKY :PK WND
================================================================================
1 2 3 4 5 6A 6B 7 8 9 10 11 12 13 14 15 16 17 18
12Z AVG MX 2MIN
DY MAX MIN AVG DEP HDD CDD WTR SNW DPTH SPD SPD DIR MIN PSBL S-S WX SPD DR
================================================================================
1 84 67 76 -4 0 11 0.12 0.0 0 6.2 17 10 M M 5 138 24 20
2 83 64 74 -6 0 9 0.00 0.0 0 6.5 17 10 M M 1 8 M M
3 83 62 73 -7 0 8 0.00 0.0 0 5.2 16 70 M M 1 18 22 30
4 82 63 73 -7 0 8 0.00 0.0 0 6.8 12 70 M M 5 18 130
5 82 65 74 -6 0 9 T 0.0 0 8.3 15 150 M M 3 13 23 170
6 86 64 75 -5 0 10 0.00 0.0 0 8.1 14 160 M M 2 1 19 170
7 89 69 79 0 0 14 0.00 0.0 0 10.1 18 190 M M 0 18 23 200
8 88 70 79 0 0 14 0.23 0.0 0 11.0 20 240 M M 4 138 27 220
9 93 75 84 5 0 19 0.00 0.0 0 12.7 18 210 M M 3 24 210
10 95 76 86 7 0 21 0.00 0.0 0 12.8 24 190 M M 0 30 190
11 96 73 85 6 0 20 0.00 0.0 0 13.1 23 220 M M 0 31 210
12 96 71 84 5 0 19 T 0.0 0 12.8 36 30 M M 1 3 46 20
13 84 70 77 -2 0 12 T 0.0 0 7.4 21 180 M M 1 26 180
14 87 70 79 0 0 14 0.00 0.0 0 6.7 12 40 M M 1 19 60
15 86 63 75 -4 0 10 0.00 0.0 0 7.4 13 70 M M 1 17 80
16 87 66 77 -2 0 12 0.00 0.0 0 6.7 12 160 M M 3 16 150
17 86 68 77 -1 0 12 T 0.0 0 6.3 14 150 M M 3 19 150
18 86 67 77 -1 0 12 0.00 0.0 0 9.9 21 130 M M 1 3 26 130
19 90 72 81 3 0 16 0.00 0.0 0 7.9 17 190 M M 6 22 180
20 91 73 82 4 0 17 0.01 0.0 0 9.1 16 190 M M 4 1 22 200
21 87 68 78 0 0 13 1.04 0.0 0 7.6 24 20 M M 4 13 31 30
22 92 70 81 3 0 16 0.00 0.0 0 4.9 10 120 M M 1 14 180
23 95 75 85 8 0 20 0.00 0.0 0 8.7 16 230 M M 0 22 210
24 94 73 84 7 0 19 0.00 0.0 0 9.1 17 190 M M 0 23 180
25 94 71 83 6 0 18 0.00 0.0 0 6.4 14 180 M M 0 17 210
26 95 75 85 8 0 20 0.00 0.0 0 8.1 14 130 M M 1 18 150
27 94 74 84 8 0 19 0.00 0.0 0 9.6 16 180 M M 1 21 180
28 91 71 81 5 0 16 0.00 0.0 0 9.1 18 180 M M 2 24 170
29 88 72 80 4 0 15 T 0.0 0 6.5 15 110 M M 2 3 18 140
30 90 70 80 4 0 15 0.22 0.0 0 5.0 30 90 M M 2 3 39 90
31 89 66 78 2 0 13 0.00 0.0 0 6.2 18 330 M M 1 25 350
================================================================================
SM 2763 2153 0 451 1.62 0.0 256.2 M 59
================================================================================
AV 89.1 69.5 8.3 FASTST M M 2 MAX(MPH)
MISC ----> 36 30 46 20
================================================================================
NOTES:
# LAST OF SEVERAL OCCURRENCES
COLUMN 17 PEAK WIND IN M.P.H.
PRELIMINARY LOCAL CLIMATOLOGICAL DATA (WS FORM: F-6) , PAGE 2
STATION: SPRINGFIELD MO
MONTH: AUGUST
YEAR: 2021
LATITUDE: 37 13 N
LONGITUDE: 93 23 W
[TEMPERATURE DATA] [PRECIPITATION DATA] SYMBOLS USED IN COLUMN 16
AVERAGE MONTHLY: 79.3 TOTAL FOR MONTH: 1.62 1 = FOG OR MIST
DPTR FM NORMAL: 1.1 DPTR FM NORMAL: -1.97 2 = FOG REDUCING VISIBILITY
HIGHEST: 96 ON 12,11 GRTST 24HR 1.04 ON 21-21 TO 1/4 MILE OR LESS
LOWEST: 62 ON 3 3 = THUNDER
SNOW, ICE PELLETS, HAIL 4 = ICE PELLETS
TOTAL MONTH: 0.0 INCH 5 = HAIL
GRTST 24HR 0.0 6 = FREEZING RAIN OR DRIZZLE
GRTST DEPTH: 0 7 = DUSTSTORM OR SANDSTORM:
VSBY 1/2 MILE OR LESS
8 = SMOKE OR HAZE
[NO. OF DAYS WITH] [WEATHER - DAYS WITH] 9 = BLOWING SNOW
X = TORNADO
MAX 32 OR BELOW: 0 0.01 INCH OR MORE: 5
MAX 90 OR ABOVE: 14 0.10 INCH OR MORE: 4
MIN 32 OR BELOW: 0 0.50 INCH OR MORE: 1
MIN 0 OR BELOW: 0 1.00 INCH OR MORE: 1
[HDD (BASE 65) ]
TOTAL THIS MO. 0 CLEAR (SCALE 0-3) 24
DPTR FM NORMAL -1 PTCLDY (SCALE 4-7) 7
TOTAL FM JUL 1 0 CLOUDY (SCALE 8-10) 0
DPTR FM NORMAL 0
[CDD (BASE 65) ]
TOTAL THIS MO. 451
DPTR FM NORMAL 41 [PRESSURE DATA]
TOTAL FM JAN 1 1258 HIGHEST SLP M ON M
DPTR FM NORMAL -43 LOWEST SLP 29.67 ON 31
[REMARKS]
#FINAL-08-21#