000
CXUS53 KSGF 010800
CF6SGF
PRELIMINARY LOCAL CLIMATOLOGICAL DATA (WS FORM: F-6)

                                          STATION:   SPRINGFIELD MO
                                          MONTH:     SEPTEMBER
                                          YEAR:      2011
                                          LATITUDE:   37 13 N
                                          LONGITUDE:  93 23 W

  TEMPERATURE IN F:       :PCPN:    SNOW:  WIND      :SUNSHINE: SKY     :PK WND
================================================================================
1   2   3   4   5  6A  6B    7    8   9   10  11  12  13   14  15   16   17  18
                                     12Z  AVG MX 2MIN
DY MAX MIN AVG DEP HDD CDD  WTR  SNW DPTH SPD SPD DIR MIN PSBL S-S WX    SPD DR
================================================================================

 1 101  76  89  14   0  24 0.00  0.0    0 10.4 17 180   M    M   0        23 170
 2  99  73  86  12   0  21 0.00  0.0    0  9.4 21 130   M    M   1        26 130
 3  96  74  85  11   0  20 0.00  0.0    0  7.9 15 170   M    M   1        23 210
 4  77  59  68  -6   0   3    T  0.0    0 13.8 24  20   M    M   4 1      29 350
 5  74  53  64  -9   1   0 0.00  0.0    0 12.4 25  30   M    M   0        30  10
 6  76  45  61 -12   4   0 0.00  0.0    0  7.0 18  10   M    M   0        23  10
 7  76  44  60 -13   5   0 0.00  0.0    0  6.5 17  30   M    M   0        22 360
 8  80  46  63  -9   2   0 0.00  0.0    0  6.2 18  40   M    M   0        24  30
 9  82  52  67  -5   0   2 0.00  0.0    0  4.6 20 360   M    M   3        31 300
10  84  55  70  -1   0   5 0.07  0.0    0  4.1 17 110   M    M   3 3      32  90
11  84  53  69  -2   0   4 0.00  0.0    0  3.4 13 350   M    M   1 1      16 340
12  91  58  75   4   0  10 0.00  0.0    0  7.1 17 210   M    M   0        23 210
13  99  66  83  13   0  18 0.00  0.0    0  8.6 16 190   M    M   1        22 170
14  72  51  62  -8   3   0 0.38  0.0    0 11.7 26  20   M    M   3 1      35  20
15  61  44  53 -16  12   0    T  0.0    0 10.0 21  60   M    M   3        24  70
16  61  50  56 -13   9   0 0.03  0.0    0  7.8 16 160   M    M  10        20 130
17  61  52  57 -11   8   0 1.70  0.0    0 12.7 29 160   M    M   9 13     35 150
18  67  57  62  -6   3   0 1.19  0.0    0  9.2 25 290   M    M   7 123    36 180
19  76  53  65  -3   0   0    T  0.0    0  7.7 17  30   M    M   5 12     22  20
20  79  49  64  -3   1   0 0.00  0.0    0  4.4 12 180   M    M   0 1      17 150
21  75  55  65  -2   0   0    T  0.0    0  5.9 15 360   M    M   3        22  30
22  62  50  56 -10   9   0 0.53  0.0    0  4.9 10 330   M    M   5 1      13 330
23  72  46  59  -7   6   0 0.00  0.0    0  7.4 14 240   M    M   4 1      18 240
24  71  51  61  -4   4   0 0.08  0.0    0  5.7 20  60   M    M   5 1      28 220
25  67  45  56  -9   9   0 0.07  0.0    0  8.6 16  30   M    M   4 8      21  70
26  70  42  56  -8   9   0 0.00  0.0    0  6.3 17 280   M    M   0 1      23 310
27  77  51  64   0   1   0 0.00  0.0    0  7.3 18 280   M    M   1        30 310
28  82  53  68   4   0   3 0.00  0.0    0  5.5 13 270   M    M   0        17 260
29  85  53  69   6   0   4 0.00  0.0    0  8.9 26 360   M    M   0 18     30 340
30  70  45  58  -5   7   0 0.00  0.0    0  6.8 16 330   M    M   0        20 330
================================================================================
SM 2327 1601        93 114  4.05     0.0 232.2          M       73
================================================================================
AV 77.6 53.4                               7.7 FASTST   M    M   2    MAX(MPH)
                                 MISC ---->  # 29 160               # 36  180
================================================================================
NOTES:
# LAST OF SEVERAL OCCURRENCES

COLUMN 17 PEAK WIND IN M.P.H.

PRELIMINARY LOCAL CLIMATOLOGICAL DATA (WS FORM: F-6) , PAGE 2

                                          STATION:  SPRINGFIELD MO
                                          MONTH:    SEPTEMBER
                                          YEAR:     2011
                                          LATITUDE:   37 13 N
                                          LONGITUDE:  93 23 W

[TEMPERATURE DATA]      [PRECIPITATION DATA]       SYMBOLS USED IN COLUMN 16

AVERAGE MONTHLY: 65.5   TOTAL FOR MONTH:   4.05    1 = FOG OR MIST
DPTR FM NORMAL:  -3.5   DPTR FM NORMAL:   -0.56    2 = FOG REDUCING VISIBILITY
HIGHEST:   101 ON  1    GRTST 24HR  2.01 ON 17-18      TO 1/4 MILE OR LESS
LOWEST:     42 ON 26                               3 = THUNDER
                        SNOW, ICE PELLETS, HAIL    4 = ICE PELLETS
                        TOTAL MONTH:   0.0 INCH    5 = HAIL
                        GRTST 24HR     0.0         6 = FREEZING RAIN OR DRIZZLE
                        GRTST DEPTH:   0           7 = DUSTSTORM OR SANDSTORM:
                                                       VSBY 1/2 MILE OR LESS
                                                   8 = SMOKE OR HAZE
[NO. OF DAYS WITH]      [WEATHER - DAYS WITH]      9 = BLOWING SNOW
                                                   X = TORNADO
MAX 32 OR BELOW:   0    0.01 INCH OR MORE:   8
MAX 90 OR ABOVE:   5    0.10 INCH OR MORE:   4
MIN 32 OR BELOW:   0    0.50 INCH OR MORE:   3
MIN  0 OR BELOW:   0    1.00 INCH OR MORE:   2

[HDD (BASE 65) ]
TOTAL THIS MO.    93    CLEAR  (SCALE 0-3)  20
DPTR FM NORMAL    40    PTCLDY (SCALE 4-7)   8
TOTAL FM JUL 1    93    CLOUDY (SCALE 8-10)  2
DPTR FM NORMAL    38

[CDD (BASE 65) ]
TOTAL THIS MO.   114
DPTR FM NORMAL   -59    [PRESSURE DATA]
TOTAL FM JAN 1  1792    HIGHEST SLP 30.03 ON 10
DPTR FM NORMAL   433    LOWEST  SLP 29.78 ON 25

[REMARKS]
#FINAL-09-11#
