000
CXUS53 KSGF 010800
CF6SGF
PRELIMINARY LOCAL CLIMATOLOGICAL DATA (WS FORM: F-6)

                                          STATION:   SPRINGFIELD MO
                                          MONTH:     OCTOBER
                                          YEAR:      2011
                                          LATITUDE:   37 13 N
                                          LONGITUDE:  93 23 W

  TEMPERATURE IN F:       :PCPN:    SNOW:  WIND      :SUNSHINE: SKY     :PK WND
================================================================================
1   2   3   4   5  6A  6B    7    8   9   10  11  12  13   14  15   16   17  18
                                     12Z  AVG MX 2MIN
DY MAX MIN AVG DEP HDD CDD  WTR  SNW DPTH SPD SPD DIR MIN PSBL S-S WX    SPD DR
================================================================================

 1  69  39  54  -9  11   0 0.00  0.0    0  3.1 12  40   M    M   0        14  30
 2  72  40  56  -6   9   0 0.00  0.0    0  3.5 12 150   M    M   0        15 160
 3  77  43  60  -2   5   0 0.00  0.0    0  4.6  7 160   M    M   0         M  M
 4  79  47  63   1   2   0 0.00  0.0    0  5.5  9 150   M    M   0        13 160
 5  78  50  64   3   1   0 0.00  0.0    0  9.6 16 150   M    M   0        21 150
 6  81  56  69   8   0   4 0.00  0.0    0 13.9 21 130   M    M   0        25 130
 7  80  61  71  11   0   6 0.00  0.0    0 16.3 25 140   M    M   0        33 140
 8  79  61  70  10   0   5 0.00  0.0    0 13.3 21 180   M    M   0        25 140
 9  77  58  68   8   0   3 0.00  0.0    0 12.7 24 140   M    M   1        30 130
10  75  56  66   6   0   1 0.03  0.0    0  7.0 25 170   M    M   3 1       0   0
11  71  55  63   4   2   0 0.15  0.0    0  5.6 12 150   M    M   5 1      14 150
12  70  57  64   5   1   0 0.39  0.0    0 10.4 20 170   M    M   5 13     24 170
13  72  49  61   2   4   0 0.00  0.0    0  9.5 25 320   M    M   1        32 330
14  73  46  60   2   5   0 0.00  0.0    0  5.3  M   M   M    M   0 8       M  M
15  73  39  56  -2   9   0 0.00  0.0    0  5.9 15 180   M    M   0        21 180
16  83  54  69  11   0   4 0.00  0.0    0 12.5 28 240   M    M   0        35 240
17  70  43  57  -1   8   0 0.48  0.0    0 12.2 29  10   M    M   1 13     40 110
18  54  38  46 -11  19   0 0.15  0.0    0   M   M   M   M    M   7 1       M  M
19  46  32  39 -18  26   0 0.00  0.0    0 12.0 23 330   M    M   7        30 330
20  52  32  42 -15  23   0 0.00  0.0    0  6.8 20 320   M    M   1        28 330
21  66  28  47  -9  18   0 0.00  0.0    0  4.5 10 240   M    M   0        13 240
22  74  40  57   1   8   0 0.00  0.0    0  3.1 10 170   M    M   0 8      13  80
23  71  48  60   4   5   0 0.00  0.0    0  7.0 13 240   M    M   0        16 260
24  77  44  61   6   4   0 0.00  0.0    0  6.9 14 170   M    M   0 12     18 170
25  80  55  68  13   0   3 0.00  0.0    0 17.3 33 210   M    M   1        41 190
26  70  47  59   4   6   0 0.08  0.0    0  9.1 16  30   M    M   9 1      18  30
27  54  44  49  -5  16   0    T  0.0    0  7.9 16  40   M    M   7        23 360
28  57  33  45  -9  20   0 0.00  0.0    0  4.9 15 320   M    M   1 8      22 340
29  62  30  46  -8  19   0 0.00  0.0    0  7.6 18 240   M    M   0        26 230
30  64  35  50  -3  15   0 0.00  0.0    0 12.6 24 250   M    M   2        31 260
31  67  33  50  -3  15   0 0.00  0.0    0  8.4 18 200   M    M   0        22 230
================================================================================
SM 2173 1393       251  26  1.28     0.0 259.0          M       51
================================================================================
AV 70.1 44.9                               8.6 FASTST   M    M   2    MAX(MPH)
                                 MISC ---->  # 33 210               # 41  190
================================================================================
NOTES:
# LAST OF SEVERAL OCCURRENCES

COLUMN 17 PEAK WIND IN M.P.H.

PRELIMINARY LOCAL CLIMATOLOGICAL DATA (WS FORM: F-6) , PAGE 2

                                          STATION:  SPRINGFIELD MO
                                          MONTH:    OCTOBER
                                          YEAR:     2011
                                          LATITUDE:   37 13 N
                                          LONGITUDE:  93 23 W

[TEMPERATURE DATA]      [PRECIPITATION DATA]       SYMBOLS USED IN COLUMN 16

AVERAGE MONTHLY: 57.5   TOTAL FOR MONTH:   1.28    1 = FOG OR MIST
DPTR FM NORMAL:  -0.3   DPTR FM NORMAL:   -2.31    2 = FOG REDUCING VISIBILITY
HIGHEST:    83 ON 16    GRTST 24HR  0.63 ON 17-18      TO 1/4 MILE OR LESS
LOWEST:     28 ON 21                               3 = THUNDER
                        SNOW, ICE PELLETS, HAIL    4 = ICE PELLETS
                        TOTAL MONTH:   0.0 INCH    5 = HAIL
                        GRTST 24HR     0.0         6 = FREEZING RAIN OR DRIZZLE
                        GRTST DEPTH:   0           7 = DUSTSTORM OR SANDSTORM:
                                                       VSBY 1/2 MILE OR LESS
                                                   8 = SMOKE OR HAZE
[NO. OF DAYS WITH]      [WEATHER - DAYS WITH]      9 = BLOWING SNOW
                                                   X = TORNADO
MAX 32 OR BELOW:   0    0.01 INCH OR MORE:   6
MAX 90 OR ABOVE:   0    0.10 INCH OR MORE:   4
MIN 32 OR BELOW:   4    0.50 INCH OR MORE:   0
MIN  0 OR BELOW:   0    1.00 INCH OR MORE:   0

[HDD (BASE 65) ]
TOTAL THIS MO.   251    CLEAR  (SCALE 0-3)  25
DPTR FM NORMAL    -2    PTCLDY (SCALE 4-7)   5
TOTAL FM JUL 1   344    CLOUDY (SCALE 8-10)  1
DPTR FM NORMAL    36

[CDD (BASE 65) ]
TOTAL THIS MO.    26
DPTR FM NORMAL    -2    [PRESSURE DATA]
TOTAL FM JAN 1  1818    HIGHEST SLP 30.23 ON 28
DPTR FM NORMAL   431    LOWEST  SLP 29.64 ON 12

[REMARKS]
#FINAL-10-11#
