000
CXUS53 KSGF 010800
CF6SGF
PRELIMINARY LOCAL CLIMATOLOGICAL DATA (WS FORM: F-6)

                                          STATION:   SPRINGFIELD MO
                                          MONTH:     JULY
                                          YEAR:      2011
                                          LATITUDE:   37 13 N
                                          LONGITUDE:  93 23 W

  TEMPERATURE IN F:       :PCPN:    SNOW:  WIND      :SUNSHINE: SKY     :PK WND
================================================================================
1   2   3   4   5  6A  6B    7    8   9   10  11  12  13   14  15   16   17  18
                                     12Z  AVG MX 2MIN
DY MAX MIN AVG DEP HDD CDD  WTR  SNW DPTH SPD SPD DIR MIN PSBL S-S WX    SPD DR
================================================================================

 1  97  74  86   9   0  21 0.00  0.0    0  9.3 15 140   M    M   1        23 200
 2  99  73  86   9   0  21 0.00  0.0    0  7.0 17 180   M    M   0        30 270
 3  98  69  84   7   0  19 0.21  0.0    0  8.1 37  40   M    M   3 138    49  20
 4  93  68  81   4   0  16 0.00  0.0    0  6.3 16 150   M    M   3 3      22 160
 5  96  71  84   6   0  19 0.00  0.0    0  5.6 10 150   M    M   2        14  40
 6  90  72  81   3   0  16 0.02  0.0    0  5.9 17  50   M    M   2 13     23  30
 7  88  69  79   1   0  14 0.28  0.0    0  8.3 23 330   M    M   3 13     31 330
 8  86  67  77  -1   0  12 0.00  0.0    0  8.3 17  70   M    M   5 12     22  60
 9  93  68  81   3   0  16 0.00  0.0    0 11.4 17 150   M    M   0 1      22 150
10 102  76  89  11   0  24 0.00  0.0    0 13.5 25 220   M    M   0 1      31 210
11 100  75  88  10   0  23 0.00  0.0    0  7.0 16 260   M    M   1        20 190
12 101  73  87   9   0  22 0.31  0.0    0  7.9 24 330   M    M   1 13     31 330
13  89  71  80   1   0  15 0.39  0.0    0  7.5 22 320   M    M   3 13     25  60
14  92  74  83   4   0  18 0.00  0.0    0  7.4 14 130   M    M   2        21 130
15  94  73  84   5   0  19 0.00  0.0    0  8.3 15 130   M    M   1        22 130
16  95  74  85   6   0  20 0.00  0.0    0  9.1 16 130   M    M   1 18     20 130
17  94  76  85   6   0  20 0.00  0.0    0  9.0 15 150   M    M   2 18     28 150
18  95  72  84   5   0  19 0.00  0.0    0  7.5 16 190   M    M   0        20 180
19  98  72  85   6   0  20 0.00  0.0    0  6.9 17 180   M    M   0        20 150
20  98  75  87   8   0  22 0.00  0.0    0   M  17 210   M    M   0         M  M
21 100  74  87   8   0  22 0.00  0.0    0  8.4 16 150   M    M   2        23 140
22  99  78  89  10   0  24 0.00  0.0    0  9.9 29 190   M    M   1        36 190
23  99  77  88   9   0  23 0.23  0.0    0  9.1 32 290   M    M   1 3      45 290
24  98  73  86   7   0  21 0.26  0.0    0  7.2 44  50   M    M   1        70  50
25  91  74  83   4   0  18 0.00  0.0    0  3.8 13 280   M    M   0        16 280
26  97  73  85   6   0  20 0.00  0.0    0  9.9 18 150   M    M   0        23 150
27 101  75  88   9   0  23 0.00  0.0    0 12.6 20 150   M    M   0        24 140
28 101  74  88   9   0  23 0.00  0.0    0 10.1 18 150   M    M   0        23 140
29 100  74  87   8   0  22 0.00  0.0    0  6.3 22 110   M    M   1        28 110
30  96  75  86   7   0  21 0.01  0.0    0  8.5 22 290   M    M   1 3      35 280
31 101  75  88   9   0  23    T  0.0    0  6.5 28  40   M    M   1 3      31  40
================================================================================
SM 2981 2264         0 616  1.71     0.0 246.6          M       38
================================================================================
AV 96.2 73.0                               8.2 FASTST   M    M   1    MAX(MPH)
                                 MISC ---->  # 44  50               # 70   50
================================================================================
NOTES:
# LAST OF SEVERAL OCCURRENCES

COLUMN 17 PEAK WIND IN M.P.H.

PRELIMINARY LOCAL CLIMATOLOGICAL DATA (WS FORM: F-6) , PAGE 2

                                          STATION:  SPRINGFIELD MO
                                          MONTH:    JULY
                                          YEAR:     2011
                                          LATITUDE:   37 13 N
                                          LONGITUDE:  93 23 W

[TEMPERATURE DATA]      [PRECIPITATION DATA]       SYMBOLS USED IN COLUMN 16

AVERAGE MONTHLY: 84.6   TOTAL FOR MONTH:   1.71    1 = FOG OR MIST
DPTR FM NORMAL:   6.1   DPTR FM NORMAL:   -1.85    2 = FOG REDUCING VISIBILITY
HIGHEST:   102 ON 10    GRTST 24HR  0.70 ON 12-13      TO 1/4 MILE OR LESS
LOWEST:     67 ON  8                               3 = THUNDER
                        SNOW, ICE PELLETS, HAIL    4 = ICE PELLETS
                        TOTAL MONTH:   0.0 INCH    5 = HAIL
                        GRTST 24HR     0.0         6 = FREEZING RAIN OR DRIZZLE
                        GRTST DEPTH:   0           7 = DUSTSTORM OR SANDSTORM:
                                                       VSBY 1/2 MILE OR LESS
                                                   8 = SMOKE OR HAZE
[NO. OF DAYS WITH]      [WEATHER - DAYS WITH]      9 = BLOWING SNOW
                                                   X = TORNADO
MAX 32 OR BELOW:   0    0.01 INCH OR MORE:   8
MAX 90 OR ABOVE:  28    0.10 INCH OR MORE:   6
MIN 32 OR BELOW:   0    0.50 INCH OR MORE:   0
MIN  0 OR BELOW:   0    1.00 INCH OR MORE:   0

[HDD (BASE 65) ]
TOTAL THIS MO.     0    CLEAR  (SCALE 0-3)  30
DPTR FM NORMAL    -1    PTCLDY (SCALE 4-7)   1
TOTAL FM JUL 1     0    CLOUDY (SCALE 8-10)  0
DPTR FM NORMAL    -1

[CDD (BASE 65) ]
TOTAL THIS MO.   616
DPTR FM NORMAL   201    [PRESSURE DATA]
TOTAL FM JAN 1  1175    HIGHEST SLP M ON M
DPTR FM NORMAL   396    LOWEST  SLP 29.73 ON  7

[REMARKS]
#FINAL-07-11#
