000
CXUS53 KSGF 010800
CF6SGF
PRELIMINARY LOCAL CLIMATOLOGICAL DATA (WS FORM: F-6)

                                          STATION:   SPRINGFIELD MO
                                          MONTH:     APRIL
                                          YEAR:      2011
                                          LATITUDE:   37 13 N
                                          LONGITUDE:  93 23 W

  TEMPERATURE IN F:       :PCPN:    SNOW:  WIND      :SUNSHINE: SKY     :PK WND
================================================================================
1   2   3   4   5  6A  6B    7    8   9   10  11  12  13   14  15   16   17  18
                                     12Z  AVG MX 2MIN
DY MAX MIN AVG DEP HDD CDD  WTR  SNW DPTH SPD SPD DIR MIN PSBL S-S WX    SPD DR
================================================================================

 1  60  34  47  -4  18   0 0.00  0.0    0  8.0 20 320   M    M   4 18     25 280
 2  72  36  54   2  11   0 0.00  0.0    0  8.0 18 160   M    M   0        22 160
 3  86  58  72  20   0   7 0.00  0.0    0 23.3 40 200   M    M   0        51 210
 4  73  37  55   3  10   0 0.06  0.0    0 16.4 38  20   M    M   7 1       M  M
 5  65  26  46  -6  19   0 0.00  0.0    0 11.6 25 240   M    M   0        31 240
 6  75  47  61   8   4   0 0.00  0.0    0 12.9 28 210   M    M   0        32 230
 7  75  48  62   9   3   0 0.00  0.0    0 10.6 22 150   M    M   3        28 150
 8  86  57  72  19   0   7 0.00  0.0    0  8.5 20 330   M    M   4 1      23 340
 9  86  61  74  20   0   9 0.06  0.0    0 16.2 25 220   M    M   0 18     32 230
10  80  63  72  18   0   7 0.16  0.0    0 15.4 31 220   M    M   5 13     44 210
11  64  49  57   3   8   0 0.09    M    0 10.5 25 330   M    M   4 3      31 330
12  69  39  54  -1  11   0 0.00  0.0    0  3.1 13 330   M    M   0        17 310
13  75  45  60   5   5   0 0.00  0.0    0  7.0 13 180   M    M   M        17 180
14  77  55  66  11   0   1 0.26  0.0    0 16.7 32 160   M    M   M 138    43 150
15  59  39  49  -6  16   0 0.65  0.0    0 17.8 36 270   M    M   M 13     48 260
16  58  37  48  -8  17   0    T  0.0    0 13.9 29 280   M    M   M        37 290
17  73  39  56   0   9   0 0.00  0.0    0 13.1 25 210   M    M   M        36 210
18  74  53  64   8   1   0 0.00  0.0    M 12.0 21 160   M    M   M        25 160
19  83  45  64   7   1   0    T    M    M 19.1 35 210   M    M   M 18     45 200
20  57  41  49  -8  16   0    T    M    M 10.3 18  30   M    M   M        22  20
21  65  47  56  -1   9   0 1.08  0.0    0 15.2 31 150   M    M   M 13     37 150
22  81  53  67   9   0   2 0.58  0.0    0 14.7 41 320   M    M   M 13     53 320
23  64  51  58   0   7   0 0.25  0.0    M  7.8 29 340   M    M   M 13      0   0
24  60  49  55  -3  10   0 2.14  0.0    0 11.6 33 140   M    M   M 13      M  M
25  58  54  56  -2   9   0 2.31  0.0    0 12.7 31 140   M    M   M 13     40 150
26  62  48  55  -4  10   0 0.14  0.0    0  9.6 21 200   M    M   M 13     26 250
27  51  43  47 -12  18   0 0.11  0.0    0 12.1 24 330   M    M   M 1      29 320
28  67  40  54  -5  11   0 0.00  0.0    0  9.3 24 280   M    M   M        30 280
29  76  43  60   0   5   0 0.00  0.0    0 14.3 26 150   M    M   M        35 160
30  71  53  62   2   3   0 0.00  0.0    0 11.9 26 160   M    M   M        35 150
================================================================================
SM 2102 1390       231  33  7.89     0.0 373.6          M       27
================================================================================
AV 70.1 46.3                              12.5 FASTST   M    M   2    MAX(MPH)
                                 MISC ---->  # 41 320               # 53  320
================================================================================
NOTES:
# LAST OF SEVERAL OCCURRENCES

COLUMN 17 PEAK WIND IN M.P.H.

PRELIMINARY LOCAL CLIMATOLOGICAL DATA (WS FORM: F-6) , PAGE 2

                                          STATION:  SPRINGFIELD MO
                                          MONTH:    APRIL
                                          YEAR:     2011
                                          LATITUDE:   37 13 N
                                          LONGITUDE:  93 23 W

[TEMPERATURE DATA]      [PRECIPITATION DATA]       SYMBOLS USED IN COLUMN 16

AVERAGE MONTHLY: 58.2   TOTAL FOR MONTH:   7.89    1 = FOG OR MIST
DPTR FM NORMAL:   2.6   DPTR FM NORMAL:    3.58    2 = FOG REDUCING VISIBILITY
HIGHEST:    86 ON  9, 8 GRTST 24HR  3.53 ON 24-25      TO 1/4 MILE OR LESS
LOWEST:     26 ON  5                               3 = THUNDER
                        SNOW, ICE PELLETS, HAIL    4 = ICE PELLETS
                        TOTAL MONTH:   0.0 INCH    5 = HAIL
                        GRTST 24HR     0.0         6 = FREEZING RAIN OR DRIZZLE
                        GRTST DEPTH:   0           7 = DUSTSTORM OR SANDSTORM:
                                                       VSBY 1/2 MILE OR LESS
                                                   8 = SMOKE OR HAZE
[NO. OF DAYS WITH]      [WEATHER - DAYS WITH]      9 = BLOWING SNOW
                                                   X = TORNADO
MAX 32 OR BELOW:   0    0.01 INCH OR MORE:  13
MAX 90 OR ABOVE:   0    0.10 INCH OR MORE:  10
MIN 32 OR BELOW:   1    0.50 INCH OR MORE:   5
MIN  0 OR BELOW:   0    1.00 INCH OR MORE:   3

[HDD (BASE 65) ]
TOTAL THIS MO.   231    CLEAR  (SCALE 0-3)   7
DPTR FM NORMAL   -69    PTCLDY (SCALE 4-7)   5
TOTAL FM JUL 1  4509    CLOUDY (SCALE 8-10)  0
DPTR FM NORMAL    15

[CDD (BASE 65) ]
TOTAL THIS MO.    33
DPTR FM NORMAL    13    [PRESSURE DATA]
TOTAL FM JAN 1    38    HIGHEST SLP 30.06 ON  2
DPTR FM NORMAL    15    LOWEST  SLP 29.30 ON  3

[REMARKS]
#FINAL-04-11#
