000
CXUS53 KSGF 010800
CF6SGF
PRELIMINARY LOCAL CLIMATOLOGICAL DATA (WS FORM: F-6)

                                          STATION:   SPRINGFIELD MO
                                          MONTH:     JUNE
                                          YEAR:      2011
                                          LATITUDE:   37 13 N
                                          LONGITUDE:  93 23 W

  TEMPERATURE IN F:       :PCPN:    SNOW:  WIND      :SUNSHINE: SKY     :PK WND
================================================================================
1   2   3   4   5  6A  6B    7    8   9   10  11  12  13   14  15   16   17  18
                                     12Z  AVG MX 2MIN
DY MAX MIN AVG DEP HDD CDD  WTR  SNW DPTH SPD SPD DIR MIN PSBL S-S WX    SPD DR
================================================================================

 1  87  67  77   7   0  12 0.00  0.0    0  6.0 13 190   M    M   4 1      17 160
 2  88  70  79   9   0  14 0.00  0.0    0  9.5 18 200   M    M   1        24 190
 3  92  71  82  12   0  17 0.00  0.0    0 11.5 21 190   M    M   0        26 200
 4  91  68  80   9   0  15 0.00  0.0    0  7.4 16 250   M    M   0 18     26 100
 5  91  65  78   7   0  13 0.00  0.0    0  5.4 13 250   M    M   0 8      16 250
 6  91  67  79   8   0  14 0.00  0.0    0  7.2 13 190   M    M   1 1      16 190
 7  91  68  80   9   0  15 0.00  0.0    0 10.5 22 190   M    M   0 18     28 190
 8  91  72  82  10   0  17 0.00  0.0    0 12.4 23 210   M    M   0        31 170
 9  90  70  80   8   0  15 0.00  0.0    0 11.8 20 170   M    M   0        25 180
10  88  68  78   6   0  13 0.02  0.0    0 10.1 23 210   M    M   2 1      29 220
11  79  65  72   0   0   7    T  0.0    0  6.8 15  30   M    M   3 13     17  30
12  84  64  74   1   0   9 0.02  0.0    0  7.5 18 130   M    M   2 13     24 270
13  92  71  82   9   0  17 0.00  0.0    0 16.5 30 150   M    M   1        37 150
14  89  70  80   7   0  15 0.13  0.0    0 14.1 40 220   M    M   0 3      51 220
15  87  63  75   2   0  10 0.20  0.0    0  7.5 23 200   M    M   2 13     29 240
16  83  62  73  -1   0   8 0.00  0.0    0 11.4 33 170   M    M   0        43 180
17  89  68  79   5   0  14    T  0.0    0 12.0 25 160   M    M   2        31 150
18  92  66  79   5   0  14 0.07  0.0    0 12.2 29 280   M    M   3 13     40 320
19  92  65  79   5   0  14 0.01  0.0    0 14.1 37 320   M    M   1 13     52 320
20  92  77  85  10   0  20 0.00  0.0    0 17.6 29 190   M    M   0        35 190
21  85  65  75   0   0  10 0.19  0.0    0 14.7 30 220   M    M   2 13     37 220
22  85  63  74  -1   0   9 0.00  0.0    0 11.3 28 280   M    M   0        36 270
23  84  58  71  -4   0   6 0.00  0.0    0  6.0 17 280   M    M   0        24 310
24  86  63  75   0   0  10 0.14  0.0    0  9.3 18 170   M    M   1 13     23 180
25  94  69  82   6   0  17 0.01  0.0    0 11.1 23 170   M    M   2 3      30 150
26  92  73  83   7   0  18    T  0.0    0 12.0 26 150   M    M   0 3      33 150
27  88  70  79   3   0  14    T  0.0    0 11.0 40  40   M    M   3 3      51  40
28  86  70  78   2   0  13 0.03  0.0    0  8.1 14  30   M    M   5         M  M
29  93  69  81   5   0  16 0.00  0.0    0 11.5 18 150   M    M   1        24 170
30  97  73  85   8   0  20 0.00  0.0    0 10.3 17 190   M    M   0        22 190
================================================================================
SM 2669 2030         0 406  0.82     0.0 316.8          M       36
================================================================================
AV 89.0 67.7                              10.6 FASTST   M    M   1    MAX(MPH)
                                 MISC ---->  # 40 220               # 52  320
================================================================================
NOTES:
# LAST OF SEVERAL OCCURRENCES

COLUMN 17 PEAK WIND IN M.P.H.

PRELIMINARY LOCAL CLIMATOLOGICAL DATA (WS FORM: F-6) , PAGE 2

                                          STATION:  SPRINGFIELD MO
                                          MONTH:    JUNE
                                          YEAR:     2011
                                          LATITUDE:   37 13 N
                                          LONGITUDE:  93 23 W

[TEMPERATURE DATA]      [PRECIPITATION DATA]       SYMBOLS USED IN COLUMN 16

AVERAGE MONTHLY: 78.3   TOTAL FOR MONTH:   0.82    1 = FOG OR MIST
DPTR FM NORMAL:   4.9   DPTR FM NORMAL:   -4.20    2 = FOG REDUCING VISIBILITY
HIGHEST:    97 ON 30    GRTST 24HR  0.33 ON 14-15      TO 1/4 MILE OR LESS
LOWEST:     58 ON 23                               3 = THUNDER
                        SNOW, ICE PELLETS, HAIL    4 = ICE PELLETS
                        TOTAL MONTH:   0.0 INCH    5 = HAIL
                        GRTST 24HR     0.0         6 = FREEZING RAIN OR DRIZZLE
                        GRTST DEPTH:   0           7 = DUSTSTORM OR SANDSTORM:
                                                       VSBY 1/2 MILE OR LESS
                                                   8 = SMOKE OR HAZE
[NO. OF DAYS WITH]      [WEATHER - DAYS WITH]      9 = BLOWING SNOW
                                                   X = TORNADO
MAX 32 OR BELOW:   0    0.01 INCH OR MORE:  10
MAX 90 OR ABOVE:  15    0.10 INCH OR MORE:   4
MIN 32 OR BELOW:   0    0.50 INCH OR MORE:   0
MIN  0 OR BELOW:   0    1.00 INCH OR MORE:   0

[HDD (BASE 65) ]
TOTAL THIS MO.     0    CLEAR  (SCALE 0-3)  26
DPTR FM NORMAL    -8    PTCLDY (SCALE 4-7)   4
TOTAL FM JUL 1  4686    CLOUDY (SCALE 8-10)  0
DPTR FM NORMAL    84

[CDD (BASE 65) ]
TOTAL THIS MO.   406
DPTR FM NORMAL   148    [PRESSURE DATA]
TOTAL FM JAN 1   559    HIGHEST SLP M ON M
DPTR FM NORMAL   195    LOWEST  SLP 29.54 ON 20

[REMARKS]
#FINAL-06-11#
