000
CXUS53 KSGF 010800
CF6SGF
PRELIMINARY LOCAL CLIMATOLOGICAL DATA (WS FORM: F-6)

                                          STATION:   SPRINGFIELD MO
                                          MONTH:     MARCH
                                          YEAR:      2011
                                          LATITUDE:   37 13 N
                                          LONGITUDE:  93 23 W

  TEMPERATURE IN F:       :PCPN:    SNOW:  WIND      :SUNSHINE: SKY     :PK WND
================================================================================
1   2   3   4   5  6A  6B    7    8   9   10  11  12  13   14  15   16   17  18
                                     12Z  AVG MX 2MIN
DY MAX MIN AVG DEP HDD CDD  WTR  SNW DPTH SPD SPD DIR MIN PSBL S-S WX    SPD DR
================================================================================

 1  66  24  45   3  20   0 0.00  0.0    0  9.7 20 220   M    M   0        23 210
 2  64  32  48   6  17   0 0.00  0.0    0  7.5 17 140   M    M   0        24 120
 3  67  41  54  12  11   0 0.00  0.0    0 14.0 23 150   M    M   0        26 170
 4  69  39  54  12  11   0 0.64  0.0    0 14.5 25 340   M    M   5 13     29 350
 5  39  28  34  -9  31   0    T  0.0    0 15.2 25 330   M    M   9 16     29 330
 6  49  24  37  -6  28   0 0.00  0.0    0  8.3 15 150   M    M   3        18 150
 7  46  33  40  -3  25   0 0.00  0.0    0 14.8 22 140   M    M   6        28 120
 8  48  39  44   0  21   0 0.61  0.0    0 15.3 30 120   M    M  10 1      38 120
 9  44  35  40  -4  25   0    T    M    0 12.4 20 310   M    M  10 18     28 320
10  48  28  38  -6  27   0 0.00  0.0    0  9.7 20 330   M    M   5        30 310
11  70  29  50   5  15   0 0.00  0.0    0 12.7 26 190   M    M   0        31 190
12  66  36  51   6  14   0 0.00  0.0    0  8.2 25 320   M    M   2        28 160
13  56  39  48   3  17   0 0.36  0.0    0 13.1 21  60   M    M  10 13     28  70
14  39  32  36 -10  29   0 0.98  0.3    0 12.6 31 330   M    M  10 136    40  50
15  53  31  42  -4  23   0 0.00  0.0    0  6.9 14 280   M    M   5 1      18 310
16  69  32  51   5  14   0 0.00  0.0    0 10.5 20 180   M    M   4        25 160
17  75  53  64  17   1   0 0.00  0.0    0 16.4 31 200   M    M   3        39 210
18  63  51  57  10   8   0 0.00  0.0    0  9.7 21  40   M    M   9 1      26  40
19  57  47  52   5  13   0 0.57  0.0    0 13.1 37 320   M    M   6 13     44 320
20  79  51  65  17   0   0 0.00  0.0    0 16.4 26 210   M    M   1        33 220
21  78  59  69  21   0   4 0.00  0.0    0 12.1 20 200   M    M   4        29 180
22  71  60  66  18   0   1    T  0.0    0 16.9 30 220   M    M   1 8      38 230
23  68  43  56   7   9   0 0.00  0.0    0 15.4 31 280   M    M   0        41 280
24  46  32  39 -10  26   0 0.00  0.0    0  9.9 18 340   M    M   4        22 120
25  49  33  41  -8  24   0 0.12  0.0    0 13.5 24 130   M    M   9 18     30 130
26  40  31  36 -13  29   0 0.83  0.0    0 13.7 24  90   M    M  10 136    32 100
27  43  30  37 -13  28   0 0.06  0.6    0 11.9 21  40   M    M  10 1      24  50
28  51  30  41  -9  24   0 0.04  0.1    1  8.2 22 140   M    M   9 1      25 130
29  51  35  43  -7  22   0 0.02  0.0    0  9.4 17 140   M    M  10 1      21 140
30  40  33  37 -14  28   0 0.02  0.0    0  6.9 15  30   M    M   9 18     18  30
31  45  29  37 -14  28   0    T  0.0    0  4.0 12 240   M    M   8 18     13 240
================================================================================
SM 1749 1139       568   5  4.25     1.0 362.9          M      172
================================================================================
AV 56.4 36.7                              11.7 FASTST   M    M   6    MAX(MPH)
                                 MISC ---->  # 37 320               # 44  320
================================================================================
NOTES:
# LAST OF SEVERAL OCCURRENCES

COLUMN 17 PEAK WIND IN M.P.H.

PRELIMINARY LOCAL CLIMATOLOGICAL DATA (WS FORM: F-6) , PAGE 2

                                          STATION:  SPRINGFIELD MO
                                          MONTH:    MARCH
                                          YEAR:     2011
                                          LATITUDE:   37 13 N
                                          LONGITUDE:  93 23 W

[TEMPERATURE DATA]      [PRECIPITATION DATA]       SYMBOLS USED IN COLUMN 16

AVERAGE MONTHLY: 46.6   TOTAL FOR MONTH:   4.25    1 = FOG OR MIST
DPTR FM NORMAL:   0.3   DPTR FM NORMAL:    0.43    2 = FOG REDUCING VISIBILITY
HIGHEST:    79 ON 20    GRTST 24HR  0.98 ON 14-14      TO 1/4 MILE OR LESS
LOWEST:     24 ON  6, 1                            3 = THUNDER
                        SNOW, ICE PELLETS, HAIL    4 = ICE PELLETS
                        TOTAL MONTH:   1.0 INCH    5 = HAIL
                        GRTST 24HR   0.6 ON   M    6 = FREEZING RAIN OR DRIZZLE
                        GRTST DEPTH:   1 ON 28     7 = DUSTSTORM OR SANDSTORM:
                                                       VSBY 1/2 MILE OR LESS
                                                   8 = SMOKE OR HAZE
[NO. OF DAYS WITH]      [WEATHER - DAYS WITH]      9 = BLOWING SNOW
                                                   X = TORNADO
MAX 32 OR BELOW:   0    0.01 INCH OR MORE:  11
MAX 90 OR ABOVE:   0    0.10 INCH OR MORE:   7
MIN 32 OR BELOW:  14    0.50 INCH OR MORE:   5
MIN  0 OR BELOW:   0    1.00 INCH OR MORE:   0

[HDD (BASE 65) ]
TOTAL THIS MO.   568    CLEAR  (SCALE 0-3)   9
DPTR FM NORMAL   -13    PTCLDY (SCALE 4-7)   9
TOTAL FM JUL 1  4278    CLOUDY (SCALE 8-10) 13
DPTR FM NORMAL    84

[CDD (BASE 65) ]
TOTAL THIS MO.     5
DPTR FM NORMAL     2    [PRESSURE DATA]
TOTAL FM JAN 1     5    HIGHEST SLP 30.31 ON  5
DPTR FM NORMAL     2    LOWEST  SLP 29.57 ON 23

[REMARKS]
#FINAL-03-11#
