000
CXUS53 KSGF 010800
CF6SGF
PRELIMINARY LOCAL CLIMATOLOGICAL DATA (WS FORM: F-6)

                                          STATION:   SPRINGFIELD MO
                                          MONTH:     MAY
                                          YEAR:      2011
                                          LATITUDE:   37 13 N
                                          LONGITUDE:  93 23 W

  TEMPERATURE IN F:       :PCPN:    SNOW:  WIND      :SUNSHINE: SKY     :PK WND
================================================================================
1   2   3   4   5  6A  6B    7    8   9   10  11  12  13   14  15   16   17  18
                                     12Z  AVG MX 2MIN
DY MAX MIN AVG DEP HDD CDD  WTR  SNW DPTH SPD SPD DIR MIN PSBL S-S WX    SPD DR
================================================================================

 1  53  41  47 -13  18   0 0.76  0.0    0 10.4 24  20   M    M   M 13     32  20
 2  50  39  45 -16  20   0 0.10  0.0    0  6.7 43 220   M    M   M 1      77 210
 3  63  36  50 -11  15   0 0.00  0.0    0  5.2 17 250   M    M   M        32 270
 4  69  39  54  -7  11   0 0.00  0.0    0  7.7 15 160   M    M   M        18 170
 5  68  43  56  -5   9   0 0.10  0.0    0  8.6 21 280   M    M   M 12     28 270
 6  71  38  55  -7  10   0 0.00  0.0    0  6.5 16 160   M    M   2 12     20 160
 7  79  56  68   6   0   3 0.13  0.0    0  9.0 29 360   M    M   1 13     39 360
 8  85  59  72  10   0   7 0.00  0.0    0 13.2 24 150   M    M   1        31 150
 9  89  66  78  15   0  13 0.00  0.0    0 15.5 23 190   M    M   0        30 180
10  84  70  77  14   0  12    T  0.0    0 10.4 18 190   M    M   0        24 180
11  83  63  73  10   0   8    T  0.0    0 10.4 29 240   M    M   1 18     36 220
12  81  59  70   7   0   5 0.25  0.0    0  9.5 35 260   M    M   3 13     44 250
13  66  49  58  -6   7   0 0.01  0.0    0 10.7 24 330   M    M   7 1      31 320
14  53  46  50 -14  15   0    T  0.0    0 12.4 21 320   M    M  10 1      26 330
15  56  43  50 -14  15   0 0.03  0.0    0 12.1 21 320   M    M   9 1      28 340
16  65  40  53 -12  12   0 0.00  0.0    0  9.5 24 350   M    M   1 1      29 350
17  67  37  52 -13  13   0 0.00  0.0    0  4.7 14  30   M    M   0        18  40
18  64  44  54 -11  11   0 0.01  0.0    0 12.0 22 140   M    M   5        29 160
19  77  57  67   1   0   2 0.21  0.0    0 14.0 24 140   M    M   8 3      31 140
20  68  62  65  -1   0   0 1.40  0.0    0 13.6 25 140   M    M   5 13     33 120
21  81  60  71   5   0   6 0.01  0.0    0 14.4 24 190   M    M   1 3      30 190
22  83  64  74   7   0   9 0.23  0.0    0 17.3 30 210   M    M   3 138    40 280
23  69  59  64  -3   1   0 0.62  0.0    0 14.4 40 330   M    M   4 138    48 330
24  81  57  69   2   0   4 0.99  0.0    0 12.9 28 240   M    M   3 13     40 240
25  77  56  67   0   0   2 0.27  0.0    0 16.6 32 240   M    M   6 13     41 230
26  62  48  55 -13  10   0 0.12  0.0    0 10.8 20 290   M    M   8 1      28 290
27  65  45  55 -13  10   0 0.68  0.0    0 11.4 23 140   M    M   5 13     28 150
28  82  59  71   3   0   6 0.00  0.0    0 10.6 18 150   M    M   6        25 100
29  88  70  79  10   0  14 0.00  0.0    0 19.1 29 170   M    M   1        41 160
30  85  71  78   9   0  13 0.00  0.0    0 18.3 29 190   M    M   0        36 180
31  82  69  76   7   0  11 0.00  0.0    0  8.7 22 160   M    M   4        26 170
================================================================================
SM 2246 1645       177 115  5.92     0.0 356.6          M       94
================================================================================
AV 72.5 53.1                              11.5 FASTST   M    M   4    MAX(MPH)
                                 MISC ---->  # 43 220               # 77  210
================================================================================
NOTES:
# LAST OF SEVERAL OCCURRENCES

COLUMN 17 PEAK WIND IN M.P.H.

PRELIMINARY LOCAL CLIMATOLOGICAL DATA (WS FORM: F-6) , PAGE 2

                                          STATION:  SPRINGFIELD MO
                                          MONTH:    MAY
                                          YEAR:     2011
                                          LATITUDE:   37 13 N
                                          LONGITUDE:  93 23 W

[TEMPERATURE DATA]      [PRECIPITATION DATA]       SYMBOLS USED IN COLUMN 16

AVERAGE MONTHLY: 62.8   TOTAL FOR MONTH:   5.92    1 = FOG OR MIST
DPTR FM NORMAL:  -1.9   DPTR FM NORMAL:    1.35    2 = FOG REDUCING VISIBILITY
HIGHEST:    89 ON  9    GRTST 24HR  1.40 ON 20-20      TO 1/4 MILE OR LESS
LOWEST:     36 ON  3                               3 = THUNDER
                        SNOW, ICE PELLETS, HAIL    4 = ICE PELLETS
                        TOTAL MONTH:   0.0 INCH    5 = HAIL
                        GRTST 24HR     0.0         6 = FREEZING RAIN OR DRIZZLE
                        GRTST DEPTH:   0           7 = DUSTSTORM OR SANDSTORM:
                                                       VSBY 1/2 MILE OR LESS
                                                   8 = SMOKE OR HAZE
[NO. OF DAYS WITH]      [WEATHER - DAYS WITH]      9 = BLOWING SNOW
                                                   X = TORNADO
MAX 32 OR BELOW:   0    0.01 INCH OR MORE:  17
MAX 90 OR ABOVE:   0    0.10 INCH OR MORE:  13
MIN 32 OR BELOW:   0    0.50 INCH OR MORE:   5
MIN  0 OR BELOW:   0    1.00 INCH OR MORE:   1

[HDD (BASE 65) ]
TOTAL THIS MO.   177    CLEAR  (SCALE 0-3)  13
DPTR FM NORMAL    77    PTCLDY (SCALE 4-7)  11
TOTAL FM JUL 1  4686    CLOUDY (SCALE 8-10)  2
DPTR FM NORMAL    92

[CDD (BASE 65) ]
TOTAL THIS MO.   115
DPTR FM NORMAL    32    [PRESSURE DATA]
TOTAL FM JAN 1   153    HIGHEST SLP 30.26 ON  5
DPTR FM NORMAL    47    LOWEST  SLP 29.42 ON 25

[REMARKS]
#FINAL-05-11#
