000
CXUS53 KSGF 010800
CF6SGF
PRELIMINARY LOCAL CLIMATOLOGICAL DATA (WS FORM: F-6)

                                          STATION:   SPRINGFIELD MO
                                          MONTH:     JANUARY
                                          YEAR:      2011
                                          LATITUDE:   37 13 N
                                          LONGITUDE:  93 23 W

  TEMPERATURE IN F:       :PCPN:    SNOW:  WIND      :SUNSHINE: SKY     :PK WND
================================================================================
1   2   3   4   5  6A  6B    7    8   9   10  11  12  13   14  15   16   17  18
                                     12Z  AVG MX 2MIN
DY MAX MIN AVG DEP HDD CDD  WTR  SNW DPTH SPD SPD DIR MIN PSBL S-S WX    SPD DR
================================================================================

 1  28  17  23  -9  42   0 0.00  0.0    0  9.5 20 280   M    M   2        24 320
 2  39  11  25  -7  40   0 0.00  0.0    0  7.1 16 210   M    M   0        24 230
 3  51  22  37   5  28   0 0.00    M    0  9.2 22 180   M    M   0        26 210
 4  41  22  32   0  33   0 0.00  0.0    0  5.6 10 140   M    M   1        13 130
 5  47  32  40   8  25   0    T    T    0  8.1 26 190   M    M   5        35 190
 6  49  24  37   5  28   0 0.00  0.0    0  8.8 22 280   M    M   0        30 280
 7  48  32  40   9  25   0 0.00  0.0    0 16.9 35 330   M    M   5 78     43 330
 8  32  18  25  -6  40   0 0.00  0.0    0 10.4 22 340   M    M   4        28 340
 9  27  18  23  -8  42   0    T    T    0 14.0 22 160   M    M   6 1      33 190
10  27  22  25  -6  40   0 0.12  1.3    T  6.9 22 220   M    M  10 18     24 220
11  25   7  16 -15  49   0    T  0.2    1 15.5 25 280   M    M   4 1      31 280
12  14   1   8 -23  57   0    T    T    1  6.4 12 280   M    M   3 18     15 280
13  32   0  16 -15  49   0 0.00  0.0    0  7.6 20 210   M    M   0 1      23 210
14  43  17  30  -1  35   0 0.00  0.0    T   M   M   M   M    M   0         M  M
15  44  25  35   4  30   0 0.00  0.0    0   M   M   M   M    M   0         M  M
16  40  21  31   0  34   0 0.00  0.0    0   M   M   M   M    M   2         M  M
17  43  30  37   6  28   0 0.04  0.0    0 11.1 20 150   M    M   8 18     23 160
18  42  25  34   3  31   0    T    T    T 11.6 22 240   M    M  10 1      30 230
19  31  22  27  -4  38   0 0.02  0.1    0  6.9 17  90   M    M   9 18     21 110
20  28  11  20 -12  45   0 0.08  1.4    T 10.3 20 340   M    M   6 16     23 340
21  29   7  18 -14  47   0    T    T    1  7.0 15 150   M    M   7 1      17 150
22  39  14  27  -5  38   0 0.00  0.0    1  6.7 15 130   M    M   5 1      17 140
23  44  23  34   2  31   0 0.00  0.0    0 10.5 17 140   M    M   7 18     21 140
24  41  21  31  -1  34   0 0.00  0.0    0  4.9 14 340   M    M   6 18     16 330
25  37  20  29  -3  36   0 0.00  0.0    0  3.8 12 350   M    M   2 18     15  20
26  47  20  34   2  31   0 0.00  0.0    0  6.0 14 290   M    M   1 1      18 290
27  54  17  36   4  29   0 0.00  0.0    0  7.6 22 280   M    M   0 18     29 240
28  62  25  44  11  21   0 0.00  0.0    0  7.1 16 240   M    M   0 1      20 240
29  68  26  47  14  18   0 0.00  0.0    0  5.3 14 160   M    M   0        20 160
30  42  31  37   4  28   0 0.00  0.0    0 12.1 20  40   M    M   7 18     24  40
31  42  29  36   3  29   0    T  0.0    0 10.5 20 150   M    M  10 168    23 350
================================================================================
SM 1236  610      1081   0  0.26     3.0 247.4          M      120
================================================================================
AV 39.9 19.7                               8.8 FASTST   M    M   4    MAX(MPH)
                                 MISC ---->  # 35 330               # 43  330
================================================================================
NOTES:
# LAST OF SEVERAL OCCURRENCES

COLUMN 17 PEAK WIND IN M.P.H.

PRELIMINARY LOCAL CLIMATOLOGICAL DATA (WS FORM: F-6) , PAGE 2

                                          STATION:  SPRINGFIELD MO
                                          MONTH:    JANUARY
                                          YEAR:     2011
                                          LATITUDE:   37 13 N
                                          LONGITUDE:  93 23 W

[TEMPERATURE DATA]      [PRECIPITATION DATA]       SYMBOLS USED IN COLUMN 16

AVERAGE MONTHLY: 29.8   TOTAL FOR MONTH:   0.26    1 = FOG OR MIST
DPTR FM NORMAL:  -1.9   DPTR FM NORMAL:   -1.85    2 = FOG REDUCING VISIBILITY
HIGHEST:    68 ON 29    GRTST 24HR  0.12 ON 10-10      TO 1/4 MILE OR LESS
LOWEST:      0 ON 13                               3 = THUNDER
                        SNOW, ICE PELLETS, HAIL    4 = ICE PELLETS
                        TOTAL MONTH:   3.0 INCHES  5 = HAIL
                        GRTST 24HR   1.4 ON   M    6 = FREEZING RAIN OR DRIZZLE
                        GRTST DEPTH:   1 ON 22,21  7 = DUSTSTORM OR SANDSTORM:
                                                       VSBY 1/2 MILE OR LESS
                                                   8 = SMOKE OR HAZE
[NO. OF DAYS WITH]      [WEATHER - DAYS WITH]      9 = BLOWING SNOW
                                                   X = TORNADO
MAX 32 OR BELOW:  10    0.01 INCH OR MORE:   4
MAX 90 OR ABOVE:   0    0.10 INCH OR MORE:   1
MIN 32 OR BELOW:  31    0.50 INCH OR MORE:   0
MIN  0 OR BELOW:   1    1.00 INCH OR MORE:   0

[HDD (BASE 65) ]
TOTAL THIS MO.  1081    CLEAR  (SCALE 0-3)  15
DPTR FM NORMAL    47    PTCLDY (SCALE 4-7)  12
TOTAL FM JUL 1  2857    CLOUDY (SCALE 8-10)  4
DPTR FM NORMAL    34

[CDD (BASE 65) ]
TOTAL THIS MO.     0
DPTR FM NORMAL     0    [PRESSURE DATA]
TOTAL FM JAN 1     0    HIGHEST SLP 30.14 ON M
DPTR FM NORMAL     0    LOWEST  SLP 29.59 ON  7

[REMARKS]
#FINAL-01-11#
