000
CXUS53 KSGF 010800
CF6SGF
PRELIMINARY LOCAL CLIMATOLOGICAL DATA (WS FORM: F-6)

                                          STATION:   SPRINGFIELD MO
                                          MONTH:     DECEMBER
                                          YEAR:      2010
                                          LATITUDE:   37 13 N
                                          LONGITUDE:  93 23 W

  TEMPERATURE IN F:       :PCPN:    SNOW:  WIND      :SUNSHINE: SKY     :PK WND
================================================================================
1   2   3   4   5  6A  6B    7    8   9   10  11  12  13   14  15   16   17  18
                                     12Z  AVG MX 2MIN
DY MAX MIN AVG DEP HDD CDD  WTR  SNW DPTH SPD SPD DIR MIN PSBL S-S WX    SPD DR
================================================================================

 1  36  21  29 -11  36   0 0.00  0.0    0  6.0 16 290   M    M   0        21 290
 2  55  23  39  -1  26   0    T  0.0    0  5.8 15 140   M    M   3        18 140
 3  55  26  41   2  24   0 0.00  0.0    0  9.5 20 160   M    M   0        23 160
 4  47  23  35  -4  30   0 0.00  0.0    0 15.7 30 340   M    M   2 8      36 350
 5  32  20  26 -13  39   0 0.00  0.0    0  9.0 17 350   M    M   4        21 360
 6  37  15  26 -12  39   0 0.00  0.0    0  6.8 14 270   M    M   0 18     17 270
 7  41  17  29  -9  36   0 0.00  0.0    0  3.4 22 210   M    M   0        22 210
 8  40  14  27 -11  38   0 0.00  0.0    0  1.9 10 150   M    M   0 18     14 160
 9  47  28  38   1  27   0 0.00  0.0    0 11.6 22 180   M    M   1        26 180
10  56  25  41   4  24   0    T  0.0    0  7.3 16 160   M    M   2 18     21 150
11  47  19  33  -4  32   0 0.03    T    0 17.3 29 280   M    M   8 16     44 290
12  24  11  18 -19  47   0 0.04  0.8    1 19.5 30 320   M    M   5 16     43 320
13  23   5  14 -22  51   0 0.00  0.0    0  5.6 21 340   M    M   6        23 330
14  36  22  29  -7  36   0 0.00  0.0    0 10.4 18 150   M    M   3        23 150
15  35  24  30  -6  35   0    T  0.0    0 14.1 23 140   M    M   7 1      28 140
16  38  20  29  -6  36   0 0.00  0.0    0  8.7 17 330   M    M   6 1      21 330
17  36  20  28  -7  37   0 0.00  0.0    0  3.6  9 330   M    M   5 18     10 340
18  34  15  25 -10  40   0 0.00  0.0    0  3.3 13 160   M    M   7 18     14 160
19  48  29  39   4  26   0 0.00  0.0    0  9.4 15 150   M    M   4        20 150
20  52  34  43   8  22   0 0.00  0.0    0 16.9 28 150   M    M   3        35 150
21  50  36  43   9  22   0 0.00  0.0    0  8.5 18  10   M    M   7        23 360
22  36  21  29  -5  36   0 0.00  0.0    0 10.4 18 360   M    M   0        21 360
23  40  22  31  -3  34   0    T  0.0    0 10.5 21 130   M    M   7        25 130
24  35  31  33  -1  32   0 0.37    T    0 10.0 22 160   M    M  10 146     M  M
25  31  24  28  -5  37   0 0.01  0.1    0 15.4 22 360   M    M  10 16     28 350
26  28  16  22 -11  43   0    T    T    T  7.4 18 340   M    M   8        22 340
27  37  14  26  -7  39   0 0.00  0.0    0   M   M 330   M    M   0         M  M
28  46  25  36   3  29   0 0.00  0.0    0   M   M   M   M    M   1 1       M  M
29  51  37  44  11  21   0 0.02  0.0    0 14.7 22 160   M    M  10 1      29 160
30  64  48  56  24   9   0 0.18  0.0    0 18.7 30 190   M    M   7 13     35 190
31  60  26  43  11  22   0 0.09  0.0    0 14.2 26 210   M    M   4 3      36 210
================================================================================
SM 1297  711      1005   0  0.74     0.9 295.6          M      130
================================================================================
AV 41.8 22.9                              10.2 FASTST   M    M   4    MAX(MPH)
                                 MISC ---->  # 30 340               # 44  290
================================================================================
NOTES:
# LAST OF SEVERAL OCCURRENCES

COLUMN 17 PEAK WIND IN M.P.H.

PRELIMINARY LOCAL CLIMATOLOGICAL DATA (WS FORM: F-6) , PAGE 2

                                          STATION:  SPRINGFIELD MO
                                          MONTH:    DECEMBER
                                          YEAR:     2010
                                          LATITUDE:   37 13 N
                                          LONGITUDE:  93 23 W

[TEMPERATURE DATA]      [PRECIPITATION DATA]       SYMBOLS USED IN COLUMN 16

AVERAGE MONTHLY: 32.4   TOTAL FOR MONTH:   0.74    1 = FOG OR MIST
DPTR FM NORMAL:  -3.3   DPTR FM NORMAL:   -2.43    2 = FOG REDUCING VISIBILITY
HIGHEST:    64 ON 30    GRTST 24HR  0.37 ON 24-24      TO 1/4 MILE OR LESS
LOWEST:      5 ON 13                               3 = THUNDER
                        SNOW, ICE PELLETS, HAIL    4 = ICE PELLETS
                        TOTAL MONTH:   0.9 INCH    5 = HAIL
                        GRTST 24HR   0.8 ON   M    6 = FREEZING RAIN OR DRIZZLE
                        GRTST DEPTH:   1 ON 12     7 = DUSTSTORM OR SANDSTORM:
                                                       VSBY 1/2 MILE OR LESS
                                                   8 = SMOKE OR HAZE
[NO. OF DAYS WITH]      [WEATHER - DAYS WITH]      9 = BLOWING SNOW
                                                   X = TORNADO
MAX 32 OR BELOW:   5    0.01 INCH OR MORE:   7
MAX 90 OR ABOVE:   0    0.10 INCH OR MORE:   2
MIN 32 OR BELOW:  27    0.50 INCH OR MORE:   0
MIN  0 OR BELOW:   0    1.00 INCH OR MORE:   0

[HDD (BASE 65) ]
TOTAL THIS MO.  1005    CLEAR  (SCALE 0-3)  12
DPTR FM NORMAL   106    PTCLDY (SCALE 4-7)  15
TOTAL FM JUL 1  1776    CLOUDY (SCALE 8-10)  4
DPTR FM NORMAL   -13

[CDD (BASE 65) ]
TOTAL THIS MO.     0
DPTR FM NORMAL     0    [PRESSURE DATA]
TOTAL FM JAN 1  1734    HIGHEST SLP 30.44 ON 22
DPTR FM NORMAL   368    LOWEST  SLP 29.50 ON 31

[REMARKS]
#FINAL-12-10#
