000
CXUS53 KSGF 010800
CF6SGF
PRELIMINARY LOCAL CLIMATOLOGICAL DATA (WS FORM: F-6)

                                          STATION:   SPRINGFIELD MO
                                          MONTH:     FEBRUARY
                                          YEAR:      2011
                                          LATITUDE:   37 13 N
                                          LONGITUDE:  93 23 W

  TEMPERATURE IN F:       :PCPN:    SNOW:  WIND      :SUNSHINE: SKY     :PK WND
================================================================================
1   2   3   4   5  6A  6B    7    8   9   10  11  12  13   14  15   16   17  18
                                     12Z  AVG MX 2MIN
DY MAX MIN AVG DEP HDD CDD  WTR  SNW DPTH SPD SPD DIR MIN PSBL S-S WX    SPD DR
================================================================================

 1  29  13  21 -12  44   0 1.04 10.0    1 18.7 33  30   M    M  10 12346  39  10
 2  13  -2   6 -28  59   0    T    T   10 10.6 28 330   M    M   5 19     33 320
 3  21  -9   6 -28  59   0 0.00  0.0    0  1.5  7  10   M    M   1         8 360
 4  26   8  17 -17  48   0 0.13  2.1   11  1.8  8 300   M    M  10 1      10 300
 5  38  16  27  -7  38   0 0.03  0.3   11  9.2 16 190   M    M   6 1      18 190
 6  38  28  33  -2  32   0 0.00  0.0    8  7.1 17 360   M    M   8        22 350
 7  32  14  23 -12  42   0    T    M    7 11.7 23 360   M    M   8 1      26 350
 8  17  10  14 -21  51   0    T    M    7 11.1 20  50   M    M   8 1      23  50
 9  17  -4   7 -28  58   0 0.15  2.5    9  9.1 20  50   M    M   8 18     23  50
10  23 -10   7 -29  58   0 0.00  0.0    9  6.4 14 240   M    M   0 1      16 250
11  40   5  23 -13  42   0 0.00  0.0    8 10.9 18 250   M    M   0        23 260
12  46  19  33  -3  32   0 0.00  0.0    8  9.2 17 220   M    M   0        21 230
13  54  37  46   9  19   0 0.00  0.0    6 11.4 16 190   M    M   0        21 210
14  50  28  39   2  26   0 0.00  0.0    3  6.6 20 350   M    M   0        23 350
15  61  40  51  14  14   0 0.00  0.0    T 15.5 29 150   M    M   3        36 140
16  66  47  57  20   8   0 0.00  0.0    0 16.1 30 210   M    M   5 1       M  M
17  72  54  63  25   2   0 0.00  0.0    0   M  36 210   M    M   3         M  M
18  68  50  59  21   6   0 0.02  0.0    0 10.0 21 140   M    M   5 1      25 140
19  62  47  55  17  10   0 0.00  0.0    0 16.8 25 150   M    M   6        31 150
20  67  44  56  17   9   0 0.00  0.0    0 17.6 33 210   M    M   6        44 200
21  57  26  42   3  23   0 0.04  0.0    0 10.3 22 330   M    M   5 1      25 330
22  47  20  34  -5  31   0 0.00  0.0    0  5.9 13 130   M    M   1        18 120
23  60  34  47   7  18   0 0.02  0.0    0 16.8 26 150   M    M   6        33 150
24  49  32  41   1  24   0 1.69    T    0 12.4 24  60   M    M  10 13     30  70
25  34  30  32  -8  33   0    T    T    0  9.1 18 360   M    M  10 1      23 360
26  45  30  38  -3  27   0 0.00  0.0    0  8.8 21 160   M    M   8 1      25 170
27  71  35  53  12  12   0 0.23  0.0    0 15.4 37 330   M    M   7 1      44 350
28  49  25  37  -4  28   0 0.08  0.0    0 11.3 33 340   M    M   5 13     39 340
================================================================================
SM 1252  667       853   0  3.43    14.9 291.3          M      144
================================================================================
AV 44.7 23.8                              10.8 FASTST   M    M   5    MAX(MPH)
                                 MISC ---->  # 37 330               # 44  200
================================================================================
NOTES:
# LAST OF SEVERAL OCCURRENCES

COLUMN 17 PEAK WIND IN M.P.H.

PRELIMINARY LOCAL CLIMATOLOGICAL DATA (WS FORM: F-6) , PAGE 2

                                          STATION:  SPRINGFIELD MO
                                          MONTH:    FEBRUARY
                                          YEAR:     2011
                                          LATITUDE:   37 13 N
                                          LONGITUDE:  93 23 W

[TEMPERATURE DATA]      [PRECIPITATION DATA]       SYMBOLS USED IN COLUMN 16

AVERAGE MONTHLY: 34.3   TOTAL FOR MONTH:   3.43    1 = FOG OR MIST
DPTR FM NORMAL:  -2.8   DPTR FM NORMAL:    1.15    2 = FOG REDUCING VISIBILITY
HIGHEST:    72 ON 17    GRTST 24HR  1.69 ON 24-24      TO 1/4 MILE OR LESS
LOWEST:    -10 ON 10                               3 = THUNDER
                        SNOW, ICE PELLETS, HAIL    4 = ICE PELLETS
                        TOTAL MONTH:  14.9 INCHES  5 = HAIL
                        GRTST 24HR  10.0 ON  1- 1  6 = FREEZING RAIN OR DRIZZLE
                        GRTST DEPTH:  11 ON  5, 4  7 = DUSTSTORM OR SANDSTORM:
                                                       VSBY 1/2 MILE OR LESS
                                                   8 = SMOKE OR HAZE
[NO. OF DAYS WITH]      [WEATHER - DAYS WITH]      9 = BLOWING SNOW
                                                   X = TORNADO
MAX 32 OR BELOW:   8    0.01 INCH OR MORE:  10
MAX 90 OR ABOVE:   0    0.10 INCH OR MORE:   5
MIN 32 OR BELOW:  19    0.50 INCH OR MORE:   2
MIN  0 OR BELOW:   4    1.00 INCH OR MORE:   2

[HDD (BASE 65) ]
TOTAL THIS MO.   853    CLEAR  (SCALE 0-3)   9
DPTR FM NORMAL    63    PTCLDY (SCALE 4-7)  14
TOTAL FM JUL 1  3710    CLOUDY (SCALE 8-10)  5
DPTR FM NORMAL    97

[CDD (BASE 65) ]
TOTAL THIS MO.     0
DPTR FM NORMAL     0    [PRESSURE DATA]
TOTAL FM JAN 1     0    HIGHEST SLP M ON M
DPTR FM NORMAL     0    LOWEST  SLP 29.44 ON 27

[REMARKS]
#FINAL-02-11#
