000
CXUS53 KSGF 010629
CF6SGF
PRELIMINARY LOCAL CLIMATOLOGICAL DATA (WS FORM: F-6)
STATION: SPRINGFIELD MO
MONTH: AUGUST
YEAR: 2020
LATITUDE: 37 13 N
LONGITUDE: 93 23 W
TEMPERATURE IN F: :PCPN: SNOW: WIND :SUNSHINE: SKY :PK WND
================================================================================
1 2 3 4 5 6A 6B 7 8 9 10 11 12 13 14 15 16 17 18
12Z AVG MX 2MIN
DY MAX MIN AVG DEP HDD CDD WTR SNW DPTH SPD SPD DIR MIN PSBL S-S WX SPD DR
================================================================================
1 82 63 73 -6 0 8 0.00 0.0 0 6.0 16 320 M M 3 23 330
2 85 64 75 -4 0 10 0.00 0.0 0 6.0 17 330 M M 3 22 330
3 81 61 71 -8 0 6 0.00 0.0 0 8.7 17 350 M M 4 1 24 330
4 77 56 67 -12 0 2 0.00 0.0 0 6.2 15 40 M M 3 19 40
5 82 55 69 -10 0 4 0.00 0.0 0 6.4 14 170 M M 1 18 160
6 87 64 76 -3 0 11 0.00 0.0 0 10.0 16 170 M M 1 24 170
7 85 69 77 -2 0 12 T 0.0 0 11.2 16 150 M M 4 22 150
8 88 70 79 0 0 14 0.12 0.0 0 11.9 22 180 M M 3 13 29 180
9 90 74 82 3 0 17 T 0.0 0 10.4 18 190 M M 1 1 25 200
10 95 72 84 5 0 19 0.00 0.0 0 10.4 25 230 M M 0 38 240
11 83 70 77 -2 0 12 0.05 0.0 0 8.1 18 180 M M 3 13 25 180
12 88 65 77 -2 0 12 T 0.0 0 6.7 13 110 M M 1 18 20 130
13 89 70 80 2 0 15 0.00 0.0 0 6.3 14 110 M M 3 12 20 110
14 93 70 82 4 0 17 0.00 0.0 0 6.7 12 40 M M 1 18 130
15 93 70 82 4 0 17 0.00 0.0 0 7.9 18 50 M M 1 24 40
16 88 59 74 -4 0 9 0.00 0.0 0 4.4 13 40 M M 0 3 19 40
17 90 61 76 -2 0 11 0.00 0.0 0 7.5 22 340 M M 1 27 340
18 83 60 72 -6 0 7 0.00 0.0 0 8.5 21 340 M M 0 33 40
19 85 56 71 -7 0 6 0.00 0.0 0 6.0 15 50 M M 1 22 60
20 86 57 72 -6 0 7 0.00 0.0 0 5.6 13 50 M M 0 17 110
21 91 59 75 -3 0 10 0.00 0.0 0 5.8 12 340 M M 1 17 350
22 92 60 76 -1 0 11 0.00 0.0 0 4.2 12 10 M M 1 15 360
23 93 62 78 1 0 13 0.00 0.0 0 4.6 15 280 M M 0 21 250
24 96 65 81 4 0 16 0.00 0.0 0 4.4 10 60 M M 1 8 15 340
25 96 70 83 6 0 18 0.00 0.0 0 7.7 14 130 M M 1 19 130
26 86 68 77 0 0 12 0.00 0.0 0 10.1 16 160 M M 1 22 180
27 81 72 77 1 0 12 0.09 0.0 0 7.6 15 150 M M 3 13 19 150
28 91 71 81 5 0 16 0.00 0.0 0 8.1 18 350 M M 4 1 32 10
29 80 68 74 -2 0 9 0.57 0.0 0 8.3 40 340 M M 5 138 58 330
30 77 67 72 -4 0 7 0.01 0.0 0 7.2 13 140 M M 8 1 15 150
31 88 70 79 4 0 14 0.05 0.0 0 11.8 22 20 M M 2 13 32 320
================================================================================
SM 2701 2018 0 354 0.89 0.0 234.7 M 61
================================================================================
AV 87.1 65.1 7.6 FASTST M M 2 MAX(MPH)
MISC ----> 40 340 58 330
================================================================================
NOTES:
# LAST OF SEVERAL OCCURRENCES
COLUMN 17 PEAK WIND IN M.P.H.
PRELIMINARY LOCAL CLIMATOLOGICAL DATA (WS FORM: F-6) , PAGE 2
STATION: SPRINGFIELD MO
MONTH: AUGUST
YEAR: 2020
LATITUDE: 37 13 N
LONGITUDE: 93 23 W
[TEMPERATURE DATA] [PRECIPITATION DATA] SYMBOLS USED IN COLUMN 16
AVERAGE MONTHLY: 76.1 TOTAL FOR MONTH: 0.89 1 = FOG OR MIST
DPTR FM NORMAL: -1.7 DPTR FM NORMAL: -2.66 2 = FOG REDUCING VISIBILITY
HIGHEST: 96 ON 25,24 GRTST 24HR 0.57 ON 29-29 TO 1/4 MILE OR LESS
LOWEST: 55 ON 5 3 = THUNDER
SNOW, ICE PELLETS, HAIL 4 = ICE PELLETS
TOTAL MONTH: 0.0 INCH 5 = HAIL
GRTST 24HR 0.0 6 = FREEZING RAIN OR DRIZZLE
GRTST DEPTH: 0 7 = DUSTSTORM OR SANDSTORM:
VSBY 1/2 MILE OR LESS
8 = SMOKE OR HAZE
[NO. OF DAYS WITH] [WEATHER - DAYS WITH] 9 = BLOWING SNOW
X = TORNADO
MAX 32 OR BELOW: 0 0.01 INCH OR MORE: 6
MAX 90 OR ABOVE: 11 0.10 INCH OR MORE: 2
MIN 32 OR BELOW: 0 0.50 INCH OR MORE: 1
MIN 0 OR BELOW: 0 1.00 INCH OR MORE: 0
[HDD (BASE 65) ]
TOTAL THIS MO. 0 CLEAR (SCALE 0-3) 26
DPTR FM NORMAL -2 PTCLDY (SCALE 4-7) 5
TOTAL FM JUL 1 0 CLOUDY (SCALE 8-10) 0
DPTR FM NORMAL 0
[CDD (BASE 65) ]
TOTAL THIS MO. 354
DPTR FM NORMAL -44 [PRESSURE DATA]
TOTAL FM JAN 1 1247 HIGHEST SLP M ON M
DPTR FM NORMAL 61 LOWEST SLP 29.68 ON 28
[REMARKS]
#FINAL-08-20#