000
CXUS53 KSGF 010800
CF6SGF
PRELIMINARY LOCAL CLIMATOLOGICAL DATA (WS FORM: F-6)

                                          STATION:   SPRINGFIELD MO
                                          MONTH:     OCTOBER
                                          YEAR:      2010
                                          LATITUDE:   37 13 N
                                          LONGITUDE:  93 23 W

  TEMPERATURE IN F:       :PCPN:    SNOW:  WIND      :SUNSHINE: SKY     :PK WND
================================================================================
1   2   3   4   5  6A  6B    7    8   9   10  11  12  13   14  15   16   17  18
                                     12Z  AVG MX 2MIN
DY MAX MIN AVG DEP HDD CDD  WTR  SNW DPTH SPD SPD DIR MIN PSBL S-S WX    SPD DR
================================================================================

 1  73  44  59  -5   6   0 0.00  0.0    0  1.7 12  20   M    M   0 18     15  30
 2  65  44  55  -9  10   0 0.00  0.0    0  9.5 24  10   M    M   4        30 360
 3  59  37  48 -15  17   0 0.00  0.0    0  6.6 17  30   M    M   0        22  30
 4  65  36  51 -12  14   0 0.00  0.0    0  2.7  8 140   M    M   0        12  60
 5  69  39  54  -9  11   0 0.00  0.0    0  4.0 12 180   M    M   0        14 170
 6  75  40  58  -4   7   0 0.00  0.0    0  5.8 13 250   M    M   0        17 290
 7  81  49  65   3   0   0 0.00  0.0    0  2.0  9 260   M    M   0 8      12 240
 8  82  55  69   7   0   4 0.00  0.0    0  5.2 10 170   M    M   0        13 240
 9  81  53  67   6   0   2 0.00  0.0    0  5.3 14 230   M    M   0 1      17 200
10  80  52  66   5   0   1 0.00  0.0    0  5.6 13 210   M    M   0        20 210
11  75  53  64   4   1   0 0.37  0.0    0  3.9 20 290   M    M   5 13     26 290
12  63  51  57  -3   8   0 0.00  0.0    0  3.2 12 320   M    M   6 128    15 320
13  68  44  56  -4   9   0 0.00  0.0    0  9.0 22 340   M    M   0 18     26 340
14  69  38  54  -5  11   0 0.00  0.0    0  6.9 16 230   M    M   0 8      22 250
15  71  44  58  -1   7   0 0.00  0.0    0  3.6 15 250   M    M   0 8      20 250
16  78  42  60   1   5   0 0.00  0.0    0  8.9 15 240   M    M   0        21 240
17  79  47  63   5   2   0 0.00  0.0    0  4.5 13 250   M    M   0        15 250
18  79  48  64   6   1   0 0.24    M    0  5.3 14  60   M    M   2 13     20 320
19  63  42  53  -4  12   0 0.00  0.0    0  4.1 13  60   M    M   4 8      15  70
20  73  40  57   0   8   0 0.00  0.0    0  6.6 20 250   M    M   0        23 260
21  77  43  60   4   5   0 0.00  0.0    0  3.8 10 150   M    M   2 18     12 150
22  75  54  65   9   0   0    T  0.0    0 12.4 22 160   M    M   3        29 140
23  74  59  67  11   0   2 0.21  0.0    0 15.0 25 190   M    M   5 1      32 200
24  74  57  66  11   0   1 0.00  0.0    0 11.2 23 210   M    M   3        29 220
25  74  56  65  10   0   0 0.00  0.0    0 17.6 32 180   M    M   2 1      41 180
26  73  46  60   6   5   0 0.19    M    0 15.7 36 270   M    M   2 13     48 270
27  63  44  54   0  11   0 0.00  0.0    0 10.6 21 280   M    M   0        25 270
28  55  31  43 -11  22   0 0.00  0.0    0  8.9 21 330   M    M   0        28 310
29  63  27  45  -8  20   0 0.00  0.0    0  6.2 13 170   M    M   0        16 180
30  72  39  56   3   9   0 0.00  0.0    0 10.1 21 210   M    M   0        24 200
31  73  39  56   4   9   0 0.00  0.0    0  7.4 20 130   M    M   0        25 130
================================================================================
SM 2221 1393       210  10  1.01     0.0 223.3          M       38
================================================================================
AV 71.6 44.9                               7.2 FASTST   M    M   1    MAX(MPH)
                                 MISC ---->  # 36 270               # 48  270
================================================================================
NOTES:
# LAST OF SEVERAL OCCURRENCES

COLUMN 17 PEAK WIND IN M.P.H.

PRELIMINARY LOCAL CLIMATOLOGICAL DATA (WS FORM: F-6) , PAGE 2

                                          STATION:  SPRINGFIELD MO
                                          MONTH:    OCTOBER
                                          YEAR:     2010
                                          LATITUDE:   37 13 N
                                          LONGITUDE:  93 23 W

[TEMPERATURE DATA]      [PRECIPITATION DATA]       SYMBOLS USED IN COLUMN 16

AVERAGE MONTHLY: 58.3   TOTAL FOR MONTH:   1.01    1 = FOG OR MIST
DPTR FM NORMAL:  -0.1   DPTR FM NORMAL:   -2.46    2 = FOG REDUCING VISIBILITY
HIGHEST:    82 ON  8    GRTST 24HR  0.37 ON 11-11      TO 1/4 MILE OR LESS
LOWEST:     27 ON 29                               3 = THUNDER
                        SNOW, ICE PELLETS, HAIL    4 = ICE PELLETS
                        TOTAL MONTH:   0.0 INCH    5 = HAIL
                        GRTST 24HR     0.0         6 = FREEZING RAIN OR DRIZZLE
                        GRTST DEPTH:   0           7 = DUSTSTORM OR SANDSTORM:
                                                       VSBY 1/2 MILE OR LESS
                                                   8 = SMOKE OR HAZE
[NO. OF DAYS WITH]      [WEATHER - DAYS WITH]      9 = BLOWING SNOW
                                                   X = TORNADO
MAX 32 OR BELOW:   0    0.01 INCH OR MORE:   4
MAX 90 OR ABOVE:   0    0.10 INCH OR MORE:   4
MIN 32 OR BELOW:   2    0.50 INCH OR MORE:   0
MIN  0 OR BELOW:   0    1.00 INCH OR MORE:   0

[HDD (BASE 65) ]
TOTAL THIS MO.   210    CLEAR  (SCALE 0-3)  25
DPTR FM NORMAL   -38    PTCLDY (SCALE 4-7)   6
TOTAL FM JUL 1   238    CLOUDY (SCALE 8-10)  0
DPTR FM NORMAL   -74

[CDD (BASE 65) ]
TOTAL THIS MO.    10
DPTR FM NORMAL   -18    [PRESSURE DATA]
TOTAL FM JAN 1  1734    HIGHEST SLP 30.28 ON 13
DPTR FM NORMAL   369    LOWEST  SLP 29.13 ON M

[REMARKS]
#FINAL-10-10#
