000
CXUS53 KSGF 010800
CF6SGF
PRELIMINARY LOCAL CLIMATOLOGICAL DATA (WS FORM: F-6)

                                          STATION:   SPRINGFIELD MO
                                          MONTH:     JULY
                                          YEAR:      2010
                                          LATITUDE:   37 13 N
                                          LONGITUDE:  93 23 W

  TEMPERATURE IN F:       :PCPN:    SNOW:  WIND      :SUNSHINE: SKY     :PK WND
================================================================================
1   2   3   4   5  6A  6B    7    8   9   10  11  12  13   14  15   16   17  18
                                     12Z  AVG MX 2MIN
DY MAX MIN AVG DEP HDD CDD  WTR  SNW DPTH SPD SPD DIR MIN PSBL S-S WX    SPD DR
================================================================================

 1  85  62  74  -3   0   9 0.00  0.0    0  8.5 16 110   M    M   0        20 140
 2  87  61  74  -3   0   9 0.00  0.0    0  9.3 18 140   M    M   0        22 130
 3  83  68  76  -1   0  11 0.01  0.0    0 11.2 24 210   M    M   3 1      31 210
 4  85  73  79   2   0  14 0.06  0.0    0 12.5 24 180   M    M   4 18     29 190
 5  92  72  82   4   0  17    T  0.0    0 12.5 20 170   M    M   2        26 200
 6  84  72  78   0   0  13 0.01  0.0    0  8.4 22 180   M    M   3 1      26 160
 7  85  68  77  -1   0  12 0.06  0.0    0  6.8 17 140   M    M   4 18     21 140
 8  80  71  76  -2   0  11 1.10  0.0    0  2.6 12 270   M    M   7 13     15 270
 9  85  68  77  -1   0  12 0.01  0.0    0  6.6 15  20   M    M   5 12     18  10
10  88  65  77  -1   0  12 0.00  0.0    0  1.9  9 250   M    M   1        15 320
11  91  68  80   2   0  15 2.97  0.0    0  9.3 22  70   M    M   3 13     24  80
12  84  68  76  -2   0  11 0.34  0.0    0  7.3 20 190   M    M   2 13     23 210
13  89  69  79   0   0  14 0.00  0.0    0  7.3 14 180   M    M   2        16 180
14  92  76  84   5   0  19 0.00  0.0    0  8.6 17 180   M    M   3 1      21 200
15  90  74  82   3   0  17    T  0.0    0  7.4 21  10   M    M   3 18     26  20
16  93  71  82   3   0  17 0.24  0.0    0  3.5 24 220   M    M   3 13     31 210
17  94  72  83   4   0  18 0.00  0.0    0  4.3 10 170   M    M   1        14 120
18  95  76  86   7   0  21 0.00  0.0    0  8.0 15 240   M    M   0        20 200
19  93  76  85   6   0  20 0.00  0.0    0  9.4 18 190   M    M   1        23 210
20  90  74  82   3   0  17 0.45  0.0    0  7.9 18  20   M    M   2 1      23  30
21  90  75  83   4   0  18 0.81  0.0    0  7.2 22 260   M    M   3 13     28 260
22  91  75  83   4   0  18 0.00  0.0    0 10.3 20 210   M    M   1        24 210
23  91  74  83   4   0  18 0.00  0.0    0 10.9 20 200   M    M   1        24 220
24  91  70  81   2   0  16 0.20  0.0    0 11.2 25  20   M    M   1 1      32  10
25  88  69  79   0   0  14 0.00  0.0    0  5.3 10  20   M    M   4 1      18  10
26  89  73  81   2   0  16 0.00  0.0    0  6.8 23  40   M    M   1 3      29  40
27  88  71  80   1   0  15 0.10  0.0    0  5.6 23 190   M    M   2 13     28 190
28  91  72  82   3   0  17 0.00  0.0    0  5.6 13 240   M    M   1        16 250
29  91  73  82   3   0  17 0.01  0.0    0  6.2 20  20   M    M   2 13     24  20
30  93  72  83   4   0  18 0.00  0.0    0  8.1 16 240   M    M   1        20 240
31  93  74  84   5   0  19 0.00  0.0    0  8.1 14 340   M    M   2        17 330
================================================================================
SM 2761 2202         0 475  6.37     0.0 238.6          M       68
================================================================================
AV 89.1 71.0                               7.7 FASTST   M    M   2    MAX(MPH)
                                 MISC ---->  # 25  20               # 32   10
================================================================================
NOTES:
# LAST OF SEVERAL OCCURRENCES

COLUMN 17 PEAK WIND IN M.P.H.

PRELIMINARY LOCAL CLIMATOLOGICAL DATA (WS FORM: F-6) , PAGE 2

                                          STATION:  SPRINGFIELD MO
                                          MONTH:    JULY
                                          YEAR:     2010
                                          LATITUDE:   37 13 N
                                          LONGITUDE:  93 23 W

[TEMPERATURE DATA]      [PRECIPITATION DATA]       SYMBOLS USED IN COLUMN 16

AVERAGE MONTHLY: 80.0   TOTAL FOR MONTH:   6.37    1 = FOG OR MIST
DPTR FM NORMAL:   1.5   DPTR FM NORMAL:    2.81    2 = FOG REDUCING VISIBILITY
HIGHEST:    95 ON 18    GRTST 24HR  3.23 ON 11-12      TO 1/4 MILE OR LESS
LOWEST:     61 ON  2                               3 = THUNDER
                        SNOW, ICE PELLETS, HAIL    4 = ICE PELLETS
                        TOTAL MONTH:   0.0 INCH    5 = HAIL
                        GRTST 24HR     0.0         6 = FREEZING RAIN OR DRIZZLE
                        GRTST DEPTH:   0           7 = DUSTSTORM OR SANDSTORM:
                                                       VSBY 1/2 MILE OR LESS
                                                   8 = SMOKE OR HAZE
[NO. OF DAYS WITH]      [WEATHER - DAYS WITH]      9 = BLOWING SNOW
                                                   X = TORNADO
MAX 32 OR BELOW:   0    0.01 INCH OR MORE:  14
MAX 90 OR ABOVE:  17    0.10 INCH OR MORE:   8
MIN 32 OR BELOW:   0    0.50 INCH OR MORE:   3
MIN  0 OR BELOW:   0    1.00 INCH OR MORE:   2

[HDD (BASE 65) ]
TOTAL THIS MO.     0    CLEAR  (SCALE 0-3)  25
DPTR FM NORMAL    -1    PTCLDY (SCALE 4-7)   6
TOTAL FM JUL 1     0    CLOUDY (SCALE 8-10)  0
DPTR FM NORMAL    -1

[CDD (BASE 65) ]
TOTAL THIS MO.   475
DPTR FM NORMAL    60    [PRESSURE DATA]
TOTAL FM JAN 1  1023    HIGHEST SLP M ON M
DPTR FM NORMAL   244    LOWEST  SLP 29.65 ON 11

[REMARKS]
#FINAL-07-10#
