000
CXUS53 KSGF 010800
CF6SGF
PRELIMINARY LOCAL CLIMATOLOGICAL DATA (WS FORM: F-6)

                                          STATION:   SPRINGFIELD MO
                                          MONTH:     SEPTEMBER
                                          YEAR:      2010
                                          LATITUDE:   37 13 N
                                          LONGITUDE:  93 23 W

  TEMPERATURE IN F:       :PCPN:    SNOW:  WIND      :SUNSHINE: SKY     :PK WND
================================================================================
1   2   3   4   5  6A  6B    7    8   9   10  11  12  13   14  15   16   17  18
                                     12Z  AVG MX 2MIN
DY MAX MIN AVG DEP HDD CDD  WTR  SNW DPTH SPD SPD DIR MIN PSBL S-S WX    SPD DR
================================================================================

 1  78  68  73  -1   0   8 4.62  0.0    0 11.2 20 130   M    M   5 138    24 130
 2  90  63  77   3   0  12 1.37  0.0    0 12.6 32 330   M    M   6 13     44 320
 3  76  55  66  -7   0   1 0.00  0.0    0  9.5 22 340   M    M   1        25 330
 4  77  50  64  -9   1   0 0.00  0.0    0  3.4 13  10   M    M   0        15  30
 5  84  54  69  -4   0   4 0.00  0.0    0 13.4 23 180   M    M   0        29 180
 6  89  64  77   5   0  12 0.00  0.0    0 15.7 26 170   M    M   0        32 190
 7  80  66  73   1   0   8    T  0.0    0  6.1 17  50   M    M   5 8      22  40
 8  78  65  72   0   0   7 0.09  0.0    0  9.1 15 150   M    M   5 1      20 150
 9  72  66  69  -2   0   4 1.79  0.0    0 12.2 28 130   M    M   9 1      36 130
10  89  71  80   9   0  15    T  0.0    0  9.4 18 180   M    M   4 13     23 180
11  81  63  72   1   0   7 0.65  0.0    0  7.8 12  20   M    M   5 13     14  20
12  82  54  68  -3   0   3 0.00  0.0    0  5.3 14 160   M    M   0        18 190
13  80  56  68  -2   0   3 0.00  0.0    0  7.5 13 200   M    M   0        16 210
14  81  64  73   3   0   8 0.59  0.0    0  6.2 17 180   M    M   5 13     21 160
15  82  63  73   3   0   8 1.58  0.0    0  9.5 29  40   M    M   4 1238   36  40
16  78  60  69   0   0   4    T  0.0    0  8.1 15 160   M    M   4        20 160
17  85  58  72   3   0   7 0.00  0.0    0  6.6 15 150   M    M   0        20 160
18  88  67  78   9   0  13 0.00  0.0    0  7.5 12 170   M    M   0 1      15 150
19  87  69  78  10   0  13 0.00  0.0    0  5.5  9 170   M    M   0 1      13 170
20  87  67  77   9   0  12 0.00  0.0    0  9.8 15 160   M    M   0        20 180
21  87  67  77   9   0  12 0.00  0.0    0 10.0 23 210   M    M   0        29 220
22  85  68  77  10   0  12    T  0.0    0  8.3 20  40   M    M   5        25 200
23  86  69  78  11   0  13 0.00  0.0    0 15.3 30 200   M    M   0        37 170
24  77  57  67   1   0   2 0.96  0.0    0  5.8 24 310   M    M   3 1      39 310
25  74  53  64  -2   1   0 0.00  0.0    0  6.4 22  30   M    M   1        26  20
26  60  50  55 -11  10   0    T  0.0    0 11.7 23  30   M    M   9 1      26  30
27  67  44  56  -9   9   0 0.00  0.0    0  4.0 10 310   M    M   1 12     14 360
28  73  51  62  -3   3   0 0.00  0.0    0  6.9 17 340   M    M   2 18     24 330
29  76  50  63  -2   2   0 0.00    M    M  1.3  7 280   M    M   0 1      10 310
30  75  50  63  -1   2   0 0.00  0.0    0  8.0 22  40   M    M   0 18     28 360
================================================================================
SM 2404 1802        28 188 11.65     0.0 254.1          M       74
================================================================================
AV 80.1 60.1                               8.5 FASTST   M    M   2    MAX(MPH)
                                 MISC ---->  # 32 330               # 44  320
================================================================================
NOTES:
# LAST OF SEVERAL OCCURRENCES

COLUMN 17 PEAK WIND IN M.P.H.

PRELIMINARY LOCAL CLIMATOLOGICAL DATA (WS FORM: F-6) , PAGE 2

                                          STATION:  SPRINGFIELD MO
                                          MONTH:    SEPTEMBER
                                          YEAR:     2010
                                          LATITUDE:   37 13 N
                                          LONGITUDE:  93 23 W

[TEMPERATURE DATA]      [PRECIPITATION DATA]       SYMBOLS USED IN COLUMN 16

AVERAGE MONTHLY: 70.1   TOTAL FOR MONTH:  11.65    1 = FOG OR MIST
DPTR FM NORMAL:   0.8   DPTR FM NORMAL:    6.82    2 = FOG REDUCING VISIBILITY
HIGHEST:    90 ON  2    GRTST 24HR  4.62 ON 31- 1      TO 1/4 MILE OR LESS
LOWEST:     44 ON 27                               3 = THUNDER
                        SNOW, ICE PELLETS, HAIL    4 = ICE PELLETS
                        TOTAL MONTH:   0.0 INCH    5 = HAIL
                        GRTST 24HR     0.0         6 = FREEZING RAIN OR DRIZZLE
                        GRTST DEPTH:   0           7 = DUSTSTORM OR SANDSTORM:
                                                       VSBY 1/2 MILE OR LESS
                                                   8 = SMOKE OR HAZE
[NO. OF DAYS WITH]      [WEATHER - DAYS WITH]      9 = BLOWING SNOW
                                                   X = TORNADO
MAX 32 OR BELOW:   0    0.01 INCH OR MORE:   8
MAX 90 OR ABOVE:   1    0.10 INCH OR MORE:   7
MIN 32 OR BELOW:   0    0.50 INCH OR MORE:   7
MIN  0 OR BELOW:   0    1.00 INCH OR MORE:   4

[HDD (BASE 65) ]
TOTAL THIS MO.    28    CLEAR  (SCALE 0-3)  18
DPTR FM NORMAL   -34    PTCLDY (SCALE 4-7)  10
TOTAL FM JUL 1    28    CLOUDY (SCALE 8-10)  2
DPTR FM NORMAL   -36

[CDD (BASE 65) ]
TOTAL THIS MO.   188
DPTR FM NORMAL     9    [PRESSURE DATA]
TOTAL FM JAN 1  1724    HIGHEST SLP 30.15 ON M
DPTR FM NORMAL   387    LOWEST  SLP 29.71 ON 10

[REMARKS]
#FINAL-09-10#
