000
CXUS53 KSGF 010800
CF6SGF
PRELIMINARY LOCAL CLIMATOLOGICAL DATA (WS FORM: F-6)

                                          STATION:   SPRINGFIELD MO
                                          MONTH:     NOVEMBER
                                          YEAR:      2010
                                          LATITUDE:   37 13 N
                                          LONGITUDE:  93 23 W

  TEMPERATURE IN F:       :PCPN:    SNOW:  WIND      :SUNSHINE: SKY     :PK WND
================================================================================
1   2   3   4   5  6A  6B    7    8   9   10  11  12  13   14  15   16   17  18
                                     12Z  AVG MX 2MIN
DY MAX MIN AVG DEP HDD CDD  WTR  SNW DPTH SPD SPD DIR MIN PSBL S-S WX    SPD DR
================================================================================

 1  63  46  55   3  10   0 0.81  0.0    0 11.2 18  60   M    M   6 13     22  40
 2  56  38  47  -4  18   0 0.16  0.0    0  9.9 20  20   M    M   6 1      23  40
 3  63  35  49  -2  16   0 0.00  0.0    0  8.9 23 340   M    M   0        28 340
 4  57  34  46  -5  19   0 0.00  0.0    0 14.6 28 320   M    M   1        37 320
 5  48  28  38 -12  27   0 0.00  0.0    0  7.1 15 320   M    M   0        18 320
 6  59  25  42  -8  23   0 0.00  0.0    0  6.2 13 160   M    M   0        16 160
 7  69  38  54   5  11   0 0.00  0.0    0 11.6 20 240   M    M   0        24 240
 8  72  43  58   9   7   0 0.00  0.0    0 13.2 23 210   M    M   0        29 230
 9  72  46  59  11   6   0 0.00  0.0    0 13.2 22 200   M    M   0        25 190
10  70  53  62  14   3   0 0.00  0.0    0 13.6 24 180   M    M   2        32 170
11  72  52  62  14   3   0 0.08  0.0    0  6.6 14 140   M    M   5 1      23 200
12  66  44  55   8  10   0 0.10  0.0    0 12.3 24 150   M    M   7 1      32 150
13  46  32  39  -8  26   0    T  0.0    0  9.0 22 270   M    M   6 1      26 280
14  53  26  40  -6  25   0 0.00  0.0    0  5.3 16 240   M    M   2        20 240
15  56  35  46   0  19   0    T  0.0    0  5.4 12 160   M    M   6        15 170
16  55  35  45  -1  20   0 0.03  0.0    0  5.9 16 250   M    M   6 1      20 270
17  53  35  44  -1  21   0 0.26  0.0    0 10.3 21  30   M    M   7 1      25  40
18  41  33  37  -8  28   0 0.00  0.0    0  7.3 21 350   M    M   9 1      24 360
19  61  34  48   4  17   0 0.00  0.0    0 12.4 22 190   M    M   1 1      26 170
20  59  38  49   5  16   0 0.00  0.0    0 13.5 22 170   M    M   1        26 160
21  69  50  60  16   5   0 0.00  0.0    0 16.2 28 200   M    M  10        33 210
22  69  39  54  11  11   0 0.30  0.0    0 15.7 26 190   M    M   6 13     32 200
23  51  32  42  -1  23   0 0.00  0.0    0 10.5 28 140   M    M   2        36 130
24  68  42  55  12  10   0 1.97  0.0    0 16.6 33 140   M    M   8 13     44 140
25  54  22  38  -4  27   0 0.44  0.1    0 12.0 18 350   M    M   6 136    22 340
26  46  19  33  -9  32   0 0.00  0.0    0  9.0 24 280   M    M   0        30 290
27  56  24  40  -1  25   0 0.00  0.0    0  4.4 10 150   M    M   0        13 280
28  59  32  46   5  19   0 0.00  0.0    0 17.5 30 150   M    M   0        40 160
29  52  33  43   2  22   0 0.09    M    0 17.8 30 150   M    M   6 1      36 140
30  34  27  31  -9  34   0 0.00  0.0    0 12.9 25 280   M    M   7        32 290
================================================================================
SM 1749 1070       533   0  4.24     0.1 330.1          M      110
================================================================================
AV 58.3 35.7                              11.0 FASTST   M    M   4    MAX(MPH)
                                 MISC ---->  # 33 140               # 44  140
================================================================================
NOTES:
# LAST OF SEVERAL OCCURRENCES

COLUMN 17 PEAK WIND IN M.P.H.

PRELIMINARY LOCAL CLIMATOLOGICAL DATA (WS FORM: F-6) , PAGE 2

                                          STATION:  SPRINGFIELD MO
                                          MONTH:    NOVEMBER
                                          YEAR:     2010
                                          LATITUDE:   37 13 N
                                          LONGITUDE:  93 23 W

[TEMPERATURE DATA]      [PRECIPITATION DATA]       SYMBOLS USED IN COLUMN 16

AVERAGE MONTHLY: 47.0   TOTAL FOR MONTH:   4.24    1 = FOG OR MIST
DPTR FM NORMAL:   1.1   DPTR FM NORMAL:   -0.22    2 = FOG REDUCING VISIBILITY
HIGHEST:    72 ON 11, 9 GRTST 24HR  2.41 ON 24-25      TO 1/4 MILE OR LESS
LOWEST:     19 ON 26                               3 = THUNDER
                        SNOW, ICE PELLETS, HAIL    4 = ICE PELLETS
                        TOTAL MONTH:   0.1 INCH    5 = HAIL
                        GRTST 24HR   0.1 ON   M    6 = FREEZING RAIN OR DRIZZLE
                        GRTST DEPTH:   0           7 = DUSTSTORM OR SANDSTORM:
                                                       VSBY 1/2 MILE OR LESS
                                                   8 = SMOKE OR HAZE
[NO. OF DAYS WITH]      [WEATHER - DAYS WITH]      9 = BLOWING SNOW
                                                   X = TORNADO
MAX 32 OR BELOW:   0    0.01 INCH OR MORE:  10
MAX 90 OR ABOVE:   0    0.10 INCH OR MORE:   7
MIN 32 OR BELOW:  10    0.50 INCH OR MORE:   2
MIN  0 OR BELOW:   0    1.00 INCH OR MORE:   1

[HDD (BASE 65) ]
TOTAL THIS MO.   533    CLEAR  (SCALE 0-3)  15
DPTR FM NORMAL   -45    PTCLDY (SCALE 4-7)  13
TOTAL FM JUL 1   771    CLOUDY (SCALE 8-10)  2
DPTR FM NORMAL  -119

[CDD (BASE 65) ]
TOTAL THIS MO.     0
DPTR FM NORMAL    -1    [PRESSURE DATA]
TOTAL FM JAN 1  1734    HIGHEST SLP 29.92 ON 15
DPTR FM NORMAL   368    LOWEST  SLP 29.58 ON 24

[REMARKS]
#FINAL-11-10#
