000
CXUS53 KSGF 010800
CF6SGF
PRELIMINARY LOCAL CLIMATOLOGICAL DATA (WS FORM: F-6)

                                          STATION:   SPRINGFIELD MO
                                          MONTH:     MAY
                                          YEAR:      2010
                                          LATITUDE:   37 13 N
                                          LONGITUDE:  93 23 W

  TEMPERATURE IN F:       :PCPN:    SNOW:  WIND      :SUNSHINE: SKY     :PK WND
================================================================================
1   2   3   4   5  6A  6B    7    8   9   10  11  12  13   14  15   16   17  18
                                     12Z  AVG MX 2MIN
DY MAX MIN AVG DEP HDD CDD  WTR  SNW DPTH SPD SPD DIR MIN PSBL S-S WX    SPD DR
================================================================================

 1  68  52  60   0   5   0 0.13  0.0    0  7.8 22 310   M    M   7 12     29 310
 2  68  49  59  -2   6   0    T  0.0    0  5.3 13 180   M    M   2 12     15 210
 3  74  46  60  -1   5   0 0.00  0.0    0  5.2 17 250   M    M   0        26 220
 4  79  50  65   4   0   0 0.00  0.0    0 11.1 23 190   M    M   0        30 190
 5  79  56  68   7   0   3 0.00  0.0    0  8.3 20 240   M    M   0        26 360
 6  80  54  67   5   0   2 0.00  0.0    0 13.8 24 150   M    M   0        31 150
 7  73  48  61  -1   4   0    T  0.0    0 13.9 25 330   M    M   4        30 330
 8  61  41  51 -11  14   0 0.00  0.0    0 11.1 24 330   M    M   1        29 340
 9  60  47  54  -9  11   0 0.05  0.0    0 10.7 16 120   M    M   7 3      21 110
10  59  46  53 -10  12   0 1.11  0.0    0 21.5 38 150   M    M  10 13     46 150
11  80  59  70   7   0   5    T  0.0    0 10.3 23 230   M    M   5 18     32 230
12  82  68  75  12   0  10 0.00  0.0    0 14.4 28 180   M    M   5 18     32 180
13  73  57  65   1   0   0 0.69  0.0    0  9.4 20 280   M    M   7 13     25 280
14  66  53  60  -4   5   0 2.27  0.0    0  9.4 24  30   M    M   9 13     28  30
15  67  57  62  -2   3   0 0.22  0.0    0   M   M   M   M    M  10 1       M  M
16  72  60  66   1   0   1 0.93  0.0    0  4.8 13  50   M    M   8 123    15  60
17  67  53  60  -5   5   0 0.00  0.0    0   M   M   M   M    M   9 12      M  M
18  72  47  60  -5   5   0 0.00  0.0    0  3.5 13  40   M    M   3 12     16  20
19  63  51  57  -9   8   0 1.41  0.0    0  9.4 21 100   M    M   5 13     28 110
20  73  57  65  -1   0   0 0.33  0.0    0 12.1 25 140   M    M   7 13     31 140
21  72  54  63  -3   2   0 0.00  0.0    0  7.7 17 280   M    M   5        26 310
22  87  56  72   5   0   7 0.00  0.0    0 12.1 23 170   M    M   1        29 160
23  85  69  77  10   0  12 0.00  0.0    0 11.8 23 190   M    M   3        28 190
24  87  67  77  10   0  12 0.00  0.0    0  9.5 22 150   M    M   1 8      26 150
25  81  64  73   6   0   8    T  0.0    0  7.8 24 170   M    M   1 3      29 170
26  85  61  73   5   0   8 0.00  0.0    0  3.3 14 360   M    M   0 1      15  80
27  84  62  73   5   0   8 0.00  0.0    0  5.4 15  10   M    M   1        18  30
28  85  62  74   6   0   9 0.00  0.0    0  6.7 14  40   M    M   1 18     17  50
29  84  58  71   2   0   6 0.00  0.0    0  3.9 12  50   M    M   1        16  80
30  83  64  74   5   0   9 0.00  0.0    0  4.3 15 150   M    M   2 18     39 150
31  85  66  76   7   0  11 0.00  0.0    0  5.0 12 280   M    M   2 18     15 280
================================================================================
SM 2334 1734        85 111  7.14     0.0 259.5          M      117
================================================================================
AV 75.3 55.9                               8.9 FASTST   M    M   4    MAX(MPH)
                                 MISC ---->  # 38 150               # 46  150
================================================================================
NOTES:
# LAST OF SEVERAL OCCURRENCES

COLUMN 17 PEAK WIND IN M.P.H.

PRELIMINARY LOCAL CLIMATOLOGICAL DATA (WS FORM: F-6) , PAGE 2

                                          STATION:  SPRINGFIELD MO
                                          MONTH:    MAY
                                          YEAR:     2010
                                          LATITUDE:   37 13 N
                                          LONGITUDE:  93 23 W

[TEMPERATURE DATA]      [PRECIPITATION DATA]       SYMBOLS USED IN COLUMN 16

AVERAGE MONTHLY: 65.6   TOTAL FOR MONTH:   7.14    1 = FOG OR MIST
DPTR FM NORMAL:   0.9   DPTR FM NORMAL:    2.57    2 = FOG REDUCING VISIBILITY
HIGHEST:    87 ON 24,22 GRTST 24HR  2.38 ON 13-14      TO 1/4 MILE OR LESS
LOWEST:     41 ON  8                               3 = THUNDER
                        SNOW, ICE PELLETS, HAIL    4 = ICE PELLETS
                        TOTAL MONTH:   0.0 INCH    5 = HAIL
                        GRTST 24HR     0.0         6 = FREEZING RAIN OR DRIZZLE
                        GRTST DEPTH:   0           7 = DUSTSTORM OR SANDSTORM:
                                                       VSBY 1/2 MILE OR LESS
                                                   8 = SMOKE OR HAZE
[NO. OF DAYS WITH]      [WEATHER - DAYS WITH]      9 = BLOWING SNOW
                                                   X = TORNADO
MAX 32 OR BELOW:   0    0.01 INCH OR MORE:   9
MAX 90 OR ABOVE:   0    0.10 INCH OR MORE:   8
MIN 32 OR BELOW:   0    0.50 INCH OR MORE:   5
MIN  0 OR BELOW:   0    1.00 INCH OR MORE:   3

[HDD (BASE 65) ]
TOTAL THIS MO.    85    CLEAR  (SCALE 0-3)  17
DPTR FM NORMAL   -15    PTCLDY (SCALE 4-7)  10
TOTAL FM JUL 1  4820    CLOUDY (SCALE 8-10)  4
DPTR FM NORMAL   226

[CDD (BASE 65) ]
TOTAL THIS MO.   111
DPTR FM NORMAL    28    [PRESSURE DATA]
TOTAL FM JAN 1   144    HIGHEST SLP 30.10 ON 26
DPTR FM NORMAL    38    LOWEST  SLP 29.55 ON M

[REMARKS]
#FINAL-05-10#
