177
CXUS53 KSGF 010800
CF6SGF
PRELIMINARY LOCAL CLIMATOLOGICAL DATA (WS FORM: F-6)

                                          STATION:   SPRINGFIELD MO
                                          MONTH:     OCTOBER
                                          YEAR:      2015
                                          LATITUDE:   37 13 N
                                          LONGITUDE:  93 23 W

  TEMPERATURE IN F:       :PCPN:    SNOW:  WIND      :SUNSHINE: SKY     :PK WND
================================================================================
1   2   3   4   5  6A  6B    7    8   9   10  11  12  13   14  15   16   17  18
                                     12Z  AVG MX 2MIN
DY MAX MIN AVG DEP HDD CDD  WTR  SNW DPTH SPD SPD DIR MIN PSBL S-S WX    SPD DR
================================================================================

 1  70  44  57  -6   8   0 0.00  0.0    0  8.7 18 360   M    M   M        21  20
 2  68  43  56  -6   9   0 0.00  0.0    0 10.4 21  30   M    M   M        26  30
 3  67  43  55  -7  10   0 0.00  0.0    0  9.9 20  30   M    M   M        27  30
 4  59  45  52 -10  13   0 0.00  0.0    0  8.6 16  20   M    M   M        19  20
 5  70  54  62   1   3   0 0.00  0.0    M  7.0 13  40   M    M   M 1      16 340
 6  72  54  63   2   2   0 0.00  0.0    0  4.0 10 330   M    M   2 1      13 320
 7  77  53  65   5   0   0 0.00  0.0    0  2.2  8  50   M    M   5 1      10  40
 8  83  58  71  11   0   6    T  0.0    0  6.6 15 270   M    M   0        18 260
 9  68  52  60   0   5   0 0.11  0.0    0  8.5 16 350   M    M   8 13     22 310
10  73  42  58  -2   7   0 0.00  0.0    0  3.7 13 220   M    M   1 12     15 220
11  84  51  68   9   0   3 0.00  0.0    0 11.1 21 220   M    M   1        25 210
12  81  57  69  10   0   4 0.00  0.0    0 10.2 23 350   M    M   0        28 340
13  76  44  60   1   5   0 0.00  0.0    0  6.4 18 330   M    M   0        23 330
14  82  48  65   7   0   0 0.00  0.0    0  6.0 13 330   M    M   0        16 320
15  85  52  69  11   0   4 0.05  0.0    0  9.4 28  20   M    M   2 38     35  10
16  66  41  54  -4  11   0 0.00  0.0    0  8.3 21  10   M    M   1        25  10
17  63  41  52  -6  13   0 0.00  0.0    0  7.3 16  60   M    M   6        20  70
18  67  47  57   0   8   0 0.00  0.0    0 13.1 22 160   M    M   5 8      27 150
19  78  50  64   7   1   0 0.00  0.0    0 13.8 21 190   M    M   0        26 160
20  82  54  68  11   0   3 0.00  0.0    0 13.7 22 200   M    M   0        26 200
21  82  56  69  13   0   4 0.00  0.0    0  9.2 18 240   M    M   0        23 230
22  80  58  69  13   0   4 0.01  0.0    0 10.1 18 150   M    M   1        25 150
23  73  61  67  11   0   2 0.26  0.0    0 13.6 23 130   M    M   9 1      32 130
24  66  50  58   3   7   0 0.00  0.0    0  8.9 17 330   M    M   4        21 330
25  66  44  55   0  10   0 0.00  0.0    0  8.4 18  40   M    M   0        23  30
26  71  39  55   0  10   0 0.01  0.0    0  7.9 16 110   M    M   2 1      20 110
27  62  57  60   6   5   0 0.64  0.0    0  6.7 15 280   M    M   8 1      19 290
28  62  47  55   1  10   0 0.00  0.0    0 10.3 17 280   M    M   6        22 280
29  56  35  46  -8  19   0 0.00  0.0    0  5.8 17 340   M    M   1        20 340
30  54  33  44  -9  21   0 0.19  0.0    0 12.6 32 150   M    M   4        42 140
31  60  47  54   1  11   0 0.24    M    M 11.7 33 140   M    M   8 12     42 150
================================================================================
SM 2203 1500       188  30  1.51     0.0 274.1          M       74
================================================================================
AV 71.1 48.4                               8.8 FASTST   M    M   3    MAX(MPH)
                                 MISC ---->  # 33 140               # 42  140
================================================================================
NOTES:
# LAST OF SEVERAL OCCURRENCES

COLUMN 17 PEAK WIND IN M.P.H.

PRELIMINARY LOCAL CLIMATOLOGICAL DATA (WS FORM: F-6) , PAGE 2

                                          STATION:  SPRINGFIELD MO
                                          MONTH:    OCTOBER
                                          YEAR:     2015
                                          LATITUDE:   37 13 N
                                          LONGITUDE:  93 23 W

[TEMPERATURE DATA]      [PRECIPITATION DATA]       SYMBOLS USED IN COLUMN 16

AVERAGE MONTHLY: 59.7   TOTAL FOR MONTH:   1.51    1 = FOG OR MIST
DPTR FM NORMAL:   1.9   DPTR FM NORMAL:   -2.08    2 = FOG REDUCING VISIBILITY
HIGHEST:    85 ON 15    GRTST 24HR  0.65 ON 26-27      TO 1/4 MILE OR LESS
LOWEST:     33 ON 30                               3 = THUNDER
                        SNOW, ICE PELLETS, HAIL    4 = ICE PELLETS
                        TOTAL MONTH:   0.0 INCH    5 = HAIL
                        GRTST 24HR     0.0         6 = FREEZING RAIN OR DRIZZLE
                        GRTST DEPTH:   0           7 = DUSTSTORM OR SANDSTORM:
                                                       VSBY 1/2 MILE OR LESS
                                                   8 = SMOKE OR HAZE
[NO. OF DAYS WITH]      [WEATHER - DAYS WITH]      9 = BLOWING SNOW
                                                   X = TORNADO
MAX 32 OR BELOW:   0    0.01 INCH OR MORE:   8
MAX 90 OR ABOVE:   0    0.10 INCH OR MORE:   5
MIN 32 OR BELOW:   0    0.50 INCH OR MORE:   1
MIN  0 OR BELOW:   0    1.00 INCH OR MORE:   0

[HDD (BASE 65) ]
TOTAL THIS MO.   188    CLEAR  (SCALE 0-3)  16
DPTR FM NORMAL   -65    PTCLDY (SCALE 4-7)   7
TOTAL FM JUL 1   201    CLOUDY (SCALE 8-10)  3
DPTR FM NORMAL  -107

[CDD (BASE 65) ]
TOTAL THIS MO.    30
DPTR FM NORMAL     2    [PRESSURE DATA]
TOTAL FM JAN 1  1555    HIGHEST SLP M ON M
DPTR FM NORMAL   168    LOWEST  SLP 29.66 ON 12

[REMARKS]
#FINAL-10-15#
#FINAL-10-15#
