000
CXUS53 KSGF 181501
CF6SGF
PRELIMINARY LOCAL CLIMATOLOGICAL DATA (WS FORM: F-6)

                                          STATION:   SPRINGFIELD MO
                                          MONTH:     MARCH
                                          YEAR:      2014
                                          LATITUDE:   37 13 N
                                          LONGITUDE:  93 23 W

  TEMPERATURE IN F:       :PCPN:    SNOW:  WIND      :SUNSHINE: SKY     :PK WND
================================================================================
1   2   3   4   5  6A  6B    7    8   9   10  11  12  13   14  15   16   17  18
                                     12Z  AVG MX 2MIN
DY MAX MIN AVG DEP HDD CDD  WTR  SNW DPTH SPD SPD DIR MIN PSBL S-S WX    SPD DR
================================================================================

 1  51  26  39  -3  26   0    T  0.0    0  9.4 22  30   M    M   8 18     26  40
 2  26   5  16 -26  49   0 0.14  1.0    1 17.7 29  30   M    M  10 134689 36  10
 3  24   2  13 -29  52   0 0.07  2.8    3  8.0 24 350   M    M   3 189    28 350
 4  42   9  26 -17  39   0 0.00  0.0    3  7.2 15 160   M    M   0        19 160
 5  49  21  35  -8  30   0 0.00  0.0    0  5.9 15 160   M    M   2        18 160
 6  53  26  40  -3  25   0 0.00  0.0    0  5.2  9 150   M    M   2        12  90
 7  62  30  46   2  19   0 0.00  0.0    0 11.6 20 210   M    M   0        24 200
 8  44  33  39  -5  26   0 0.27  0.0    0  8.4 16  20   M    M   7 1      18  20
 9  58  31  45   1  20   0 0.00  0.0    0  7.4 15 220   M    M   5 18     18 220
10  74  36  55  11  10   0 0.00  0.0    0 13.2 22 250   M    M   0 1      39 210
11  79  43  61  16   4   0    T  0.0    0 14.9 37 340   M    M   2 138    42 350
12  52  31  42  -3  23   0    T  0.0    0 16.1 36 340   M    M   3 1      43 340
13  66  30  48   2  17   0 0.00  0.0    0 10.9 23 250   M    M   0        29 260
14  66  35  51   5  14   0 0.00  0.0    0 11.1 24 240   M    M   1        31 220
15  68  33  51   5  14   0 0.00  0.0    0 11.2 21 180   M    M   1        26 160
16  56  25  41  -5  24   0 1.63  1.0    0 18.7 38  30   M    M   9 16     44  30
17  50  15  33 -14  32   0 0.00  0.0    T  7.2 17 150   M    M   0        20 150
18  67  37  52   5  13   0 0.00  0.0    0 19.6 33 150   M    M   1        44 150
19  53  35  44  -3  21   0 0.00  0.0    0 12.3 26 270   M    M   5        36 280
20  67  31  49   1  16   0 0.00  0.0    0 10.7 22 200   M    M   0        27 210
21  75  44  60  12   5   0 0.00  0.0    0 13.8 29 220   M    M   1        36 200
22  54  34  44  -4  21   0 0.00  0.0    0 14.0 22  20   M    M   1        27  30
23  47  28  38 -10  27   0 0.00  0.0    0 11.1 21  10   M    M   1        26 360
24  49  28  39 -10  26   0 0.05  0.0    0 11.4 22 150   M    M   6 1      27 140
25  42  23  33 -16  32   0    T    T    0  9.8 25 350   M    M   5 18     32 320
26  55  23  39 -10  26   0 0.05  0.0    0 17.5 31 150   M    M   4        38 160
27  70  44  57   7   8   0 0.11  0.0    0 19.9 38 190   M    M   7 13     48 190
28  54  33  44  -6  21   0 0.01  0.0    0  7.6 16  30   M    M   3 1      19  30
29  56  32  44  -6  21   0 0.00  0.0    0  8.4 20 340   M    M   1 18     26 330
30  71  31  51   0  14   0 0.00  0.0    0 13.9 22 160   M    M   0        27 160
31  67  51  59   8   6   0    T  0.0    0 18.1 29 190   M    M   1        36 190
================================================================================
SM 1747  905       681   0  2.33     4.8 372.2          M       89
================================================================================
AV 56.4 29.2                              12.0 FASTST   M    M   3    MAX(MPH)
                                 MISC ---->  # 38  30               # 48  190
================================================================================
NOTES:
# LAST OF SEVERAL OCCURRENCES

COLUMN 17 PEAK WIND IN M.P.H.

PRELIMINARY LOCAL CLIMATOLOGICAL DATA (WS FORM: F-6) , PAGE 2

                                          STATION:  SPRINGFIELD MO
                                          MONTH:    MARCH
                                          YEAR:     2014
                                          LATITUDE:   37 13 N
                                          LONGITUDE:  93 23 W

[TEMPERATURE DATA]      [PRECIPITATION DATA]       SYMBOLS USED IN COLUMN 16

AVERAGE MONTHLY: 42.8   TOTAL FOR MONTH:   2.33    1 = FOG OR MIST
DPTR FM NORMAL:  -3.5   DPTR FM NORMAL:   -1.29    2 = FOG REDUCING VISIBILITY
HIGHEST:    79 ON 11    GRTST 24HR  1.63 ON 16-16      TO 1/4 MILE OR LESS
LOWEST:      2 ON  3                               3 = THUNDER
                        SNOW, ICE PELLETS, HAIL    4 = ICE PELLETS
                        TOTAL MONTH:   4.8 INCHES  5 = HAIL
                        GRTST 24HR   2.8 ON   M    6 = FREEZING RAIN OR DRIZZLE
                        GRTST DEPTH:   3 ON  4, 3  7 = DUSTSTORM OR SANDSTORM:
                                                       VSBY 1/2 MILE OR LESS
                                                   8 = SMOKE OR HAZE
[NO. OF DAYS WITH]      [WEATHER - DAYS WITH]      9 = BLOWING SNOW
                                                   X = TORNADO
MAX 32 OR BELOW:   2    0.01 INCH OR MORE:   8
MAX 90 OR ABOVE:   0    0.10 INCH OR MORE:   4
MIN 32 OR BELOW:  19    0.50 INCH OR MORE:   1
MIN  0 OR BELOW:   0    1.00 INCH OR MORE:   1

[HDD (BASE 65) ]
TOTAL THIS MO.   681    CLEAR  (SCALE 0-3)  21
DPTR FM NORMAL   100    PTCLDY (SCALE 4-7)   7
TOTAL FM JUL 1  4636    CLOUDY (SCALE 8-10)  3
DPTR FM NORMAL   462

[CDD (BASE 65) ]
TOTAL THIS MO.     0
DPTR FM NORMAL    -3    [PRESSURE DATA]
TOTAL FM JAN 1     0    HIGHEST SLP 30.53 ON  3
DPTR FM NORMAL    -3    LOWEST  SLP 29.44 ON 11

[REMARKS]
#FINAL-03-14#
