000
CXUS53 KSGF 011022
CF6SGF
PRELIMINARY LOCAL CLIMATOLOGICAL DATA (WS FORM: F-6)

                                          STATION:   SPRINGFIELD MO
                                          MONTH:     FEBRUARY
                                          YEAR:      2016
                                          LATITUDE:   37 13 N
                                          LONGITUDE:  93 23 W

  TEMPERATURE IN F:       :PCPN:    SNOW:  WIND      :SUNSHINE: SKY     :PK WND
================================================================================
1   2   3   4   5  6A  6B    7    8   9   10  11  12  13   14  15   16   17  18
                                     12Z  AVG MX 2MIN
DY MAX MIN AVG DEP HDD CDD  WTR  SNW DPTH SPD SPD DIR MIN PSBL S-S WX    SPD DR
================================================================================

 1  60  32  46  12  19   0 0.00  0.0    0 11.8 30 120   M    M   2        37 120
 2  62  36  49  15  16   0 0.05  0.0    0 21.7 36 220   M    M   5 1      44 220
 3  37  26  32  -2  33   0    T    T    0 14.4 30 260   M    M   9        39 270
 4  44  17  31  -3  34   0 0.00  0.0    0  7.6 20 260   M    M   0        25 290
 5  52  21  37   2  28   0 0.00  0.0    0  5.4 18 260   M    M   0        23 290
 6  54  26  40   5  25   0 0.00  0.0    0  7.8 16 220   M    M   3        20 240
 7  51  30  41   6  24   0 0.00  0.0    0 12.3 30 330   M    M   2        37 320
 8  39  28  34  -1  31   0    T    T    0 18.3 36 330   M    M   9        46 320
 9  34  22  28  -8  37   0 0.00  0.0    0 17.4 32 320   M    M   1        41 310
10  50  17  34  -2  31   0 0.00  0.0    0  8.9 21 230   M    M   1        26 220
11  49  24  37   1  28   0 0.00  0.0    0  6.6 13  30   M    M   0        18  60
12  45  25  35  -1  30   0 0.00  0.0    0 10.9 24 340   M    M   1        28 330
13  38  21  30  -6  35   0 0.00  0.0    0 12.2 23 140   M    M   6        29 150
14  37  25  31  -6  34   0    T  0.0    0 13.0 25 140   M    M  10 1268   31 130
15  57  29  43   6  22   0    T  0.0    0  7.5 17 250   M    M   5 12     21 260
16  47  30  39   2  26   0 0.06  0.0    0 10.5 30 320   M    M   9        39 330
17  60  24  42   4  23   0 0.00  0.0    0  7.5 16 160   M    M   1 128    18 160
18  74  42  58  20   7   0 0.00  0.0    0 20.1 35 180   M    M   0        45 190
19  72  47  60  22   5   0 0.00  0.0    0 13.6 31 210   M    M   0        44 220
20  77  49  63  24   2   0 0.00  0.0    0  8.9 20 230   M    M   1 1      23 220
21  64  40  52  13  13   0 0.04  0.0    0  9.5 20 350   M    M   3 1      23 330
22  56  31  44   5  21   0 0.00  0.0    0  7.6 14  60   M    M   0        17  50
23  46  36  41   1  24   0 0.18    T    0 15.6 28  10   M    M   7 1      37  10
24  47  27  37  -3  28   0 0.03    T    0 15.0 26 350   M    M   8        35 350
25  40  28  34  -6  31   0    T    T    0 10.6 25 330   M    M   7        32 310
26  50  20  35  -6  30   0 0.00  0.0    0  6.8 14 210   M    M   0        18 200
27  70  32  51  10  14   0 0.00  0.0    0 11.4 20 200   M    M   0        26 210
28  70  43  57  16   8   0 0.00  0.0    0 16.8 36 220   M    M   2        47 190
29  70  29  50   9  15   0 0.00  0.0    0 10.3 20 210   M    M   0 8      22 210
================================================================================
SM 1552  857       674   0  0.36    T    340.0          M       92
================================================================================
AV 53.5 29.6                              11.7 FASTST   M    M   3    MAX(MPH)
                                 MISC ---->  # 36 220               # 47  190
================================================================================
NOTES:
# LAST OF SEVERAL OCCURRENCES

COLUMN 17 PEAK WIND IN M.P.H.

PRELIMINARY LOCAL CLIMATOLOGICAL DATA (WS FORM: F-6) , PAGE 2

                                          STATION:  SPRINGFIELD MO
                                          MONTH:    FEBRUARY
                                          YEAR:     2016
                                          LATITUDE:   37 13 N
                                          LONGITUDE:  93 23 W

[TEMPERATURE DATA]      [PRECIPITATION DATA]       SYMBOLS USED IN COLUMN 16

AVERAGE MONTHLY: 41.5   TOTAL FOR MONTH:   0.36    1 = FOG OR MIST
DPTR FM NORMAL:   4.3   DPTR FM NORMAL:   -2.16    2 = FOG REDUCING VISIBILITY
HIGHEST:    77 ON 20    GRTST 24HR  0.21 ON 23-24      TO 1/4 MILE OR LESS
LOWEST:     17 ON 10, 4                            3 = THUNDER
                        SNOW, ICE PELLETS, HAIL    4 = ICE PELLETS
                        TOTAL MONTH:    T          5 = HAIL
                        GRTST 24HR    T  ON 25-25  6 = FREEZING RAIN OR DRIZZLE
                        GRTST DEPTH:   0           7 = DUSTSTORM OR SANDSTORM:
                                                       VSBY 1/2 MILE OR LESS
                                                   8 = SMOKE OR HAZE
[NO. OF DAYS WITH]      [WEATHER - DAYS WITH]      9 = BLOWING SNOW
                                                   X = TORNADO
MAX 32 OR BELOW:   0    0.01 INCH OR MORE:   5
MAX 90 OR ABOVE:   0    0.10 INCH OR MORE:   1
MIN 32 OR BELOW:  22    0.50 INCH OR MORE:   0
MIN  0 OR BELOW:   0    1.00 INCH OR MORE:   0

[HDD (BASE 65) ]
TOTAL THIS MO.   674    CLEAR  (SCALE 0-3)  19
DPTR FM NORMAL  -106    PTCLDY (SCALE 4-7)   6
TOTAL FM JUL 1  2913    CLOUDY (SCALE 8-10)  4
DPTR FM NORMAL  -704

[CDD (BASE 65) ]
TOTAL THIS MO.     0
DPTR FM NORMAL     0    [PRESSURE DATA]
TOTAL FM JAN 1     0    HIGHEST SLP 30.59 ON 13
DPTR FM NORMAL     0    LOWEST  SLP 29.44 ON  2

[REMARKS]
#FINAL-02-16#
