000
CXUS53 KSGF 181501
CF6SGF
PRELIMINARY LOCAL CLIMATOLOGICAL DATA (WS FORM: F-6)

                                          STATION:   SPRINGFIELD MO
                                          MONTH:     FEBRUARY
                                          YEAR:      2014
                                          LATITUDE:   37 13 N
                                          LONGITUDE:  93 23 W

  TEMPERATURE IN F:       :PCPN:    SNOW:  WIND      :SUNSHINE: SKY     :PK WND
================================================================================
1   2   3   4   5  6A  6B    7    8   9   10  11  12  13   14  15   16   17  18
                                     12Z  AVG MX 2MIN
DY MAX MIN AVG DEP HDD CDD  WTR  SNW DPTH SPD SPD DIR MIN PSBL S-S WX    SPD DR
================================================================================

 1  44  25  35   1  30   0 0.13    T    0 12.3 23 150   M    M  10 12     27 150
 2  25  16  21 -13  44   0 0.00    T    0 11.9 21  20   M    M   7 1      24  20
 3  41  11  26  -8  39   0 0.00  0.0    0  5.3 13 120   M    M   0        15  80
 4  31  25  28  -6  37   0 0.16  1.9    0 10.2 18  80   M    M  10 1      24  80
 5  25   6  16 -19  49   0    T  0.4    2 14.8 26 340   M    M   9 18     32 330
 6  14   2   8 -27  57   0 0.00  0.0    2  8.0 15  20   M    M   2        18  10
 7  22   1  12 -23  53   0 0.00  0.0    0  7.9 15 150   M    M   8        17 150
 8  31  19  25 -10  40   0 0.00  0.0    0  6.6 15 150   M    M   9 1      19 150
 9  29  21  25 -11  40   0    T  0.0    2  9.0 18  30   M    M  10 168    21  40
10  23  14  19 -17  46   0 0.02  2.0    2 11.0 21  40   M    M   7 18     23  40
11  30   9  20 -16  45   0 0.00  0.0    1  7.5 13  40   M    M   1        14  50
12  42  13  28  -8  37   0 0.00  0.0    T  5.1 12 160   M    M   2        13 160
13  51  19  35  -1  30   0 0.00  0.0    T  7.5 18 260   M    M   0 18     23 240
14  48  21  35  -2  30   0 0.03  0.0    0 14.2 30 320   M    M   7        36 320
15  51  16  34  -3  31   0 0.00  0.0    0  7.8 18 190   M    M   4 1      24 210
16  54  24  39   2  26   0 0.00  0.0    0  9.2 28 150   M    M   1        37 150
17  58  34  46   8  19   0 0.00  0.0    0 16.6 31 320   M    M   5        40 310
18  68  33  51  13  14   0 0.00  0.0    0 12.7 25 200   M    M   0        32 200
19  63  29  46   8  19   0    T  0.0    0 11.2 26 140   M    M   2        36 130
20  73  34  54  15  11   0 0.16  0.0    0 20.0 47 250   M    M   7 13     62 250
21  58  30  44   5  21   0 0.00  0.0    0 12.5 26 240   M    M   0        33 240
22  68  33  51  12  14   0 0.00  0.0    0 11.9 21 190   M    M   0        26 190
23  48  29  39  -1  26   0 0.00  0.0    0 14.0 24  30   M    M   3        31  30
24  48  22  35  -5  30   0 0.00  0.0    0  8.2 14 160   M    M   3        22 130
25  42  21  32  -8  33   0 0.00  0.0    0 11.5 28 360   M    M   2        32 360
26  30  14  22 -19  43   0    T  0.1    0 10.4 26 360   M    M   4        31 360
27  43  19  31 -10  34   0 0.00  0.0    0  7.0 15  30   M    M   0        18  30
28  46  28  37  -4  28   0    T    T    0 16.8 26 150   M    M   4        32 150
================================================================================
SM 1206  568       926   0  0.50     4.4 301.1          M      117
================================================================================
AV 43.1 20.3                              10.8 FASTST   M    M   4    MAX(MPH)
                                 MISC ---->  # 47 250               # 62  250
================================================================================
NOTES:
# LAST OF SEVERAL OCCURRENCES

COLUMN 17 PEAK WIND IN M.P.H.

PRELIMINARY LOCAL CLIMATOLOGICAL DATA (WS FORM: F-6) , PAGE 2

                                          STATION:  SPRINGFIELD MO
                                          MONTH:    FEBRUARY
                                          YEAR:     2014
                                          LATITUDE:   37 13 N
                                          LONGITUDE:  93 23 W

[TEMPERATURE DATA]      [PRECIPITATION DATA]       SYMBOLS USED IN COLUMN 16

AVERAGE MONTHLY: 31.7   TOTAL FOR MONTH:   0.50    1 = FOG OR MIST
DPTR FM NORMAL:  -5.5   DPTR FM NORMAL:   -2.02    2 = FOG REDUCING VISIBILITY
HIGHEST:    73 ON 20    GRTST 24HR  0.16 ON  3- 4      TO 1/4 MILE OR LESS
LOWEST:      1 ON  7                               3 = THUNDER
                        SNOW, ICE PELLETS, HAIL    4 = ICE PELLETS
                        TOTAL MONTH:   4.4 INCHES  5 = HAIL
                        GRTST 24HR   2.0 ON 10-10  6 = FREEZING RAIN OR DRIZZLE
                        GRTST DEPTH:   2 ON 10, 9  7 = DUSTSTORM OR SANDSTORM:
                                                       VSBY 1/2 MILE OR LESS
                                                   8 = SMOKE OR HAZE
[NO. OF DAYS WITH]      [WEATHER - DAYS WITH]      9 = BLOWING SNOW
                                                   X = TORNADO
MAX 32 OR BELOW:  10    0.01 INCH OR MORE:   5
MAX 90 OR ABOVE:   0    0.10 INCH OR MORE:   3
MIN 32 OR BELOW:  24    0.50 INCH OR MORE:   0
MIN  0 OR BELOW:   0    1.00 INCH OR MORE:   0

[HDD (BASE 65) ]
TOTAL THIS MO.   926    CLEAR  (SCALE 0-3)  14
DPTR FM NORMAL   146    PTCLDY (SCALE 4-7)   9
TOTAL FM JUL 1  3955    CLOUDY (SCALE 8-10)  5
DPTR FM NORMAL   362

[CDD (BASE 65) ]
TOTAL THIS MO.     0
DPTR FM NORMAL     0    [PRESSURE DATA]
TOTAL FM JAN 1     0    HIGHEST SLP 30.66 ON  6
DPTR FM NORMAL     0    LOWEST  SLP 29.37 ON 20

[REMARKS]
#FINAL-02-14#
