000
CXUS53 KSGF 050312
CF6SGF
PRELIMINARY LOCAL CLIMATOLOGICAL DATA (WS FORM: F-6)

                                          STATION:   SPRINGFIELD MO
                                          MONTH:     DECEMBER
                                          YEAR:      2015
                                          LATITUDE:   37 13 N
                                          LONGITUDE:  93 23 W

  TEMPERATURE IN F:       :PCPN:    SNOW:  WIND      :SUNSHINE: SKY     :PK WND
================================================================================
1   2   3   4   5  6A  6B    7    8   9   10  11  12  13   14  15   16   17  18
                                     12Z  AVG MX 2MIN
DY MAX MIN AVG DEP HDD CDD  WTR  SNW DPTH SPD SPD DIR MIN PSBL S-S WX    SPD DR
================================================================================

 1  48  30  39   0  26   0 0.00  0.0    0  9.8 17 230   M    M   0        22 250
 2  42  30  36  -3  29   0 0.00  0.0    0  9.0 20 280   M    M   6        24 280
 3  53  25  39   1  26   0 0.00  0.0    0  1.9  8 220   M    M   0 1      10 190
 4  53  30  42   4  23   0 0.00  0.0    0  8.9 16 160   M    M   0        19 170
 5  57  33  45   7  20   0 0.00  0.0    0 13.7 20 170   M    M   0        25 140
 6  55  31  43   6  22   0 0.00  0.0    0  8.3 16 280   M    M   4        23 270
 7  61  26  44   7  21   0 0.00  0.0    0  6.9 13 230   M    M   0 1      16 160
 8  66  39  53  17  12   0 0.00  0.0    0 11.1 22 180   M    M   0        28 200
 9  65  38  52  16  13   0 0.00  0.0    0  7.7 14 170   M    M   0        16 170
10  69  35  52  16  13   0 0.00  0.0    0  9.0 21 240   M    M   0        25 250
11  69  37  53  17  12   0 0.00  0.0    0 11.9 23 160   M    M   1 18     30 140
12  70  56  63  28   2   0 0.11  0.0    0 13.5 25 150   M    M   2 1      33 150
13  65  48  57  22   8   0 0.88  0.0    0 20.0 32 150   M    M  10 1      41 140
14  49  35  42   7  23   0 0.01  0.0    0 13.5 30 230   M    M   8        40 230
15  63  36  50  15  15   0    T  0.0    0 13.2 25 150   M    M   1        30 150
16  54  28  41   7  24   0 0.00  0.0    0 10.6 22 240   M    M   1        28 250
17  43  23  33  -1  32   0 0.00  0.0    0  7.9 16 330   M    M   3        21 320
18  42  22  32  -2  33   0 0.00  0.0    0  8.9 18 240   M    M   2        23 220
19  56  25  41   7  24   0 0.00  0.0    0 10.9 22 170   M    M   0        27 150
20  55  42  49  15  16   0 0.01  0.0    0 17.4 25 180   M    M   3 1      33 180
21  59  38  49  15  16   0 0.02  0.0    0 12.5 25 180   M    M   6 13     32 170
22  60  35  48  14  17   0 0.00  0.0    0 14.0 28 140   M    M   5 12     35 140
23  68  38  53  20  12   0 0.52  0.0    0 16.9 36 220   M    M   5 13     46 250
24  61  33  47  14  18   0 0.00  0.0    0 10.4 24 150   M    M   5        30 150
25  59  35  47  14  18   0 0.00  0.0    0 11.3 26 140   M    M   1        31 140
26  59  43  51  18  14   0 6.03  0.0    0 14.1 33  20   M    M  10 13     40  10
27  43  36  40   7  25   0 3.27  0.0    0 20.7 35  30   M    M  10 13     43  30
28  40  28  34   1  31   0 0.58    T    0 15.8 32  50   M    M  10 13     41 190
29  30  26  28  -5  37   0 0.00  0.0    0  5.5 20 270   M    M  10        26 270
30  33  28  31  -2  34   0 0.00  0.0    0  4.6 10 280   M    M  10 1      14 320
31  39  25  32  -1  33   0 0.00  0.0    0  4.8 13 330   M    M   3 1      15 330
================================================================================
SM 1686 1034       649   0 11.43    T    344.7          M      116
================================================================================
AV 54.4 33.4                              11.1 FASTST   M    M   4    MAX(MPH)
                                 MISC ---->  # 36 220               # 46  250
================================================================================
NOTES:
# LAST OF SEVERAL OCCURRENCES

COLUMN 17 PEAK WIND IN M.P.H.

PRELIMINARY LOCAL CLIMATOLOGICAL DATA (WS FORM: F-6) , PAGE 2

                                          STATION:  SPRINGFIELD MO
                                          MONTH:    DECEMBER
                                          YEAR:     2015
                                          LATITUDE:   37 13 N
                                          LONGITUDE:  93 23 W

[TEMPERATURE DATA]      [PRECIPITATION DATA]       SYMBOLS USED IN COLUMN 16

AVERAGE MONTHLY: 43.9   TOTAL FOR MONTH:  11.43    1 = FOG OR MIST
DPTR FM NORMAL:   8.9   DPTR FM NORMAL:    8.39    2 = FOG REDUCING VISIBILITY
HIGHEST:    70 ON 12    GRTST 24HR  6.96 ON 26-27      TO 1/4 MILE OR LESS
LOWEST:     22 ON 18                               3 = THUNDER
                        SNOW, ICE PELLETS, HAIL    4 = ICE PELLETS
                        TOTAL MONTH:    T          5 = HAIL
                        GRTST 24HR    T  ON 28-28  6 = FREEZING RAIN OR DRIZZLE
                        GRTST DEPTH:   0           7 = DUSTSTORM OR SANDSTORM:
                                                       VSBY 1/2 MILE OR LESS
                                                   8 = SMOKE OR HAZE
[NO. OF DAYS WITH]      [WEATHER - DAYS WITH]      9 = BLOWING SNOW
                                                   X = TORNADO
MAX 32 OR BELOW:   1    0.01 INCH OR MORE:   9
MAX 90 OR ABOVE:   0    0.10 INCH OR MORE:   6
MIN 32 OR BELOW:  14    0.50 INCH OR MORE:   5
MIN  0 OR BELOW:   0    1.00 INCH OR MORE:   2

[HDD (BASE 65) ]
TOTAL THIS MO.   649    CLEAR  (SCALE 0-3)  18
DPTR FM NORMAL  -282    PTCLDY (SCALE 4-7)   6
TOTAL FM JUL 1  1294    CLOUDY (SCALE 8-10)  7
DPTR FM NORMAL  -516

[CDD (BASE 65) ]
TOTAL THIS MO.     0
DPTR FM NORMAL     0    [PRESSURE DATA]
TOTAL FM JAN 1  1555    HIGHEST SLP 30.55 ON  4
DPTR FM NORMAL   166    LOWEST  SLP 29.18 ON 23

[REMARKS]
#FINAL-12-15#
