000
CXUS53 KSGF 181500
CF6SGF
PRELIMINARY LOCAL CLIMATOLOGICAL DATA (WS FORM: F-6)

                                          STATION:   SPRINGFIELD MO
                                          MONTH:     JANUARY
                                          YEAR:      2014
                                          LATITUDE:   37 13 N
                                          LONGITUDE:  93 23 W

  TEMPERATURE IN F:       :PCPN:    SNOW:  WIND      :SUNSHINE: SKY     :PK WND
================================================================================
1   2   3   4   5  6A  6B    7    8   9   10  11  12  13   14  15   16   17  18
                                     12Z  AVG MX 2MIN
DY MAX MIN AVG DEP HDD CDD  WTR  SNW DPTH SPD SPD DIR MIN PSBL S-S WX    SPD DR
================================================================================

 1  50  18  34   1  31   0 0.07  1.0    1 13.9 24 340   M    M   3 1      28 330
 2  19   5  12 -21  53   0 0.07  1.3    2 10.3 25 330   M    M   5 18     30 330
 3  34   2  18 -14  47   0 0.00  0.0    1 16.5 29 160   M    M   0        38 150
 4  39  28  34   2  31   0 0.02  0.0    T 13.8 23 170   M    M   6 18     29 160
 5  34   2  18 -14  47   0 0.57  7.0    7 20.7 32 330   M    M   9 1289   36 330
 6   3 -10  -3 -35  68   0 0.00  0.0    7 10.5 21 280   M    M   0        27 280
 7  37  -9  14 -18  51   0 0.00  0.0    6 12.2 21 200   M    M   0        26 200
 8  37  26  32   0  33   0 0.01  0.2    5 11.1 20 150   M    M   5 18     23 140
 9  34  30  32   0  33   0    T    T    5 12.5 21 150   M    M  10 1      24 150
10  50  34  42  10  23   0 0.52  0.0    3 15.0 24 150   M    M   9 123    32 260
11  50  29  40   8  25   0 0.00  0.0    T 10.5 23 280   M    M   4 1      29 280
12  67  27  47  15  18   0 0.00  0.0    0 18.7 37 200   M    M   0        49 190
13  56  30  43  11  22   0 0.00  0.0    0  9.3 21 280   M    M   2        25 300
14  48  25  37   5  28   0    T  0.0    0 12.2 26 320   M    M   2        32 320
15  34  19  27  -5  38   0 0.00  0.0    0  9.9 22 320   M    M   2        26 320
16  49  30  40   8  25   0    T    T    0 14.6 35 340   M    M   6        42 340
17  32  17  25  -7  40   0 0.00  0.0    0 12.0 25 290   M    M   2        34 280
18  51  19  35   3  30   0 0.00  0.0    0 16.1 30 330   M    M   5        43 280
19  55  18  37   5  28   0 0.00  0.0    0 11.7 22 250   M    M   0        27 250
20  59  27  43  11  22   0 0.00  0.0    0 10.4 32 330   M    M   0        40 320
21  33  11  22 -11  43   0    T    T    0 12.3 33 340   M    M   3        39 330
22  38  15  27  -6  38   0 0.00  0.0    0  9.8 26 340   M    M   2        32 360
23  24   3  14 -19  51   0 0.00  0.0    0 12.7 25 350   M    M   1        31 360
24  36   1  19 -14  46   0 0.00  0.0    0 15.9 31 210   M    M   1        38 210
25  53  24  39   6  26   0 0.00  0.0    0 12.3 26 330   M    M   3        33 330
26  62  29  46  13  19   0 0.00  0.0    0 13.1 37 360   M    M   0        47 350
27  33  12  23 -10  42   0 0.00  0.0    0 17.2 33 360   M    M   6        41  10
28  23   8  16 -17  49   0 0.00  0.0    0  5.8 15  30   M    M   3        17  20
29  40   7  24  -9  41   0 0.00  0.0    0 11.5 20 210   M    M   0        24 200
30  48  25  37   3  28   0 0.00  0.0    0 15.0 33 190   M    M   0        42 170
31  39  30  35   1  30   0 0.03  0.0    0  8.1 18 150   M    M   8 18     22 150
================================================================================
SM 1267  532      1106   0  1.29     9.5 395.6          M       97
================================================================================
AV 40.9 17.2                              12.8 FASTST   M    M   3    MAX(MPH)
                                 MISC ---->  # 37 200               # 49  190
================================================================================
NOTES:
# LAST OF SEVERAL OCCURRENCES

COLUMN 17 PEAK WIND IN M.P.H.

PRELIMINARY LOCAL CLIMATOLOGICAL DATA (WS FORM: F-6) , PAGE 2

                                          STATION:  SPRINGFIELD MO
                                          MONTH:    JANUARY
                                          YEAR:     2014
                                          LATITUDE:   37 13 N
                                          LONGITUDE:  93 23 W

[TEMPERATURE DATA]      [PRECIPITATION DATA]       SYMBOLS USED IN COLUMN 16

AVERAGE MONTHLY: 29.0   TOTAL FOR MONTH:   1.29    1 = FOG OR MIST
DPTR FM NORMAL:  -3.6   DPTR FM NORMAL:   -1.18    2 = FOG REDUCING VISIBILITY
HIGHEST:    67 ON 12    GRTST 24HR  0.57 ON  5- 5      TO 1/4 MILE OR LESS
LOWEST:    -10 ON  6                               3 = THUNDER
                        SNOW, ICE PELLETS, HAIL    4 = ICE PELLETS
                        TOTAL MONTH:   9.5 INCHES  5 = HAIL
                        GRTST 24HR   7.0 ON  5- 5  6 = FREEZING RAIN OR DRIZZLE
                        GRTST DEPTH:   7 ON  6, 5  7 = DUSTSTORM OR SANDSTORM:
                                                       VSBY 1/2 MILE OR LESS
                                                   8 = SMOKE OR HAZE
[NO. OF DAYS WITH]      [WEATHER - DAYS WITH]      9 = BLOWING SNOW
                                                   X = TORNADO
MAX 32 OR BELOW:   5    0.01 INCH OR MORE:   7
MAX 90 OR ABOVE:   0    0.10 INCH OR MORE:   2
MIN 32 OR BELOW:  30    0.50 INCH OR MORE:   2
MIN  0 OR BELOW:   2    1.00 INCH OR MORE:   0

[HDD (BASE 65) ]
TOTAL THIS MO.  1106    CLEAR  (SCALE 0-3)  17
DPTR FM NORMAL   103    PTCLDY (SCALE 4-7)  11
TOTAL FM JUL 1  3029    CLOUDY (SCALE 8-10)  3
DPTR FM NORMAL   216

[CDD (BASE 65) ]
TOTAL THIS MO.     0
DPTR FM NORMAL     0    [PRESSURE DATA]
TOTAL FM JAN 1     0    HIGHEST SLP 30.80 ON 23
DPTR FM NORMAL     0    LOWEST  SLP 29.55 ON 10

[REMARKS]
#FINAL-01-14#
