000
CXUS53 KSGF 310800
CF6SGF
PRELIMINARY LOCAL CLIMATOLOGICAL DATA (WS FORM: F-6)

                                          STATION:   SPRINGFIELD MO
                                          MONTH:     DECEMBER
                                          YEAR:      2013
                                          LATITUDE:   37 13 N
                                          LONGITUDE:  93 23 W

  TEMPERATURE IN F:       :PCPN:    SNOW:  WIND      :SUNSHINE: SKY     :PK WND
================================================================================
1   2   3   4   5  6A  6B    7    8   9   10  11  12  13   14  15   16   17  18
                                     12Z  AVG MX 2MIN
DY MAX MIN AVG DEP HDD CDD  WTR  SNW DPTH SPD SPD DIR MIN PSBL S-S WX    SPD DR
================================================================================

 1  57  36  47   8  18   0 0.00  0.0    0  4.8 10 190   M    M   6 128    12 190
 2  60  41  51  12  14   0 0.00  0.0    0  6.0 14 190   M    M   5 12     17 190
 3  61  40  51  13  14   0 0.00  0.0    0 10.8 18 150   M    M   4 12     22 150
 4  62  30  46   8  19   0 0.00  0.0    0 12.9 23 280   M    M   6 18     28 280
 5  30  19  25 -13  40   0 0.21  4.0    0 12.6 23 330   M    M   9 12     28 330
 6  20   9  15 -22  50   0 0.11  3.2    4 12.2 22 360   M    M  10 18     25  10
 7  20   5  13 -24  52   0 0.01  0.1    6  9.3 17  40   M    M   2 8      20  40
 8  28  18  23 -13  42   0    T    T    4  9.3 17 280   M    M  10 168    23 280
 9  27  17  22 -14  43   0 0.22  4.3    3  8.9 15 330   M    M   9 18     18 320
10  27   1  14 -22  51   0    T  0.3    9  5.9 14 170   M    M   2 1      18 240
11  32   6  19 -17  46   0 0.00  0.0    8  6.7 16 360   M    M   0 1      20  20
12  37   2  20 -15  45   0 0.00  0.0    5  8.9 17 220   M    M   0        20 220
13  34  26  30  -5  35   0 0.63  0.4    5 13.9 20 150   M    M   8 16     26 160
14  34  26  30  -5  35   0 0.28  1.0    4 13.2 28 340   M    M  10 1      31 340
15  42  17  30  -5  35   0 0.00  0.0    4  8.3 15 220   M    M   1 18     20 220
16  57  37  47  13  18   0 0.00  0.0    0  7.5 18 240   M    M   0        24 240
17   M  26   M   M   M   M 0.00  0.0    0  5.1 20 330   M    M   0 8      24 330
18  62  26  44  10  21   0 0.00  0.0    0 15.7 28 180   M    M   0        36 170
19  58  43  51  17  14   0 0.00  0.0    0 14.9 23 180   M    M   5        29 190
20  59  30  45  11  20   0 0.08  0.0    0  9.0 16 300   M    M  10 1268   23 290
21  34  30  32  -2  33   0 1.01  0.0    0  7.4 21  60   M    M  10 16     24  60
22  34  24  29  -5  36   0    T  0.1    T 11.7 20 250   M    M  10 18     26 260
23  24  15  20 -13  45   0 0.01  0.1    T  8.1 17 340   M    M   7 1      20 350
24  34   9  22 -11  43   0    T    T    T 12.6 26 160   M    M   2        32 160
25  37  26  32  -1  33   0 0.00  0.0    0  6.2 15 280   M    M   7 18     17 280
26  50  20  35   2  30   0 0.00  0.0    0  8.2 18 200   M    M   2 12     22 190
27  57  25  41   8  24   0 0.00  0.0    0  8.1 15 210   M    M   0        18 220
28  54  27  41   8  24   0 0.00  0.0    0  9.1 17 180   M    M   0        21 180
29  45  17  31  -2  34   0 0.00  0.0    0 14.2 24 340   M    M   8        28 340
30  34  10  22 -11  43   0 0.00  0.0    0  6.6 14 250   M    M   1        18 250
================================================================================
SM 1210  658       957   0  2.56    13.5 288.1          M      144
================================================================================
AV 41.7 21.9                               9.6 FASTST   M    M   5    MAX(MPH)
                                 MISC ---->  # 28 340               # 36  170
================================================================================
NOTES:
# LAST OF SEVERAL OCCURRENCES

COLUMN 17 PEAK WIND IN M.P.H.

PRELIMINARY LOCAL CLIMATOLOGICAL DATA (WS FORM: F-6) , PAGE 2

                                          STATION:  SPRINGFIELD MO
                                          MONTH:    DECEMBER
                                          YEAR:     2013
                                          LATITUDE:   37 13 N
                                          LONGITUDE:  93 23 W

[TEMPERATURE DATA]      [PRECIPITATION DATA]       SYMBOLS USED IN COLUMN 16

AVERAGE MONTHLY: 31.8   TOTAL FOR MONTH:   2.56    1 = FOG OR MIST
DPTR FM NORMAL:  -3.2   DPTR FM NORMAL:   -0.40    2 = FOG REDUCING VISIBILITY
HIGHEST:    62 ON 18, 4 GRTST 24HR  1.04 ON 20-21      TO 1/4 MILE OR LESS
LOWEST:      1 ON 10                               3 = THUNDER
                        SNOW, ICE PELLETS, HAIL    4 = ICE PELLETS
                        TOTAL MONTH:  13.5 INCHES  5 = HAIL
                        GRTST 24HR   4.3 ON   M    6 = FREEZING RAIN OR DRIZZLE
                        GRTST DEPTH:   9 ON 10     7 = DUSTSTORM OR SANDSTORM:
                                                       VSBY 1/2 MILE OR LESS
                                                   8 = SMOKE OR HAZE
[NO. OF DAYS WITH]      [WEATHER - DAYS WITH]      9 = BLOWING SNOW
                                                   X = TORNADO
MAX 32 OR BELOW:   8    0.01 INCH OR MORE:   9
MAX 90 OR ABOVE:   0    0.10 INCH OR MORE:   6
MIN 32 OR BELOW:  25    0.50 INCH OR MORE:   2
MIN  0 OR BELOW:   0    1.00 INCH OR MORE:   1

[HDD (BASE 65) ]
TOTAL THIS MO.   957    CLEAR  (SCALE 0-3)  13
DPTR FM NORMAL    57    PTCLDY (SCALE 4-7)   9
TOTAL FM JUL 1  1894    CLOUDY (SCALE 8-10)  8
DPTR FM NORMAL   115

[CDD (BASE 65) ]
TOTAL THIS MO.     0
DPTR FM NORMAL     0    [PRESSURE DATA]
TOTAL FM JAN 1  1417    HIGHEST SLP M ON M
DPTR FM NORMAL    28    LOWEST  SLP 29.51 ON 21

[REMARKS]
