000
CXUS53 KSGF 010800
CF6SGF
PRELIMINARY LOCAL CLIMATOLOGICAL DATA (WS FORM: F-6)

                                          STATION:   SPRINGFIELD MO
                                          MONTH:     MAY
                                          YEAR:      2014
                                          LATITUDE:   37 13 N
                                          LONGITUDE:  93 23 W

  TEMPERATURE IN F:       :PCPN:    SNOW:  WIND      :SUNSHINE: SKY     :PK WND
================================================================================
1   2   3   4   5  6A  6B    7    8   9   10  11  12  13   14  15   16   17  18
                                     12Z  AVG MX 2MIN
DY MAX MIN AVG DEP HDD CDD  WTR  SNW DPTH SPD SPD DIR MIN PSBL S-S WX    SPD DR
================================================================================

 1  57  35  46 -14  19   0 0.00  0.0    0 10.0 25 280   M    M   6        33 280
 2  65  37  51 -10  14   0 0.00  0.0    0  6.2 18 260   M    M   1        23 260
 3  82  43  63   2   2   0 0.00  0.0    0 10.4 21 260   M    M   1        28 240
 4  91  52  72  11   0   7 0.00  0.0    0 14.5 26 210   M    M   0        32 220
 5  91  68  80  18   0  15 0.00  0.0    0 14.6 25 210   M    M   0        32 210
 6  87  62  75  13   0  10 0.00  0.0    0 15.6 24 180   M    M   0        31 190
 7  87  67  77  15   0  12 0.00  0.0    0 15.7 24 190   M    M   0        31 160
 8  78  64  71   8   0   6 0.64  0.0    0 13.1 25 180   M    M   4 13     35 180
 9  76  58  67   4   0   2 0.53  0.0    0  5.1 22 160   M    M   4 13     25 140
10  84  55  70   7   0   5 0.00  0.0    0 10.3 20 190   M    M   2        26 200
11  84  67  76  13   0  11 0.00  0.0    0 16.1 26 190   M    M   3        33 180
12  86  55  71   7   0   6 0.93  0.0    0 14.1 29 190   M    M   5 13     35 180
13  55  47  51 -13  14   0 0.01  0.0    0  9.7 18 320   M    M   9 1      24 320
14  52  43  48 -16  17   0 0.23  0.0    0  7.7 20 330   M    M   6 1      25 340
15  62  40  51 -14  14   0 0.00  0.0    0  7.8 22 320   M    M   3        28 330
16  62  37  50 -15  15   0 0.06  0.0    0  5.0 17  40   M    M   4        22  40
17  64  44  54 -11  11   0 0.00  0.0    0  6.1 14  30   M    M   3        18  60
18  71  46  59  -6   6   0 0.00  0.0    0 12.2 21 160   M    M   1        30 150
19  82  58  70   4   0   5 0.00  0.0    0 17.8 30 170   M    M   3        38 160
20  85  62  74   8   0   9 0.00  0.0    0 14.3 24 180   M    M   0        30 180
21  84  65  75   9   0  10 0.00  0.0    0 10.1 21 210   M    M   0        25 220
22  84  63  74   8   0   9 0.00  0.0    0  4.9 14 240   M    M   4        20 210
23  82  63  73   6   0   8 1.07  0.0    0  5.2 23 140   M    M   3 123    33 220
24  79  66  73   6   0   8 0.35  0.0    0  7.4 15 100   M    M   6 13     18 120
25  84  63  74   7   0   9 0.00  0.0    0  7.2 15 180   M    M   1 1      18 170
26  82  65  74   6   0   9 1.00  0.0    0  8.0 22 230   M    M   5 13     25 240
27  78  63  71   3   0   6 0.32  0.0    0  5.8 21 170   M    M   5 1      26 180
28  81  62  72   4   0   7 0.00  0.0    0  2.5 13 160   M    M   4        15 160
29  81  63  72   3   0   7 0.05  0.0    0  6.5 25 130   M    M   2 13     32 130
30  81  64  73   4   0   8 0.08  0.0    0  9.2 22 110   M    M   3 13     26 120
31  83  66  75   6   0  10 0.01  0.0    0  9.2 17 160   M    M   4 3      21 150
================================================================================
SM 2400 1743       112 179  5.28     0.0 302.3          M       92
================================================================================
AV 77.4 56.2                               9.8 FASTST   M    M   3    MAX(MPH)
                                 MISC ---->  # 30 170               # 38  160
================================================================================
NOTES:
# LAST OF SEVERAL OCCURRENCES

COLUMN 17 PEAK WIND IN M.P.H.

PRELIMINARY LOCAL CLIMATOLOGICAL DATA (WS FORM: F-6) , PAGE 2

                                          STATION:  SPRINGFIELD MO
                                          MONTH:    MAY
                                          YEAR:     2014
                                          LATITUDE:   37 13 N
                                          LONGITUDE:  93 23 W

[TEMPERATURE DATA]      [PRECIPITATION DATA]       SYMBOLS USED IN COLUMN 16

AVERAGE MONTHLY: 66.8   TOTAL FOR MONTH:   5.28    1 = FOG OR MIST
DPTR FM NORMAL:   2.0   DPTR FM NORMAL:    0.18    2 = FOG REDUCING VISIBILITY
HIGHEST:    91 ON  5, 4 GRTST 24HR  1.42 ON 23-24      TO 1/4 MILE OR LESS
LOWEST:     35 ON  1                               3 = THUNDER
                        SNOW, ICE PELLETS, HAIL    4 = ICE PELLETS
                        TOTAL MONTH:   0.0 INCH    5 = HAIL
                        GRTST 24HR     0.0         6 = FREEZING RAIN OR DRIZZLE
                        GRTST DEPTH:   0           7 = DUSTSTORM OR SANDSTORM:
                                                       VSBY 1/2 MILE OR LESS
                                                   8 = SMOKE OR HAZE
[NO. OF DAYS WITH]      [WEATHER - DAYS WITH]      9 = BLOWING SNOW
                                                   X = TORNADO
MAX 32 OR BELOW:   0    0.01 INCH OR MORE:  13
MAX 90 OR ABOVE:   2    0.10 INCH OR MORE:   8
MIN 32 OR BELOW:   0    0.50 INCH OR MORE:   5
MIN  0 OR BELOW:   0    1.00 INCH OR MORE:   2

[HDD (BASE 65) ]
TOTAL THIS MO.   112    CLEAR  (SCALE 0-3)  16
DPTR FM NORMAL    17    PTCLDY (SCALE 4-7)  14
TOTAL FM JUL 1  5020    CLOUDY (SCALE 8-10)  1
DPTR FM NORMAL   451

[CDD (BASE 65) ]
TOTAL THIS MO.   179
DPTR FM NORMAL    89    [PRESSURE DATA]
TOTAL FM JAN 1   193    HIGHEST SLP M ON M
DPTR FM NORMAL    78    LOWEST  SLP 29.61 ON  6

[REMARKS]
#FINAL-05-14#
