000
CXUS53 KSGF 010710
CF6SGF
PRELIMINARY LOCAL CLIMATOLOGICAL DATA (WS FORM: F-6)
STATION: SPRINGFIELD MO
MONTH: JULY
YEAR: 2023
LATITUDE: 37 13 N
LONGITUDE: 93 23 W
TEMPERATURE IN F: :PCPN: SNOW: WIND :SUNSHINE: SKY :PK WND
================================================================================
1 2 3 4 5 6A 6B 7 8 9 10 11 12 13 14 15 16 17 18
12Z AVG MX 2MIN
DY MAX MIN AVG DEP HDD CDD WTR SNW DPTH SPD SPD DIR MIN PSBL S-S WX SPD DR
================================================================================
1 89 73 81 3 0 16 0.02 0.0 0 8.8 20 240 M M 3 26 230
2 87 68 78 0 0 13 0.00 0.0 0 6.1 15 320 M M 2 23 280
3 92 66 79 1 0 14 0.00 0.0 0 4.3 12 220 M M 1 19 210
4 93 67 80 2 0 15 0.00 0.0 0 5.5 13 180 M M 0 8 19 260
5 86 70 78 0 0 13 T 0.0 0 6.8 18 280 M M 2 26 300
6 84 66 75 -4 0 10 0.00 0.0 0 4.5 12 30 M M 2 17 20
7 90 66 78 -1 0 13 0.10 0.0 0 8.0 17 180 M M 2 13 22 210
8 86 67 77 -2 0 12 0.00 0.0 0 8.3 17 360 M M 4 26 350
9 86 64 75 -4 0 10 0.00 0.0 0 5.7 14 60 M M 3 18 50
10 89 62 76 -3 0 11 0.00 0.0 0 7.1 14 160 M M 0 19 180
11 91 67 79 0 0 14 0.00 0.0 0 9.6 16 160 M M 0 23 190
12 97 69 83 4 0 18 0.01 0.0 0 9.9 16 200 M M 0 3 23 200
13 95 71 83 4 0 18 1.05 0.0 0 8.9 26 50 M M 3 13 33 70
14 91 69 80 1 0 15 0.95 0.0 0 8.8 33 300 M M 2 138 53 290
15 88 68 78 -1 0 13 0.00 0.0 0 6.3 15 330 M M 4 20 320
16 92 67 80 1 0 15 0.00 0.0 0 6.5 24 40 M M 0 1 32 350
17 90 70 80 1 0 15 T 0.0 0 9.2 24 100 M M 2 3 32 80
18 90 69 80 0 0 15 T 0.0 0 10.3 31 40 M M 1 37 40
19 95 77 86 6 0 21 0.00 0.0 0 8.2 17 230 M M 1 24 250
20 90 72 81 1 0 16 0.13 0.0 0 7.7 17 270 M M 3 1 27 230
21 79 64 72 -8 0 7 0.17 0.0 0 5.8 17 80 M M 2 13 23 250
22 86 61 74 -6 0 9 0.00 0.0 0 4.2 12 320 M M 0 1 17 340
23 91 65 78 -2 0 13 0.00 0.0 0 7.0 15 260 M M 0 3 21 270
24 90 69 80 0 0 15 0.02 0.0 0 9.2 38 350 M M 1 3 51 340
25 95 71 83 3 0 18 0.00 0.0 0 12.2 21 190 M M 0 27 210
26 95 78 87 7 0 22 0.00 0.0 0 14.7 26 220 M M 0 34 230
27 98 73 86 6 0 21 0.00 0.0 0 10.4 21 220 M M 0 28 240
28 97 77 87 7 0 22 0.00 0.0 0 10.6 21 200 M M 0 28 230
29 100 71 86 6 0 21 T 0.0 0 8.8 33 10 M M 2 3 46 10
30 97 69 83 3 0 18 1.10 0.0 0 5.6 33 310 M M 2 13 49 320
31 89 69 79 -1 0 14 0.12 0.0 0 9.5 20 160 M M 1 3 26 150
================================================================================
SM 2818 2135 0 467 3.67 0.0 248.5 M 43
================================================================================
AV 90.9 68.9 8.0 FASTST M M 1 MAX(MPH)
MISC ----> 38 350 53 290
================================================================================
NOTES:
# LAST OF SEVERAL OCCURRENCES
COLUMN 17 PEAK WIND IN M.P.H.
PRELIMINARY LOCAL CLIMATOLOGICAL DATA (WS FORM: F-6) , PAGE 2
STATION: SPRINGFIELD MO
MONTH: JULY
YEAR: 2023
LATITUDE: 37 13 N
LONGITUDE: 93 23 W
[TEMPERATURE DATA] [PRECIPITATION DATA] SYMBOLS USED IN COLUMN 16
AVERAGE MONTHLY: 79.9 TOTAL FOR MONTH: 3.67 1 = FOG OR MIST
DPTR FM NORMAL: 0.7 DPTR FM NORMAL: -0.18 2 = FOG REDUCING VISIBILITY
HIGHEST: 100 ON 29 GRTST 24HR 1.22 ON 30-31 TO 1/4 MILE OR LESS
LOWEST: 61 ON 22 3 = THUNDER
SNOW, ICE PELLETS, HAIL 4 = ICE PELLETS
TOTAL MONTH: 0.0 INCH 5 = HAIL
GRTST 24HR 0.0 6 = FREEZING RAIN OR DRIZZLE
GRTST DEPTH: 0 7 = DUSTSTORM OR SANDSTORM:
VSBY 1/2 MILE OR LESS
8 = SMOKE OR HAZE
[NO. OF DAYS WITH] [WEATHER - DAYS WITH] 9 = BLOWING SNOW
X = TORNADO
MAX 32 OR BELOW: 0 0.01 INCH OR MORE: 10
MAX 90 OR ABOVE: 20 0.10 INCH OR MORE: 7
MIN 32 OR BELOW: 0 0.50 INCH OR MORE: 3
MIN 0 OR BELOW: 0 1.00 INCH OR MORE: 2
[HDD (BASE 65) ]
TOTAL THIS MO. 0 CLEAR (SCALE 0-3) 28
DPTR FM NORMAL 0 PTCLDY (SCALE 4-7) 3
TOTAL FM JUL 1 0 CLOUDY (SCALE 8-10) 0
DPTR FM NORMAL 0
[CDD (BASE 65) ]
TOTAL THIS MO. 467
DPTR FM NORMAL 27 [PRESSURE DATA]
TOTAL FM JAN 1 921 HIGHEST SLP M ON M
DPTR FM NORMAL 30 LOWEST SLP 29.72 ON 12
[REMARKS]
#FINAL-07-23#