000
CXUS53 KSGF 230800
CF6SGF
PRELIMINARY LOCAL CLIMATOLOGICAL DATA (WS FORM: F-6)

                                          STATION:   SPRINGFIELD MO
                                          MONTH:     NOVEMBER
                                          YEAR:      2017
                                          LATITUDE:   37 13 N
                                          LONGITUDE:  93 23 W

  TEMPERATURE IN F:       :PCPN:    SNOW:  WIND      :SUNSHINE: SKY     :PK WND
================================================================================
1   2   3   4   5  6A  6B    7    8   9   10  11  12  13   14  15   16   17  18
                                     12Z  AVG MX 2MIN
DY MAX MIN AVG DEP HDD CDD  WTR  SNW DPTH SPD SPD DIR MIN PSBL S-S WX    SPD DR
================================================================================

 1  60  39  50  -2  15   0    T  0.0    0 13.2 24 150   M    M   5 1      30 160
 2  82  55  69  17   0   4 0.00  0.0    0 13.7 25 190   M    M   2 1      30 180
 3  59  50  55   3  10   0 0.00  0.0    0 12.3 20  60   M    M  10 1      25  50
 4  71  57  64  13   1   0 0.00  0.0    0  5.4 16 160   M    M   9 128    20 170
 5  81  48  65  14   0   0 0.00  0.0    0 14.0 26 220   M    M   5 1      33 200
 6  50  44  47  -3  18   0 0.01  0.0    0 10.1 15  40   M    M  10 1      20  20
 7  47  41  44  -6  21   0    T  0.0    0 10.3 17  30   M    M  10 1      21  30
 8  55  31  43  -7  22   0 0.00  0.0    0  5.9 12  40   M    M   3        20  80
 9  58  28  43  -6  22   0 0.00  0.0    0  6.2 14  40   M    M   0 18     18 290
10  53  30  42  -7  23   0 0.00  0.0    0 10.7 20 150   M    M   0        26 150
11  53  35  44  -4  21   0 0.02  0.0    0 13.4 22 150   M    M   5 1      31 150
12  52  47  50   2  15   0    T  0.0    0  5.8 14 340   M    M  10 1      17 340
13  59  36  48   1  17   0    T  0.0    0  7.8 16 160   M    M   7        22 170
14  52  45  49   2  16   0 0.21    M    0 14.6 21 150   M    M  10 1      26 140
15  64  35  50   4  15   0 0.08  0.0    0  8.6 21 350   M    M   5 1      26 340
16  61  30  46   0  19   0 0.00  0.0    0  6.0 21 160   M    M   1        27 170
17  67  50  59  14   6   0 0.00  0.0    0 18.0 26 150   M    M   8        33 150
18  71  38  55  10  10   0 0.05  0.0    0 16.5 35 330   M    M   3 1      44 330
19  50  30  40  -4  25   0 0.00  0.0    0  6.5 15 350   M    M   0        19 350
20  62  35  49   5  16   0 0.00  0.0    0 14.1 25 190   M    M   0        33 200
21  57  30  44   1  21   0 0.00  0.0    0 11.4 22 340   M    M   1        30 340
22  46  20  33 -10  32   0 0.00  0.0    0  4.5 14 360   M    M   0        17 360
================================================================================
SM 1310  854       345   4  0.37     0.0 229.0          M      104
================================================================================
AV 59.6 38.8                              10.4 FASTST   M    M   5    MAX(MPH)
                                 MISC ---->  # 35 330               # 44  330
================================================================================
NOTES:
# LAST OF SEVERAL OCCURRENCES

COLUMN 17 PEAK WIND IN M.P.H.

PRELIMINARY LOCAL CLIMATOLOGICAL DATA (WS FORM: F-6) , PAGE 2

                                          STATION:  SPRINGFIELD MO
                                          MONTH:    NOVEMBER
                                          YEAR:     2017
                                          LATITUDE:   37 13 N
                                          LONGITUDE:  93 23 W

[TEMPERATURE DATA]      [PRECIPITATION DATA]       SYMBOLS USED IN COLUMN 16

AVERAGE MONTHLY: 49.2   TOTAL FOR MONTH:   0.37    1 = FOG OR MIST
DPTR FM NORMAL:   1.4   DPTR FM NORMAL:   -2.75    2 = FOG REDUCING VISIBILITY
HIGHEST:    82 ON  2    GRTST 24HR  0.21 ON 14-14      TO 1/4 MILE OR LESS
LOWEST:     20 ON 22                               3 = THUNDER
                        SNOW, ICE PELLETS, HAIL    4 = ICE PELLETS
                        TOTAL MONTH:   0.0 INCH    5 = HAIL
                        GRTST 24HR     0.0         6 = FREEZING RAIN OR DRIZZLE
                        GRTST DEPTH:   0           7 = DUSTSTORM OR SANDSTORM:
                                                       VSBY 1/2 MILE OR LESS
                                                   8 = SMOKE OR HAZE
[NO. OF DAYS WITH]      [WEATHER - DAYS WITH]      9 = BLOWING SNOW
                                                   X = TORNADO
MAX 32 OR BELOW:   0    0.01 INCH OR MORE:   5
MAX 90 OR ABOVE:   0    0.10 INCH OR MORE:   1
MIN 32 OR BELOW:   7    0.50 INCH OR MORE:   0
MIN  0 OR BELOW:   0    1.00 INCH OR MORE:   0

[HDD (BASE 65) ]
TOTAL THIS MO.   345    CLEAR  (SCALE 0-3)  10
DPTR FM NORMAL   -34    PTCLDY (SCALE 4-7)   5
TOTAL FM JUL 1   584    CLOUDY (SCALE 8-10)  7
DPTR FM NORMAL  -103

[CDD (BASE 65) ]
TOTAL THIS MO.     4
DPTR FM NORMAL     4    [PRESSURE DATA]
TOTAL FM JAN 1  1467    HIGHEST SLP M ON M
DPTR FM NORMAL    80    LOWEST  SLP 29.37 ON 18

[REMARKS]
