000
CDUS43 KSGF 072226
CLISGF


CLIMATE REPORT
NATIONAL WEATHER SERVICE SPRINGFIELD MO
526 PM CDT TUE JUL 7 2015


...................................

...THE SPRINGFIELD MO CLIMATE SUMMARY FOR JULY 7 2015...
VALID TODAY AS OF 0500 PM LOCAL TIME.

CLIMATE NORMAL PERIOD 1981 TO 2010
CLIMATE RECORD PERIOD 1888 TO 2015


WEATHER ITEM   OBSERVED TIME   RECORD YEAR NORMAL DEPARTURE LAST
                VALUE   (LST)  VALUE       VALUE  FROM      YEAR
                                                  NORMAL
..................................................................
TEMPERATURE (F)
 TODAY
  MAXIMUM         77   1249 AM 101    2012  88    -11       91
  MINIMUM         68    359 PM  52    1972  67      1       71
  AVERAGE         73                        78     -5       81

PRECIPITATION (IN)
  TODAY            0.29          5.83 1909   0.13   0.16     0.00
  MONTH TO DATE    5.77                      0.96   4.81     0.27
  SINCE JUN 1     10.55                      5.81   4.74     6.50
  SINCE JAN 1     25.95                     23.84   2.11    17.98

SNOWFALL (IN)
  TODAY            0.0
  MONTH TO DATE    0.0
  SINCE JUN 1      0.0
  SINCE JUL 1      0.0
  SNOW DEPTH       0

DEGREE DAYS
 HEATING
  TODAY            0                         0      0        0
  MONTH TO DATE    0                         0      0        0
  SINCE JUN 1      1                         9     -8        0
  SINCE JUL 1      0                         0      0        0

 COOLING
  TODAY            8                        13     -5       16
  MONTH TO DATE   81                        86     -5       58
  SINCE JUN 1    431                       349     82      352
  SINCE JAN 1    573                       464    109      545
..................................................................


WIND (MPH)
  HIGHEST WIND SPEED    12   HIGHEST WIND DIRECTION     N (340)
  HIGHEST GUST SPEED    13   HIGHEST GUST DIRECTION     S (200)


SKY COVER
  AVERAGE SKY COVER 0.9


WEATHER CONDITIONS
 THE FOLLOWING WEATHER WAS RECORDED TODAY.
  HEAVY RAIN
  LIGHT RAIN
  FOG
  FOG W/VISIBILITY <= 1/4 MILE


RELATIVE HUMIDITY (PERCENT)
 HIGHEST   100           100 PM
 LOWEST     82          1200 AM
 AVERAGE    91

..........................................................


THE SPRINGFIELD MO CLIMATE NORMALS FOR TOMORROW
                         NORMAL    RECORD    YEAR
 MAXIMUM TEMPERATURE (F)   88        99      2012
 MINIMUM TEMPERATURE (F)   67        53      1891


SUNRISE AND SUNSET
JULY  7 2015..........SUNRISE   600 AM CDT   SUNSET   837 PM CDT
JULY  8 2015..........SUNRISE   600 AM CDT   SUNSET   836 PM CDT


-  INDICATES NEGATIVE NUMBERS.
R  INDICATES RECORD WAS SET OR TIED.
MM INDICATES DATA IS MISSING.
T  INDICATES TRACE AMOUNT.




$$
