000
CDUS43 KSGF 050649
CLISGF


CLIMATE REPORT
NATIONAL WEATHER SERVICE SPRINGFIELD MO
149 AM CDT SAT SEP 5 2015


...................................

...THE SPRINGFIELD MO CLIMATE SUMMARY FOR SEPTEMBER 4 2015...

CLIMATE NORMAL PERIOD 1981 TO 2010
CLIMATE RECORD PERIOD 1888 TO 2015


WEATHER ITEM   OBSERVED TIME   RECORD YEAR NORMAL DEPARTURE LAST
                VALUE   (LST)  VALUE       VALUE  FROM      YEAR
                                                  NORMAL
..................................................................
TEMPERATURE (F)
 YESTERDAY
  MAXIMUM         90    233 PM 104    1947  85      5       92
  MINIMUM         71    601 AM  39    1974  63      8       74
  AVERAGE         81                        74      7       83

PRECIPITATION (IN)
  YESTERDAY        0.00          1.54 1937   0.15  -0.15     0.00
  MONTH TO DATE    0.00                      0.61  -0.61     1.59
  SINCE SEP 1      0.00                      0.61  -0.61     1.59
  SINCE JAN 1     35.52                     30.72   4.80    23.56

SNOWFALL (IN)
  YESTERDAY        0.0
  MONTH TO DATE    0.0
  SINCE SEP 1      0.0
  SINCE JUL 1      0.0
  SNOW DEPTH       0

DEGREE DAYS
 HEATING
  YESTERDAY        0                         0      0        0
  MONTH TO DATE    0                         0      0        0
  SINCE SEP 1      0                         0      0        0
  SINCE JUL 1      3                         2      1        0

 COOLING
  YESTERDAY       16                         9      7       18
  MONTH TO DATE   59                        38     21       53
  SINCE SEP 1     59                        38     21       53
  SINCE JAN 1   1328                      1224    104     1299
..................................................................


WIND (MPH)
  HIGHEST WIND SPEED    16   HIGHEST WIND DIRECTION     S (190)
  HIGHEST GUST SPEED    19   HIGHEST GUST DIRECTION     S (190)
  AVERAGE WIND SPEED     8.3


SKY COVER
  AVERAGE SKY COVER 0.0


WEATHER CONDITIONS
 THE FOLLOWING WEATHER WAS RECORDED YESTERDAY.
  NO SIGNIFICANT WEATHER WAS OBSERVED.


RELATIVE HUMIDITY (PERCENT)
 HIGHEST    84          1200 AM
 LOWEST     47           200 PM
 AVERAGE    66

..........................................................


THE SPRINGFIELD MO CLIMATE NORMALS FOR TODAY
                         NORMAL    RECORD    YEAR
 MAXIMUM TEMPERATURE (F)   85        99      1998
                                             1990
 MINIMUM TEMPERATURE (F)   62        47      1974


SUNRISE AND SUNSET
SEPTEMBER  5 2015.....SUNRISE   647 AM CDT   SUNSET   737 PM CDT
SEPTEMBER  6 2015.....SUNRISE   648 AM CDT   SUNSET   735 PM CDT


-  INDICATES NEGATIVE NUMBERS.
R  INDICATES RECORD WAS SET OR TIED.
MM INDICATES DATA IS MISSING.
T  INDICATES TRACE AMOUNT.




$$
