000
CDUS43 KSGF 130627
CLISGF


CLIMATE REPORT
NATIONAL WEATHER SERVICE SPRINGFIELD MO
1227 AM CST SAT JAN 13 2018


...................................

...THE SPRINGFIELD MO CLIMATE SUMMARY FOR JANUARY 12 2018...

CLIMATE NORMAL PERIOD 1981 TO 2010
CLIMATE RECORD PERIOD 1888 TO 2018


WEATHER ITEM   OBSERVED TIME   RECORD YEAR NORMAL DEPARTURE LAST
                VALUE   (LST)  VALUE       VALUE  FROM      YEAR
                                                  NORMAL
..................................................................
TEMPERATURE (F)
 YESTERDAY
  MAXIMUM         27    300 PM  69    2000  42    -15       67
                                      1960
  MINIMUM         10    816 AM -19    1918  22    -12       28
  AVERAGE         19                        32    -13       48

PRECIPITATION (IN)
  YESTERDAY        T             2.14 2007   0.08  -0.08     0.00
  MONTH TO DATE    0.62                      1.02  -0.40     0.05
  SINCE DEC 1      2.14                      4.06  -1.92     0.67
  SINCE JAN 1      0.62                      1.02  -0.40     0.05

SNOWFALL (IN)
  YESTERDAY       MM
  MONTH TO DATE    T
  SINCE DEC 1      1.8
  SINCE JUL 1      1.8
  SNOW DEPTH      MM

DEGREE DAYS
 HEATING
  YESTERDAY       46                        33     13       17
  MONTH TO DATE  448                       393     55      375
  SINCE DEC 1   1318                      1324     -6     1272
  SINCE JUL 1   2002                      2203   -201     1788

 COOLING
  YESTERDAY        0                         0      0        0
  MONTH TO DATE    0                         0      0        0
  SINCE DEC 1      0                         0      0        0
  SINCE JAN 1      0                         0      0        0
..................................................................


WIND (MPH)
  HIGHEST WIND SPEED    28   HIGHEST WIND DIRECTION     N (340)
  HIGHEST GUST SPEED    34   HIGHEST GUST DIRECTION     N (340)
  AVERAGE WIND SPEED    16.2


SKY COVER
  AVERAGE SKY COVER 0.3


WEATHER CONDITIONS
 THE FOLLOWING WEATHER WAS RECORDED YESTERDAY.
  LIGHT SNOW
  FOG


RELATIVE HUMIDITY (PERCENT)
 HIGHEST    83           700 AM
 LOWEST     50           300 PM
 AVERAGE    67

..........................................................


THE SPRINGFIELD MO CLIMATE NORMALS FOR TODAY
                         NORMAL    RECORD    YEAR
 MAXIMUM TEMPERATURE (F)   42        69      1996
                                             1928
 MINIMUM TEMPERATURE (F)   22       -12      1912


SUNRISE AND SUNSET
JANUARY 13 2018.......SUNRISE   727 AM CST   SUNSET   518 PM CST
JANUARY 14 2018.......SUNRISE   727 AM CST   SUNSET   519 PM CST


-  INDICATES NEGATIVE NUMBERS.
R  INDICATES RECORD WAS SET OR TIED.
MM INDICATES DATA IS MISSING.
T  INDICATES TRACE AMOUNT.




$$
