000
CDUS43 KSGF 260626
CLISGF


CLIMATE REPORT
NATIONAL WEATHER SERVICE SPRINGFIELD MO
126 AM CDT FRI AUG 26 2016


...................................

...THE SPRINGFIELD MO CLIMATE SUMMARY FOR AUGUST 25 2016...

CLIMATE NORMAL PERIOD 1981 TO 2010
CLIMATE RECORD PERIOD 1888 TO 2016


WEATHER ITEM   OBSERVED TIME   RECORD YEAR NORMAL DEPARTURE LAST
                VALUE   (LST)  VALUE       VALUE  FROM      YEAR
                                                  NORMAL
..................................................................
TEMPERATURE (F)
 YESTERDAY
  MAXIMUM         91    347 PM 101    2014  88      3       81
  MINIMUM         70    502 AM  50    1958  66      4       53
  AVERAGE         81                        77      4       67

PRECIPITATION (IN)
  YESTERDAY        0.00          1.87 1981   0.13  -0.13     0.00
  MONTH TO DATE    2.12                      2.75  -0.63     6.13
  SINCE JUN 1     13.87                     11.28   2.59    20.12
  SINCE JAN 1     25.12                     29.31  -4.19    35.52

SNOWFALL (IN)
  YESTERDAY        0.0
  MONTH TO DATE    0.0
  SINCE JUN 1      0.0
  SINCE JUL 1      0.0
  SNOW DEPTH       0

DEGREE DAYS
 HEATING
  YESTERDAY        0                         0      0        0
  MONTH TO DATE    0                         0      0        3
  SINCE JUN 1      0                         9     -9        4
  SINCE JUL 1      0                         0      0        3

 COOLING
  YESTERDAY       16                        12      4        2
  MONTH TO DATE  351                       334     17      258
  SINCE JUN 1   1223                      1007    216     1071
  SINCE JAN 1   1343                      1122    221     1213
..................................................................


WIND (MPH)
  HIGHEST WIND SPEED    23   HIGHEST WIND DIRECTION    NE (30)
  HIGHEST GUST SPEED    27   HIGHEST GUST DIRECTION     N (20)
  AVERAGE WIND SPEED     9.6


SKY COVER
  AVERAGE SKY COVER 0.1


WEATHER CONDITIONS
 THE FOLLOWING WEATHER WAS RECORDED YESTERDAY.
  THUNDERSTORM


RELATIVE HUMIDITY (PERCENT)
 HIGHEST    90           500 AM
 LOWEST     47           500 PM
 AVERAGE    69

..........................................................


THE SPRINGFIELD MO CLIMATE NORMALS FOR TODAY
                         NORMAL    RECORD    YEAR
 MAXIMUM TEMPERATURE (F)   88       100      1938
 MINIMUM TEMPERATURE (F)   65        46      1962


SUNRISE AND SUNSET
AUGUST 26 2016........SUNRISE   640 AM CDT   SUNSET   750 PM CDT
AUGUST 27 2016........SUNRISE   640 AM CDT   SUNSET   749 PM CDT


-  INDICATES NEGATIVE NUMBERS.
R  INDICATES RECORD WAS SET OR TIED.
MM INDICATES DATA IS MISSING.
T  INDICATES TRACE AMOUNT.




$$
