000
CDUS43 KSGF 270626
CLISGF


CLIMATE REPORT
NATIONAL WEATHER SERVICE SPRINGFIELD MO
1226 AM CST TUE JAN 27 2015


...................................

...THE SPRINGFIELD MO CLIMATE SUMMARY FOR JANUARY 26 2015...

CLIMATE NORMAL PERIOD 1981 TO 2010
CLIMATE RECORD PERIOD 1888 TO 2015


WEATHER ITEM   OBSERVED TIME   RECORD YEAR NORMAL DEPARTURE LAST
                VALUE   (LST)  VALUE       VALUE  FROM      YEAR
                                                  NORMAL
..................................................................
TEMPERATURE (F)
 YESTERDAY
  MAXIMUM         57    411 PM  74    1890  44     13       62
  MINIMUM         27    739 AM  -8    1904  22      5       29
  AVERAGE         42                        33      9       46

PRECIPITATION (IN)
  YESTERDAY        0.00          2.08 1916   0.07  -0.07     0.00
  MONTH TO DATE    0.78                      2.09  -1.31     1.26
  SINCE DEC 1      2.55                      5.13  -2.58     3.82
  SINCE JAN 1      0.78                      2.09  -1.31     1.26

SNOWFALL (IN)
  YESTERDAY        0.0
  MONTH TO DATE    0.3
  SINCE DEC 1      0.8
  SINCE JUL 1      2.5
  SNOW DEPTH       0

DEGREE DAYS
 HEATING
  YESTERDAY       23                        32     -9       19
  MONTH TO DATE  830                       847    -17      916
  SINCE DEC 1   1650                      1778   -128     1902
  SINCE JUL 1   2600                      2657    -57     2839

 COOLING
  YESTERDAY        0                         0      0        0
  MONTH TO DATE    0                         0      0        0
  SINCE DEC 1      0                         0      0        0
  SINCE JAN 1      0                         0      0        0
..................................................................


WIND (MPH)
  HIGHEST WIND SPEED    22   HIGHEST WIND DIRECTION     W (280)
  HIGHEST GUST SPEED    27   HIGHEST GUST DIRECTION    SW (240)
  AVERAGE WIND SPEED     9.1


SKY COVER
  AVERAGE SKY COVER 0.3


WEATHER CONDITIONS
 THE FOLLOWING WEATHER WAS RECORDED YESTERDAY.
  NO SIGNIFICANT WEATHER WAS OBSERVED.


RELATIVE HUMIDITY (PERCENT)
 HIGHEST    92           700 AM
 LOWEST     36           300 PM
 AVERAGE    64

..........................................................


THE SPRINGFIELD MO CLIMATE NORMALS FOR TODAY
                         NORMAL    RECORD    YEAR
 MAXIMUM TEMPERATURE (F)   44        67      1914
 MINIMUM TEMPERATURE (F)   22        -7      1963


SUNRISE AND SUNSET
JANUARY 27 2015.......SUNRISE   720 AM CST   SUNSET   532 PM CST
JANUARY 28 2015.......SUNRISE   720 AM CST   SUNSET   534 PM CST


-  INDICATES NEGATIVE NUMBERS.
R  INDICATES RECORD WAS SET OR TIED.
MM INDICATES DATA IS MISSING.
T  INDICATES TRACE AMOUNT.




$$
