000
CDUS43 KSGF 242225
CLISGF


CLIMATE REPORT
NATIONAL WEATHER SERVICE SPRINGFIELD MO
425 PM CST MON NOV 24 2014


...................................

...THE SPRINGFIELD MO CLIMATE SUMMARY FOR NOVEMBER 24 2014...
VALID AS OF 0400 PM LOCAL TIME.

CLIMATE NORMAL PERIOD 1981 TO 2010
CLIMATE RECORD PERIOD 1888 TO 2014


WEATHER ITEM   OBSERVED TIME   RECORD YEAR NORMAL DEPARTURE LAST
                VALUE   (LST)  VALUE       VALUE  FROM      YEAR
                                                  NORMAL
..................................................................
TEMPERATURE (F)
 TODAY
  MAXIMUM         49    143 PM  72    2006  53     -4       29
                                      1990
  MINIMUM         36    739 AM   6    1970  32      4       14
  AVERAGE         43                        42      1       22

PRECIPITATION (IN)
  TODAY            0.02          6.27 1987   0.14  -0.12     0.00
  MONTH TO DATE    2.29                      3.39  -1.10     2.02
  SINCE SEP 1     14.84                     11.59   3.25    11.13
  SINCE JAN 1     36.81                     41.70  -4.89    49.28

SNOWFALL (IN)
  TODAY           MM
  MONTH TO DATE    1.5
  SINCE SEP 1      1.5
  SINCE JUL 1      1.5
  SNOW DEPTH       0

DEGREE DAYS
 HEATING
  TODAY           22                        23     -1       43
  MONTH TO DATE  593                       425    168      455
  SINCE SEP 1    825                       731     94      759
  SINCE JUL 1    825                       733     92      759

 COOLING
  TODAY            0                         0      0        0
  MONTH TO DATE    0                         0      0        0
  SINCE SEP 1    224                       201     23      274
  SINCE JAN 1   1470                      1387     83     1417
..................................................................


WIND (MPH)
  HIGHEST WIND SPEED    26   HIGHEST WIND DIRECTION     W (260)
  HIGHEST GUST SPEED    36   HIGHEST GUST DIRECTION    NW (320)


SKY COVER
  AVERAGE SKY COVER 0.4


WEATHER CONDITIONS
 THE FOLLOWING WEATHER WAS RECORDED TODAY.
  LIGHT RAIN


RELATIVE HUMIDITY (PERCENT)
 HIGHEST    92           100 AM
 LOWEST     42           200 PM
 AVERAGE    67

..........................................................


THE SPRINGFIELD MO CLIMATE NORMALS FOR TOMORROW
                         NORMAL    RECORD    YEAR
 MAXIMUM TEMPERATURE (F)   52        74      1990
 MINIMUM TEMPERATURE (F)   31         9      1950


SUNRISE AND SUNSET
NOVEMBER 24 2014......SUNRISE   702 AM CST   SUNSET   458 PM CST
NOVEMBER 25 2014......SUNRISE   703 AM CST   SUNSET   458 PM CST


-  INDICATES NEGATIVE NUMBERS.
R  INDICATES RECORD WAS SET OR TIED.
MM INDICATES DATA IS MISSING.
T  INDICATES TRACE AMOUNT.




$$
