000
CDUS43 KSGF 230651
CLISGF


CLIMATE REPORT
NATIONAL WEATHER SERVICE SPRINGFIELD MO
148 AM CDT SAT MAY 23 2015


...................................

...THE SPRINGFIELD MO CLIMATE SUMMARY FOR MAY 22 2015...

CLIMATE NORMAL PERIOD 1981 TO 2010
CLIMATE RECORD PERIOD 1888 TO 2015


WEATHER ITEM   OBSERVED TIME   RECORD YEAR NORMAL DEPARTURE LAST
                VALUE   (LST)  VALUE       VALUE  FROM      YEAR
                                                  NORMAL
..................................................................
TEMPERATURE (F)
 YESTERDAY
  MAXIMUM         68    251 PM  88    1975  77     -9       84
                                      1964
                                      1953
  MINIMUM         42    259 AM  38    1892  56    -14       63
  AVERAGE         55                        66    -11       74

PRECIPITATION (IN)
  YESTERDAY        0.00          4.21 1989   0.15  -0.15     0.00
  MONTH TO DATE    3.69                      3.75  -0.06     2.40
  SINCE MAR 1     10.26                     11.69  -1.43     6.81
  SINCE JAN 1     12.86                     16.68  -3.82     8.60

SNOWFALL (IN)
  YESTERDAY        0.0
  MONTH TO DATE    0.0
  SINCE MAR 1      1.2
  SINCE JUL 1     15.8
  SNOW DEPTH       0

DEGREE DAYS
 HEATING
  YESTERDAY       10                         2      8        0
  MONTH TO DATE   60                        81    -21      112
  SINCE MAR 1    825                       962   -137     1065
  SINCE JUL 1   4532                      4555    -23     5020

 COOLING
  YESTERDAY        0                         4     -4        9
  MONTH TO DATE   77                        49     28      107
  SINCE MAR 1     99                        74     25      121
  SINCE JAN 1     99                        74     25      121
..................................................................


WIND (MPH)
  HIGHEST WIND SPEED    20   HIGHEST WIND DIRECTION    SE (150)
  HIGHEST GUST SPEED    25   HIGHEST GUST DIRECTION    SE (150)
  AVERAGE WIND SPEED     8.0


SKY COVER
  AVERAGE SKY COVER 0.4


WEATHER CONDITIONS
 THE FOLLOWING WEATHER WAS RECORDED YESTERDAY.
  NO SIGNIFICANT WEATHER WAS OBSERVED.


RELATIVE HUMIDITY (PERCENT)
 HIGHEST    89           300 AM
 LOWEST     45          1200 PM
 AVERAGE    67

..........................................................


THE SPRINGFIELD MO CLIMATE NORMALS FOR TODAY
                         NORMAL    RECORD    YEAR
 MAXIMUM TEMPERATURE (F)   77        90      1939
 MINIMUM TEMPERATURE (F)   57        40      1917


SUNRISE AND SUNSET
MAY 23 2015...........SUNRISE   559 AM CDT   SUNSET   822 PM CDT
MAY 24 2015...........SUNRISE   559 AM CDT   SUNSET   822 PM CDT


-  INDICATES NEGATIVE NUMBERS.
R  INDICATES RECORD WAS SET OR TIED.
MM INDICATES DATA IS MISSING.
T  INDICATES TRACE AMOUNT.




$$
