913
CDUS43 KSGF 280626
CLISGF


CLIMATE REPORT
NATIONAL WEATHER SERVICE SPRINGFIELD MO
126 AM CDT TUE MAR 28 2017


...................................

...THE SPRINGFIELD MO CLIMATE SUMMARY FOR MARCH 27 2017...

CLIMATE NORMAL PERIOD 1981 TO 2010
CLIMATE RECORD PERIOD 1888 TO 2017


WEATHER ITEM   OBSERVED TIME   RECORD YEAR NORMAL DEPARTURE LAST
                VALUE   (LST)  VALUE       VALUE  FROM      YEAR
                                                  NORMAL
..................................................................
TEMPERATURE (F)
 YESTERDAY
  MAXIMUM         61   1254 PM  82    1910  61      0       53
                                      1895
  MINIMUM         51   1159 PM  12    1913  38     13       32
  AVERAGE         56                        50      6       43

PRECIPITATION (IN)
  YESTERDAY        0.41          3.00 1921   0.13   0.28     0.20
  MONTH TO DATE    4.68                      3.09   1.59     2.10
  SINCE MAR 1      4.68                      3.09   1.59     2.10
  SINCE JAN 1      9.14                      8.08   1.06     3.38

SNOWFALL (IN)
  YESTERDAY        0.0
  MONTH TO DATE    0.1
  SINCE MAR 1      0.1
  SINCE JUL 1      1.8
  SNOW DEPTH       0

DEGREE DAYS
 HEATING
  YESTERDAY        9                        15     -6       22
  MONTH TO DATE  381                       521   -140      356
  SINCE MAR 1    381                       521   -140      356
  SINCE JUL 1   3070                      4114  -1044     3269

 COOLING
  YESTERDAY        0                         0      0        0
  MONTH TO DATE    6                         0      6        2
  SINCE MAR 1      6                         0      6        2
  SINCE JAN 1     15                         0     15        2
..................................................................


WIND (MPH)
  HIGHEST WIND SPEED    28   HIGHEST WIND DIRECTION     W (280)
  HIGHEST GUST SPEED    34   HIGHEST GUST DIRECTION     W (280)
  AVERAGE WIND SPEED     9.0


SKY COVER
  AVERAGE SKY COVER 0.9


WEATHER CONDITIONS
 THE FOLLOWING WEATHER WAS RECORDED YESTERDAY.
  THUNDERSTORM
  HEAVY RAIN
  RAIN
  LIGHT RAIN
  FOG


RELATIVE HUMIDITY (PERCENT)
 HIGHEST    96           800 PM
 LOWEST     78           100 PM
 AVERAGE    87

..........................................................


THE SPRINGFIELD MO CLIMATE NORMALS FOR TODAY
                         NORMAL    RECORD    YEAR
 MAXIMUM TEMPERATURE (F)   61        86      1963
                                             1895
 MINIMUM TEMPERATURE (F)   39        19      1899


SUNRISE AND SUNSET
MARCH 28 2017.........SUNRISE   705 AM CDT   SUNSET   733 PM CDT
MARCH 29 2017.........SUNRISE   703 AM CDT   SUNSET   734 PM CDT


-  INDICATES NEGATIVE NUMBERS.
R  INDICATES RECORD WAS SET OR TIED.
MM INDICATES DATA IS MISSING.
T  INDICATES TRACE AMOUNT.




$$
