000
CDUS43 KSGF 240714
CLISGF


CLIMATE REPORT
NATIONAL WEATHER SERVICE SPRINGFIELD MO
213 AM CDT SAT SEP 24 2016


...................................

...THE SPRINGFIELD MO CLIMATE SUMMARY FOR SEPTEMBER 23 2016...

CLIMATE NORMAL PERIOD 1981 TO 2010
CLIMATE RECORD PERIOD 1888 TO 2016


WEATHER ITEM   OBSERVED TIME   RECORD YEAR NORMAL DEPARTURE LAST
                VALUE   (LST)  VALUE       VALUE  FROM      YEAR
                                                  NORMAL
..................................................................
TEMPERATURE (F)
 YESTERDAY
  MAXIMUM         88    312 PM  92    1960  77     11       85
                                      1939
  MINIMUM         65    623 AM  35    1989  55     10       62
                                      1983
  AVERAGE         77                        66     11       74

PRECIPITATION (IN)
  YESTERDAY        0.00          1.80 1996   0.15  -0.15     0.00
  MONTH TO DATE    3.70                      3.56   0.14     4.05
  SINCE SEP 1      3.70                      3.56   0.14     4.05
  SINCE JAN 1     29.32                     33.67  -4.35    39.57

SNOWFALL (IN)
  YESTERDAY        0.0
  MONTH TO DATE    0.0
  SINCE SEP 1      0.0
  SINCE JUL 1      0.0
  SNOW DEPTH       0

DEGREE DAYS
 HEATING
  YESTERDAY        0                         3     -3        0
  MONTH TO DATE    0                        26    -26        9
  SINCE SEP 1      0                        26    -26        9
  SINCE JUL 1      0                        28    -28       12

 COOLING
  YESTERDAY       12                         4      8        9
  MONTH TO DATE  243                       152     91      219
  SINCE SEP 1    243                       152     91      219
  SINCE JAN 1   1675                      1338    337     1488
..................................................................


WIND (MPH)
  HIGHEST WIND SPEED    13   HIGHEST WIND DIRECTION    SE (140)
  HIGHEST GUST SPEED    17   HIGHEST GUST DIRECTION     S (190)
  AVERAGE WIND SPEED     6.6


SKY COVER
  AVERAGE SKY COVER 0.0


WEATHER CONDITIONS
 THE FOLLOWING WEATHER WAS RECORDED YESTERDAY.
  NO SIGNIFICANT WEATHER WAS OBSERVED.


RELATIVE HUMIDITY (PERCENT)
 HIGHEST    87           500 AM
 LOWEST     39           400 PM
 AVERAGE    63

..........................................................


THE SPRINGFIELD MO CLIMATE NORMALS FOR TODAY
                         NORMAL    RECORD    YEAR
 MAXIMUM TEMPERATURE (F)   77        92      1939
 MINIMUM TEMPERATURE (F)   54        32      1989


SUNRISE AND SUNSET
SEPTEMBER 24 2016.....SUNRISE   703 AM CDT   SUNSET   707 PM CDT
SEPTEMBER 25 2016.....SUNRISE   704 AM CDT   SUNSET   705 PM CDT


-  INDICATES NEGATIVE NUMBERS.
R  INDICATES RECORD WAS SET OR TIED.
MM INDICATES DATA IS MISSING.
T  INDICATES TRACE AMOUNT.




$$
