000
CDUS43 KSGF 152326
CLISGF


CLIMATE REPORT
NATIONAL WEATHER SERVICE SPRINGFIELD MO
526 PM CST WED FEB 15 2017


...................................

...THE SPRINGFIELD MO CLIMATE SUMMARY FOR FEBRUARY 15 2017...
VALID TODAY AS OF 0500 PM LOCAL TIME.

CLIMATE NORMAL PERIOD 1981 TO 2010
CLIMATE RECORD PERIOD 1888 TO 2017


WEATHER ITEM   OBSERVED TIME   RECORD YEAR NORMAL DEPARTURE LAST
                VALUE   (LST)  VALUE       VALUE  FROM      YEAR
                                                  NORMAL
..................................................................
TEMPERATURE (F)
 TODAY
  MAXIMUM         51    340 PM  76    1911  48      3       57
  MINIMUM         31    736 AM  -5    1905  26      5       29
  AVERAGE         41                        37      4       43

PRECIPITATION (IN)
  TODAY            0.00          1.17 1903   0.08  -0.08      T
  MONTH TO DATE    0.15                      1.24  -1.09     0.05
  SINCE DEC 1      4.84                      6.75  -1.91    12.40
  SINCE JAN 1      4.22                      3.71   0.51     0.97

SNOWFALL (IN)
  TODAY            0.0
  MONTH TO DATE    0.0
  SINCE DEC 1      1.7
  SINCE JUL 1      1.7
  SNOW DEPTH       0

DEGREE DAYS
 HEATING
  TODAY           24                        28     -4       22
  MONTH TO DATE  331                       445   -114      427
  SINCE DEC 1   2025                      2379   -354     2021
  SINCE JUL 1   2541                      3258   -717     2666

 COOLING
  TODAY            0                         0      0        0
  MONTH TO DATE    3                         0      3        0
  SINCE DEC 1      3                         0      3        0
  SINCE JAN 1      3                         0      3        0
..................................................................


WIND (MPH)
  HIGHEST WIND SPEED    20   HIGHEST WIND DIRECTION     N (350)
  HIGHEST GUST SPEED    24   HIGHEST GUST DIRECTION     N (350)


SKY COVER
  AVERAGE SKY COVER 0.0


WEATHER CONDITIONS
 THE FOLLOWING WEATHER WAS RECORDED TODAY.
  NO SIGNIFICANT WEATHER WAS OBSERVED.


RELATIVE HUMIDITY (PERCENT)
 HIGHEST    78           700 AM
 LOWEST     24           400 PM
 AVERAGE    51

..........................................................


THE SPRINGFIELD MO CLIMATE NORMALS FOR TOMORROW
                         NORMAL    RECORD    YEAR
 MAXIMUM TEMPERATURE (F)   49        75      1976
 MINIMUM TEMPERATURE (F)   26        -1      1958


SUNRISE AND SUNSET
FEBRUARY 15 2017......SUNRISE   702 AM CST   SUNSET   554 PM CST
FEBRUARY 16 2017......SUNRISE   701 AM CST   SUNSET   555 PM CST


-  INDICATES NEGATIVE NUMBERS.
R  INDICATES RECORD WAS SET OR TIED.
MM INDICATES DATA IS MISSING.
T  INDICATES TRACE AMOUNT.




$$
