000
CDUS43 KSGF 290626
CLISGF


CLIMATE REPORT
NATIONAL WEATHER SERVICE SPRINGFIELD MO
126 AM CDT MON SEP 29 2014


...................................

...THE SPRINGFIELD MO CLIMATE SUMMARY FOR SEPTEMBER 28 2014...

CLIMATE NORMAL PERIOD 1981 TO 2010
CLIMATE RECORD PERIOD 1888 TO 2014


WEATHER ITEM   OBSERVED TIME   RECORD YEAR NORMAL DEPARTURE LAST
                VALUE   (LST)  VALUE       VALUE  FROM      YEAR
                                                  NORMAL
..................................................................
TEMPERATURE (F)
 YESTERDAY
  MAXIMUM         84    318 PM 101    1953  75      9       76
  MINIMUM         58    546 AM  35    1967  52      6       59
  AVERAGE         71                        64      7       68

PRECIPITATION (IN)
  YESTERDAY        0.00          2.11 1906   0.15  -0.15     0.33
  MONTH TO DATE    5.00                      4.33   0.67     2.18
  SINCE SEP 1      5.00                      4.33   0.67     2.18
  SINCE JAN 1     26.97                     34.44  -7.47    40.33

SNOWFALL (IN)
  YESTERDAY        0.0
  MONTH TO DATE    0.0
  SINCE SEP 1      0.0
  SINCE JUL 1      0.0
  SNOW DEPTH       0

DEGREE DAYS
 HEATING
  YESTERDAY        0                         4     -4        0
  MONTH TO DATE   31                        44    -13       13
  SINCE SEP 1     31                        44    -13       13
  SINCE JUL 1     31                        46    -15       13

 COOLING
  YESTERDAY        6                         3      3        3
  MONTH TO DATE  164                       167     -3      229
  SINCE SEP 1    164                       167     -3      229
  SINCE JAN 1   1410                      1353     57     1372
..................................................................


WIND (MPH)
  HIGHEST WIND SPEED    10   HIGHEST WIND DIRECTION     E (70)
  HIGHEST GUST SPEED    12   HIGHEST GUST DIRECTION     E (70)
  AVERAGE WIND SPEED     2.7


SKY COVER
  AVERAGE SKY COVER 0.4


WEATHER CONDITIONS
 THE FOLLOWING WEATHER WAS RECORDED YESTERDAY.
  FOG


RELATIVE HUMIDITY (PERCENT)
 HIGHEST    93           600 AM
 LOWEST     49          1100 AM
 AVERAGE    71

..........................................................


THE SPRINGFIELD MO CLIMATE NORMALS FOR TODAY
                         NORMAL    RECORD    YEAR
 MAXIMUM TEMPERATURE (F)   75        98      1953
 MINIMUM TEMPERATURE (F)   52        33      1967


SUNRISE AND SUNSET
SEPTEMBER 29 2014.....SUNRISE   707 AM CDT   SUNSET   700 PM CDT
SEPTEMBER 30 2014.....SUNRISE   708 AM CDT   SUNSET   658 PM CDT


-  INDICATES NEGATIVE NUMBERS.
R  INDICATES RECORD WAS SET OR TIED.
MM INDICATES DATA IS MISSING.
T  INDICATES TRACE AMOUNT.




$$
