000
CDUS43 KSGF 230645
CLISGF


CLIMATE REPORT
NATIONAL WEATHER SERVICE SPRINGFIELD MO
145 AM CDT FRI JUN 23 2017


...................................

...THE SPRINGFIELD MO CLIMATE SUMMARY FOR JUNE 22 2017...

CLIMATE NORMAL PERIOD 1981 TO 2010
CLIMATE RECORD PERIOD 1888 TO 2017


WEATHER ITEM   OBSERVED TIME   RECORD YEAR NORMAL DEPARTURE LAST
                VALUE   (LST)  VALUE       VALUE  FROM      YEAR
                                                  NORMAL
..................................................................
TEMPERATURE (F)
 YESTERDAY
  MAXIMUM         86    549 PM  96    2016  86      0       96
  MINIMUM         69    147 AM  49    1972  65      4       72
  AVERAGE         78                        75      3       84

PRECIPITATION (IN)
  YESTERDAY        0.00          1.67 1980   0.17  -0.17     0.00
  MONTH TO DATE    1.46                      3.59  -2.13     1.40
  SINCE JUN 1      1.46                      3.59  -2.13     1.40
  SINCE JAN 1     30.16                     21.62   8.54    12.65

SNOWFALL (IN)
  YESTERDAY        0.0
  MONTH TO DATE    0.0
  SINCE JUN 1      0.0
  SINCE JUL 1      1.8
  SNOW DEPTH       0

DEGREE DAYS
 HEATING
  YESTERDAY        0                         0      0        0
  MONTH TO DATE    0                         7     -7        0
  SINCE JUN 1      0                         7     -7        0
  SINCE JUL 1   3355                      4576  -1221     3629

 COOLING
  YESTERDAY       13                        10      3       19
  MONTH TO DATE  209                       174     35      275
  SINCE JUN 1    209                       174     35      275
  SINCE JAN 1    357                       289     68      395
..................................................................


WIND (MPH)
  HIGHEST WIND SPEED    18   HIGHEST WIND DIRECTION    SE (140)
  HIGHEST GUST SPEED    22   HIGHEST GUST DIRECTION    SE (150)
  AVERAGE WIND SPEED    10.2


SKY COVER
  AVERAGE SKY COVER 0.6


WEATHER CONDITIONS
 THE FOLLOWING WEATHER WAS RECORDED YESTERDAY.
  NO SIGNIFICANT WEATHER WAS OBSERVED.


RELATIVE HUMIDITY (PERCENT)
 HIGHEST    93           500 AM
 LOWEST     65           400 PM
 AVERAGE    79

..........................................................


THE SPRINGFIELD MO CLIMATE NORMALS FOR TODAY
                         NORMAL    RECORD    YEAR
 MAXIMUM TEMPERATURE (F)   86        98      1934
                                             1933
 MINIMUM TEMPERATURE (F)   65        49      2004


SUNRISE AND SUNSET
JUNE 23 2017..........SUNRISE   554 AM CDT   SUNSET   838 PM CDT
JUNE 24 2017..........SUNRISE   554 AM CDT   SUNSET   838 PM CDT


-  INDICATES NEGATIVE NUMBERS.
R  INDICATES RECORD WAS SET OR TIED.
MM INDICATES DATA IS MISSING.
T  INDICATES TRACE AMOUNT.




$$
