000
CDUS43 KSGF 230629
CLISGF


CLIMATE REPORT
NATIONAL WEATHER SERVICE SPRINGFIELD MO
1229 AM CST TUE DEC 23 2014


...................................

...THE SPRINGFIELD MO CLIMATE SUMMARY FOR DECEMBER 22 2014...

CLIMATE NORMAL PERIOD 1981 TO 2010
CLIMATE RECORD PERIOD 1888 TO 2014


WEATHER ITEM   OBSERVED TIME   RECORD YEAR NORMAL DEPARTURE LAST
                VALUE   (LST)  VALUE       VALUE  FROM      YEAR
                                                  NORMAL
..................................................................
TEMPERATURE (F)
 YESTERDAY
  MAXIMUM         49    613 PM  69    1982  43      6       34
  MINIMUM         37   1159 PM -15    1989  24     13       24
  AVERAGE         43                        34      9       29

PRECIPITATION (IN)
  YESTERDAY        0.29          1.51 1941   0.10   0.19      T
  MONTH TO DATE    1.61                      2.27  -0.66     2.55
  SINCE DEC 1      1.61                      2.27  -0.66     2.55
  SINCE JAN 1     38.43                     44.80  -6.37    51.83

SNOWFALL (IN)
  YESTERDAY        0.0
  MONTH TO DATE    0.5
  SINCE DEC 1      0.5
  SINCE JUL 1      2.2
  SNOW DEPTH       0

DEGREE DAYS
 HEATING
  YESTERDAY       22                        32    -10       36
  MONTH TO DATE  548                       644    -96      681
  SINCE DEC 1    548                       644    -96      681
  SINCE JUL 1   1498                      1523    -25     1618

 COOLING
  YESTERDAY        0                         0      0        0
  MONTH TO DATE    0                         0      0        0
  SINCE DEC 1      0                         0      0        0
  SINCE JAN 1   1470                      1389     81     1417
..................................................................


WIND (MPH)
  HIGHEST WIND SPEED    21   HIGHEST WIND DIRECTION    SE (140)
  HIGHEST GUST SPEED    26   HIGHEST GUST DIRECTION    SE (130)
  AVERAGE WIND SPEED    11.6


SKY COVER
  AVERAGE SKY COVER 0.9


WEATHER CONDITIONS
 THE FOLLOWING WEATHER WAS RECORDED YESTERDAY.
  RAIN
  LIGHT RAIN
  FOG


RELATIVE HUMIDITY (PERCENT)
 HIGHEST    93           100 PM
 LOWEST     76          1200 AM
 AVERAGE    85

..........................................................


THE SPRINGFIELD MO CLIMATE NORMALS FOR TODAY
                         NORMAL    RECORD    YEAR
 MAXIMUM TEMPERATURE (F)   43        72      1982
                                             1964
 MINIMUM TEMPERATURE (F)   24       -16      1989


SUNRISE AND SUNSET
DECEMBER 23 2014......SUNRISE   725 AM CST   SUNSET   501 PM CST
DECEMBER 24 2014......SUNRISE   725 AM CST   SUNSET   501 PM CST


-  INDICATES NEGATIVE NUMBERS.
R  INDICATES RECORD WAS SET OR TIED.
MM INDICATES DATA IS MISSING.
T  INDICATES TRACE AMOUNT.




$$
